{"id":7685,"date":"2021-12-21T06:04:00","date_gmt":"2021-12-21T05:04:00","guid":{"rendered":"https:\/\/kastela.hr\/en\/obavijest\/javni-poziv-za-financiranje-programa-i-projekata-iz-podrucja-socijalne-skrbi-zdravstvene-zastite-i-udruga-proisteklih-iz-domovinskog-rata-koji-su-od-javnog-interesa-za-grad-kastela-u-2022-godini\/"},"modified":"2021-12-21T06:04:00","modified_gmt":"2021-12-21T05:04:00","slug":"javni-poziv-za-financiranje-programa-i-projekata-iz-podrucja-socijalne-skrbi-zdravstvene-zastite-i-udruga-proisteklih-iz-domovinskog-rata-koji-su-od-javnog-interesa-za-grad-kastela-u-2022-godini","status":"publish","type":"obavijest","link":"https:\/\/kastela.hr\/en\/obavijest\/javni-poziv-za-financiranje-programa-i-projekata-iz-podrucja-socijalne-skrbi-zdravstvene-zastite-i-udruga-proisteklih-iz-domovinskog-rata-koji-su-od-javnog-interesa-za-grad-kastela-u-2022-godini\/","title":{"rendered":"Javni poziv za financiranje programa i projekata iz podru\u010dja socijalne skrbi, zdravstvene za\u0161tite i udruga proisteklih iz Domovinskog rata koji su od javnog interesa za Grad Ka\u0161tela u 2022. godini"},"content":{"rendered":"<p class=\"MsoBodyText\"><strong><span style=\"font-weight:normal\">Grad Ka\u0161tela objavljuje Javni poziv <\/span><\/strong>za financiranje programa i projekata iz podru\u010dja socijalne skrbi, &nbsp;zdravstvene za\u0161tite i udruga proisteklih iz Domovinskog rata koji su od javnog interesa za Grad Ka\u0161tela u 2022. godini<\/p>\n<p>Predmet ovog Javnog poziva je prikupljanje prijava programa i projekata iz podru\u010dja socijalne skrbi i zdravstvene za\u0161tite te djelatnosti udruga proisteklih iz Domovinskog rata na podru\u010dju grada Ka\u0161tela<b>&nbsp; <\/b>(u daljnjem tekstu: Grad )&nbsp; u 2022. godini koji su od javnog interesa za Grad Ka\u0161tela.<\/p>\n<p>Grad \u0107e u 2022. godini dodatno sufinancirati provedbu programa\/projekata iz sljede\u0107ih podru\u010dja:<\/p>\n<ol>\n<li style=\"text-align:justify\"><span style=\"tab-stops:list 36.0pt\">Socijalna skrb<\/span><\/li>\n<li style=\"text-align:justify\"><span style=\"tab-stops:list 36.0pt\">Zdravstvena za\u0161tita i unapre\u0111enje zdravlja<\/span><\/li>\n<li><span style=\"tab-stops:list 36.0pt\">Socijalna i pravna za\u0161tita hrvatskih branitelja iz Domovinskog rata i \u010dlanova njihovih obitelji<\/span><\/li>\n<\/ol>\n<p>Za financiranje projekata i programa u okviru ovog Javnog poziva planiran je iznos od&nbsp; 1.620.000,00 kuna.<\/p>\n<p>Ukupno planirana&nbsp; sredstva u podru\u010dju&nbsp;&nbsp; socijalne skrbi su 700.000,00 kn.<\/p>\n<p>Ukupno planirana&nbsp; sredstva u podru\u010dju zdravstvene za\u0161tite i unapre\u0111enja zdravlja su 300.000,00 kn.<\/p>\n<p>Ukupno planirana&nbsp; sredstva u podru\u010dju socijalna i pravna za\u0161tita hrvatskih branitelja iz Domovinskog rata i \u010dlanova njihovih obitelji su 620.000,00 kn.<\/p>\n<p>Pravo sudjelovanja na Javnom pozivu imaju udruge gra\u0111ana koje obavljaju djelatnost iz podru\u010dja navedenih u glavi II. te pravne ili fizi\u010dke osobe koje obavljaju djelatnost iz podru\u010dja socijalne skrbi.<\/p>\n<p>Prijava programa\/projekata treba biti izra\u0111ena sukladno odredbama dokumentacije za provedbu Javnog poziva.<\/p>\n<p>Prijave se podnose isklju\u010divo na obrascima koji su zajedno s Uputama za prijavitelje dostupni na mre\u017enim stranicama <a href=\"http:\/\/www.kastela.hr\/\">www.kastela.hr<\/a>&nbsp;&nbsp;<\/p>\n<p>Natje\u010dajnu dokumentaciju potrebno je poslati po\u0161tom, preko dostavlja\u010da ili osobno u Pisarnicu na adresu: Grad Ka\u0161tela, Upravni odjel za dru\u0161tvene djelatnosti i zajedni\u010dke poslove, Bra\u0107e Radi\u0107 1. , 21 212 Ka\u0161tel Su\u0107urac.<\/p>\n<p>Javni poziv je otvoren <b>od<\/b> <b>21. prosinca 2021. do 21. sije\u010dnja 2022.<\/b><\/p>\n<p>Prijave koje nisu napisane ra\u010dunalom na odgovaraju\u0107em obrascu, potpisane od ovla\u0161tene osobe i dostavljene u tiskanom obliku u navedenom roku, kao i one kojima nedostaje neki od tra\u017eenih priloga (obrazaca) ne\u0107e se razmatrati.<\/p>\n<p>Pitanja vezana uz ovaj Javni poziv mogu se postaviti isklju\u010divo elektroni\u010dkim putem, slanjem upita na adresu <a href=\"mailto:darko.opacak@kastela.hr\">darko.opacak@kastela.hr<\/a> <span style=\"background:white\">.<\/span><\/p>\n<p>&nbsp;<\/p>\n<p>&nbsp;<\/p>\n","protected":false},"featured_media":3250,"parent":0,"template":"","meta":{"_acf_changed":false},"obavijesti_tax":[],"class_list":["post-7685","obavijest","type-obavijest","status-publish","has-post-thumbnail","hentry"],"acf":[],"_links":{"self":[{"href":"https:\/\/kastela.hr\/en\/wp-json\/wp\/v2\/obavijest\/7685","targetHints":{"allow":["GET"]}}],"collection":[{"href":"https:\/\/kastela.hr\/en\/wp-json\/wp\/v2\/obavijest"}],"about":[{"href":"https:\/\/kastela.hr\/en\/wp-json\/wp\/v2\/types\/obavijest"}],"wp:featuredmedia":[{"embeddable":true,"href":"https:\/\/kastela.hr\/en\/wp-json\/wp\/v2\/media\/3250"}],"wp:attachment":[{"href":"https:\/\/kastela.hr\/en\/wp-json\/wp\/v2\/media?parent=7685"}],"wp:term":[{"taxonomy":"obavijesti_tax","embeddable":true,"href":"https:\/\/kastela.hr\/en\/wp-json\/wp\/v2\/obavijesti_tax?post=7685"}],"curies":[{"name":"wp","href":"https:\/\/api.w.org\/{rel}","templated":true}]}}

Javni poziv za financiranje programa i projekata iz područja socijalne skrbi, zdravstvene zaštite i udruga proisteklih iz Domovinskog rata koji su od javnog interesa za Grad Kaštela u 2022. godini

<p class="MsoBodyText"><strong><span style="font-weight:normal">Grad Kaštela objavljuje Javni poziv </span></strong>za financiranje programa i projekata iz područja socijalne skrbi, &nbsp;zdravstvene zaštite i udruga proisteklih iz Domovinskog rata koji su od javnog interesa za Grad Kaštela u 2022. godini</p>
<p>Predmet ovog Javnog poziva je prikupljanje prijava programa i projekata iz područja socijalne skrbi i zdravstvene zaštite te djelatnosti udruga proisteklih iz Domovinskog rata na području grada Kaštela<b>&nbsp; </b>(u daljnjem tekstu: Grad )&nbsp; u 2022. godini koji su od javnog interesa za Grad Kaštela.</p>
<p>Grad će u 2022. godini dodatno sufinancirati provedbu programa/projekata iz sljedećih područja:</p>
<ol>
<li style="text-align:justify"><span style="tab-stops:list 36.0pt">Socijalna skrb</span></li>
<li style="text-align:justify"><span style="tab-stops:list 36.0pt">Zdravstvena zaštita i unapređenje zdravlja</span></li>
<li><span style="tab-stops:list 36.0pt">Socijalna i pravna zaštita hrvatskih branitelja iz Domovinskog rata i članova njihovih obitelji</span></li>
</ol>
<p>Za financiranje projekata i programa u okviru ovog Javnog poziva planiran je iznos od&nbsp; 1.620.000,00 kuna.</p>
<p>Ukupno planirana&nbsp; sredstva u području&nbsp;&nbsp; socijalne skrbi su 700.000,00 kn.</p>
<p>Ukupno planirana&nbsp; sredstva u području zdravstvene zaštite i unapređenja zdravlja su 300.000,00 kn.</p>
<p>Ukupno planirana&nbsp; sredstva u području socijalna i pravna zaštita hrvatskih branitelja iz Domovinskog rata i članova njihovih obitelji su 620.000,00 kn.</p>
<p>Pravo sudjelovanja na Javnom pozivu imaju udruge građana koje obavljaju djelatnost iz područja navedenih u glavi II. te pravne ili fizičke osobe koje obavljaju djelatnost iz područja socijalne skrbi.</p>
<p>Prijava programa/projekata treba biti izrađena sukladno odredbama dokumentacije za provedbu Javnog poziva.</p>
<p>Prijave se podnose isključivo na obrascima koji su zajedno s Uputama za prijavitelje dostupni na mrežnim stranicama <a href="http://www.kastela.hr/">www.kastela.hr</a>&nbsp;&nbsp;</p>
<p>Natječajnu dokumentaciju potrebno je poslati poštom, preko dostavljača ili osobno u Pisarnicu na adresu: Grad Kaštela, Upravni odjel za društvene djelatnosti i zajedničke poslove, Braće Radić 1. , 21 212 Kaštel Sućurac.</p>
<p>Javni poziv je otvoren <b>od</b> <b>21. prosinca 2021. do 21. siječnja 2022.</b></p>
<p>Prijave koje nisu napisane računalom na odgovarajućem obrascu, potpisane od ovlaštene osobe i dostavljene u tiskanom obliku u navedenom roku, kao i one kojima nedostaje neki od traženih priloga (obrazaca) neće se razmatrati.</p>
<p>Pitanja vezana uz ovaj Javni poziv mogu se postaviti isključivo elektroničkim putem, slanjem upita na adresu <a href="mailto:darko.opacak@kastela.hr">darko.opacak@kastela.hr</a> <span style="background:white">.</span></p>
<p>&nbsp;</p>
<p>&nbsp;</p>
