{"id":7684,"date":"2022-01-24T06:00:00","date_gmt":"2022-01-24T05:00:00","guid":{"rendered":"https:\/\/kastela.hr\/en\/obavijest\/obavijest-gradanima-strankama-o-dolasku-u-zgradu-gradske-uprave-kastela\/"},"modified":"2022-01-24T06:00:00","modified_gmt":"2022-01-24T05:00:00","slug":"obavijest-gradanima-strankama-o-dolasku-u-zgradu-gradske-uprave-kastela","status":"publish","type":"obavijest","link":"https:\/\/kastela.hr\/en\/obavijest\/obavijest-gradanima-strankama-o-dolasku-u-zgradu-gradske-uprave-kastela\/","title":{"rendered":"Obavijest gra\u0111anima \/ strankama o dolasku u zgradu Gradske uprave Ka\u0161tela"},"content":{"rendered":"<p style=\"margin-bottom:11px\">S obzirom na trenutnu epidemiolo\u0161ku situaciju i visoke brojke novozara\u017eenih koronavirusom na podru\u010dju grada Ka\u0161tela i Splitsko &ndash; dalmatinske \u017eupanije, Grad Ka\u0161tela obavje\u0161tava gra\u0111ane \/ stranke da dolazak u zgradu Gradske uprave u Ka\u0161tel Su\u0107urcu ne\u0107e biti mogu\u0107 do 31. sije\u010dnja 2022.<\/p>\n<p style=\"margin-bottom:11px\">Kontakt s gradskim slu\u017ebenicima mogu\u0107 je e-mailom ili telefonski, a u slu\u010daju da je dolazak neophodan, prethodno je potrebno najaviti dolazak i dogovoriti se s nadle\u017enim slu\u017ebenikom, uz predo\u010denje potrebnih isprava.<\/p>\n<p style=\"margin-bottom:11px\">Kontakti slu\u017ebenika nalaze se na slu\u017ebenoj stranici Grada Ka\u0161tela.<\/p>\n<p style=\"margin-bottom:11px\">&nbsp;<\/p>\n<p style=\"margin-bottom:11px\">&nbsp;<\/p>\n","protected":false},"featured_media":3241,"parent":0,"template":"","meta":{"_acf_changed":false},"obavijesti_tax":[],"class_list":["post-7684","obavijest","type-obavijest","status-publish","has-post-thumbnail","hentry"],"acf":[],"_links":{"self":[{"href":"https:\/\/kastela.hr\/en\/wp-json\/wp\/v2\/obavijest\/7684","targetHints":{"allow":["GET"]}}],"collection":[{"href":"https:\/\/kastela.hr\/en\/wp-json\/wp\/v2\/obavijest"}],"about":[{"href":"https:\/\/kastela.hr\/en\/wp-json\/wp\/v2\/types\/obavijest"}],"wp:featuredmedia":[{"embeddable":true,"href":"https:\/\/kastela.hr\/en\/wp-json\/wp\/v2\/media\/3241"}],"wp:attachment":[{"href":"https:\/\/kastela.hr\/en\/wp-json\/wp\/v2\/media?parent=7684"}],"wp:term":[{"taxonomy":"obavijesti_tax","embeddable":true,"href":"https:\/\/kastela.hr\/en\/wp-json\/wp\/v2\/obavijesti_tax?post=7684"}],"curies":[{"name":"wp","href":"https:\/\/api.w.org\/{rel}","templated":true}]}}

Obavijest građanima / strankama o dolasku u zgradu Gradske uprave Kaštela

<p style="margin-bottom:11px">S obzirom na trenutnu epidemiološku situaciju i visoke brojke novozaraženih koronavirusom na području grada Kaštela i Splitsko &ndash; dalmatinske županije, Grad Kaštela obavještava građane / stranke da dolazak u zgradu Gradske uprave u Kaštel Sućurcu neće biti moguć do 31. siječnja 2022.</p>
<p style="margin-bottom:11px">Kontakt s gradskim službenicima moguć je e-mailom ili telefonski, a u slučaju da je dolazak neophodan, prethodno je potrebno najaviti dolazak i dogovoriti se s nadležnim službenikom, uz predočenje potrebnih isprava.</p>
<p style="margin-bottom:11px">Kontakti službenika nalaze se na službenoj stranici Grada Kaštela.</p>
<p style="margin-bottom:11px">&nbsp;</p>
<p style="margin-bottom:11px">&nbsp;</p>
