{"id":7679,"date":"2022-02-28T10:49:00","date_gmt":"2022-02-28T09:49:00","guid":{"rendered":"https:\/\/kastela.hr\/en\/obavijest\/pocetak-izvodenja-radova-preventivne-deratizacije\/"},"modified":"2022-02-28T10:49:00","modified_gmt":"2022-02-28T09:49:00","slug":"pocetak-izvodenja-radova-preventivne-deratizacije","status":"publish","type":"obavijest","link":"https:\/\/kastela.hr\/en\/obavijest\/pocetak-izvodenja-radova-preventivne-deratizacije\/","title":{"rendered":"Po\u010detak izvo\u0111enja radova preventivne deratizacije"},"content":{"rendered":"<p>Obavijest gra\u0111anima grada Ka\u0161tela iz &quot;Cian&quot; d.o.o.,&nbsp; Split:<\/p>\n<p>&quot;Obavje\u0161tavamo Vas o <strong>po\u010detku izvo\u0111enja radova sustavne preventivne deratizacije<\/strong> dana <strong>01. o\u017eujka 2022<\/strong>. g. Tom prilikom \u0107e biti postavljeni parafinizirani mamci, zatrovani antikoagulantima, u stambene i druge objekte te okoli\u0161. Svojom \u0107ete suradnjom znatno doprinijeti uspjehu radova stoga osobito molimo:<\/p>\n<p>&#8211; omogu\u0107ite na\u0161im djelatnicima nesmetan i siguran pristup u objekte i dvori\u0161ta,<\/p>\n<p>&#8211; onemogu\u0107ite djeci i doma\u0107im \u017eivotinjama pristup zatrovanim mamcima,<\/p>\n<p>&#8211; ne dirajte i ne premje\u0161tajte zatrovane mamce,<\/p>\n<p>&#8211; u slu\u010daju trovanja obavezno i hitno se javite de\u017eurnoj zdravstvenoj i (ili) veterinarskoj slu\u017ebi,<\/p>\n<p>&#8211; protuotrov je vitamin K1.<\/p>\n<p>Za susretljivost i suradnju zahvaljujemo!!!&quot;<\/p>\n","protected":false},"featured_media":7680,"parent":0,"template":"","meta":{"_acf_changed":false},"obavijesti_tax":[],"class_list":["post-7679","obavijest","type-obavijest","status-publish","has-post-thumbnail","hentry"],"acf":[],"_links":{"self":[{"href":"https:\/\/kastela.hr\/en\/wp-json\/wp\/v2\/obavijest\/7679","targetHints":{"allow":["GET"]}}],"collection":[{"href":"https:\/\/kastela.hr\/en\/wp-json\/wp\/v2\/obavijest"}],"about":[{"href":"https:\/\/kastela.hr\/en\/wp-json\/wp\/v2\/types\/obavijest"}],"wp:featuredmedia":[{"embeddable":true,"href":"https:\/\/kastela.hr\/en\/wp-json\/wp\/v2\/media\/7680"}],"wp:attachment":[{"href":"https:\/\/kastela.hr\/en\/wp-json\/wp\/v2\/media?parent=7679"}],"wp:term":[{"taxonomy":"obavijesti_tax","embeddable":true,"href":"https:\/\/kastela.hr\/en\/wp-json\/wp\/v2\/obavijesti_tax?post=7679"}],"curies":[{"name":"wp","href":"https:\/\/api.w.org\/{rel}","templated":true}]}}

Početak izvođenja radova preventivne deratizacije

<p>Obavijest građanima grada Kaštela iz &quot;Cian&quot; d.o.o.,&nbsp; Split:</p>
<p>&quot;Obavještavamo Vas o <strong>početku izvođenja radova sustavne preventivne deratizacije</strong> dana <strong>01. ožujka 2022</strong>. g. Tom prilikom će biti postavljeni parafinizirani mamci, zatrovani antikoagulantima, u stambene i druge objekte te okoliš. Svojom ćete suradnjom znatno doprinijeti uspjehu radova stoga osobito molimo:</p>
<p>&#8211; omogućite našim djelatnicima nesmetan i siguran pristup u objekte i dvorišta,</p>
<p>&#8211; onemogućite djeci i domaćim životinjama pristup zatrovanim mamcima,</p>
<p>&#8211; ne dirajte i ne premještajte zatrovane mamce,</p>
<p>&#8211; u slučaju trovanja obavezno i hitno se javite dežurnoj zdravstvenoj i (ili) veterinarskoj službi,</p>
<p>&#8211; protuotrov je vitamin K1.</p>
<p>Za susretljivost i suradnju zahvaljujemo!!!&quot;</p>
