{"id":7676,"date":"2022-03-07T12:58:00","date_gmt":"2022-03-07T11:58:00","guid":{"rendered":"https:\/\/kastela.hr\/en\/obavijest\/izvodenje-radova-na-izgradnji-vodoopskrbe-i-odvodnje-u-ulici-satnije-putalj-u-kastel-sucurcu\/"},"modified":"2022-03-07T12:58:00","modified_gmt":"2022-03-07T11:58:00","slug":"izvodenje-radova-na-izgradnji-vodoopskrbe-i-odvodnje-u-ulici-satnije-putalj-u-kastel-sucurcu","status":"publish","type":"obavijest","link":"https:\/\/kastela.hr\/en\/obavijest\/izvodenje-radova-na-izgradnji-vodoopskrbe-i-odvodnje-u-ulici-satnije-putalj-u-kastel-sucurcu\/","title":{"rendered":"Izvo\u0111enje radova na izgradnji vodoopskrbe i odvodnje u ulici Satnije Putalj u Ka\u0161tel Su\u0107urcu"},"content":{"rendered":"<p>Obavje\u0161tavamo Vas da \u0107e od 10.03.2022.(\u010detvrtak) zapo\u010deti pripremni radovi na Izvo\u0111enju radova na izgradnji vodoopskrbe i odvodnje u ulici Satnije Putalj u Ka\u0161tel Su\u0107urcu (formiranje gradili\u0161ta, postavljanje privremene regulacije prometa). Od 14.03.2022.zapo\u010dinju sami radovi na izgradnji vodoopskrbe i odvodnje. Za vrijeme izvo\u0111enja radova uspostaviti \u0107e se privremena regulacija prometa te molimo sve sudionike u prometu da se pridr\u017eavaju iste u periodu izvo\u0111enja radova.<\/p>\n<p>Planirani rok izvo\u0111enja radova je 4 mjeseca.<\/p>\n","protected":false},"featured_media":7677,"parent":0,"template":"","meta":{"_acf_changed":false},"obavijesti_tax":[],"class_list":["post-7676","obavijest","type-obavijest","status-publish","has-post-thumbnail","hentry"],"acf":[],"_links":{"self":[{"href":"https:\/\/kastela.hr\/en\/wp-json\/wp\/v2\/obavijest\/7676","targetHints":{"allow":["GET"]}}],"collection":[{"href":"https:\/\/kastela.hr\/en\/wp-json\/wp\/v2\/obavijest"}],"about":[{"href":"https:\/\/kastela.hr\/en\/wp-json\/wp\/v2\/types\/obavijest"}],"wp:featuredmedia":[{"embeddable":true,"href":"https:\/\/kastela.hr\/en\/wp-json\/wp\/v2\/media\/7677"}],"wp:attachment":[{"href":"https:\/\/kastela.hr\/en\/wp-json\/wp\/v2\/media?parent=7676"}],"wp:term":[{"taxonomy":"obavijesti_tax","embeddable":true,"href":"https:\/\/kastela.hr\/en\/wp-json\/wp\/v2\/obavijesti_tax?post=7676"}],"curies":[{"name":"wp","href":"https:\/\/api.w.org\/{rel}","templated":true}]}}

Izvođenje radova na izgradnji vodoopskrbe i odvodnje u ulici Satnije Putalj u Kaštel Sućurcu

<p>Obavještavamo Vas da će od 10.03.2022.(četvrtak) započeti pripremni radovi na Izvođenju radova na izgradnji vodoopskrbe i odvodnje u ulici Satnije Putalj u Kaštel Sućurcu (formiranje gradilišta, postavljanje privremene regulacije prometa). Od 14.03.2022.započinju sami radovi na izgradnji vodoopskrbe i odvodnje. Za vrijeme izvođenja radova uspostaviti će se privremena regulacija prometa te molimo sve sudionike u prometu da se pridržavaju iste u periodu izvođenja radova.</p>
<p>Planirani rok izvođenja radova je 4 mjeseca.</p>
