{"id":7673,"date":"2022-04-01T10:55:00","date_gmt":"2022-04-01T08:55:00","guid":{"rendered":"https:\/\/kastela.hr\/en\/obavijest\/u-srijedu-pocetak-radova-u-kastel-stafilicu-ulica-augustina-casottija\/"},"modified":"2022-04-01T10:55:00","modified_gmt":"2022-04-01T08:55:00","slug":"u-srijedu-pocetak-radova-u-kastel-stafilicu-ulica-augustina-casottija","status":"publish","type":"obavijest","link":"https:\/\/kastela.hr\/en\/obavijest\/u-srijedu-pocetak-radova-u-kastel-stafilicu-ulica-augustina-casottija\/","title":{"rendered":"U srijedu po\u010detak radova u Ka\u0161tel \u0160tafili\u0107u, Ulica Augustina Casottija"},"content":{"rendered":"<p>Po\u010detak pripremnih radova na kolektoru F-7a (Ulica Augustina Casottija) u Ka\u0161tel \u0160tafili\u0107u za srijedu 6. 4. 2022. Nakon zavr\u0161etka pripremnih radova po\u010dinje iskop&nbsp;fekalne kanalizacije.<\/p>\n<p>&nbsp;<\/p>\n","protected":false},"featured_media":7674,"parent":0,"template":"","meta":{"_acf_changed":false},"obavijesti_tax":[],"class_list":["post-7673","obavijest","type-obavijest","status-publish","has-post-thumbnail","hentry"],"acf":[],"_links":{"self":[{"href":"https:\/\/kastela.hr\/en\/wp-json\/wp\/v2\/obavijest\/7673","targetHints":{"allow":["GET"]}}],"collection":[{"href":"https:\/\/kastela.hr\/en\/wp-json\/wp\/v2\/obavijest"}],"about":[{"href":"https:\/\/kastela.hr\/en\/wp-json\/wp\/v2\/types\/obavijest"}],"wp:featuredmedia":[{"embeddable":true,"href":"https:\/\/kastela.hr\/en\/wp-json\/wp\/v2\/media\/7674"}],"wp:attachment":[{"href":"https:\/\/kastela.hr\/en\/wp-json\/wp\/v2\/media?parent=7673"}],"wp:term":[{"taxonomy":"obavijesti_tax","embeddable":true,"href":"https:\/\/kastela.hr\/en\/wp-json\/wp\/v2\/obavijesti_tax?post=7673"}],"curies":[{"name":"wp","href":"https:\/\/api.w.org\/{rel}","templated":true}]}}

U srijedu početak radova u Kaštel Štafiliću, Ulica Augustina Casottija

<p>Početak pripremnih radova na kolektoru F-7a (Ulica Augustina Casottija) u Kaštel Štafiliću za srijedu 6. 4. 2022. Nakon završetka pripremnih radova počinje iskop&nbsp;fekalne kanalizacije.</p>
<p>&nbsp;</p>
