{"id":7669,"date":"2022-04-15T05:07:00","date_gmt":"2022-04-15T03:07:00","guid":{"rendered":"https:\/\/kastela.hr\/en\/obavijest\/javni-poziv-za-prijavu-kandidata-za-program-zaposljavanja-nezaposlenih-osoba-na-podrucju-kastela-u-2022-na-poslovima-ocuvanja-i-zastite-kulturne-bastine-i-poslovima-zastite-okolisa\/"},"modified":"2022-04-15T05:07:00","modified_gmt":"2022-04-15T03:07:00","slug":"javni-poziv-za-prijavu-kandidata-za-program-zaposljavanja-nezaposlenih-osoba-na-podrucju-kastela-u-2022-na-poslovima-ocuvanja-i-zastite-kulturne-bastine-i-poslovima-zastite-okolisa","status":"publish","type":"obavijest","link":"https:\/\/kastela.hr\/en\/obavijest\/javni-poziv-za-prijavu-kandidata-za-program-zaposljavanja-nezaposlenih-osoba-na-podrucju-kastela-u-2022-na-poslovima-ocuvanja-i-zastite-kulturne-bastine-i-poslovima-zastite-okolisa\/","title":{"rendered":"JAVNI POZIV  za prijavu kandidata za Program zapo\u0161ljavanja nezaposlenih osoba na podru\u010dju Ka\u0161tela u 2022. na poslovima o\u010duvanja i za\u0161tite kulturne ba\u0161tine i poslovima za\u0161tite okoli\u0161a"},"content":{"rendered":"","protected":false},"featured_media":0,"parent":0,"template":"","meta":{"_acf_changed":false},"obavijesti_tax":[],"class_list":["post-7669","obavijest","type-obavijest","status-publish","hentry"],"acf":[],"_links":{"self":[{"href":"https:\/\/kastela.hr\/en\/wp-json\/wp\/v2\/obavijest\/7669","targetHints":{"allow":["GET"]}}],"collection":[{"href":"https:\/\/kastela.hr\/en\/wp-json\/wp\/v2\/obavijest"}],"about":[{"href":"https:\/\/kastela.hr\/en\/wp-json\/wp\/v2\/types\/obavijest"}],"wp:attachment":[{"href":"https:\/\/kastela.hr\/en\/wp-json\/wp\/v2\/media?parent=7669"}],"wp:term":[{"taxonomy":"obavijesti_tax","embeddable":true,"href":"https:\/\/kastela.hr\/en\/wp-json\/wp\/v2\/obavijesti_tax?post=7669"}],"curies":[{"name":"wp","href":"https:\/\/api.w.org\/{rel}","templated":true}]}}

JAVNI POZIV  za prijavu kandidata za Program zapošljavanja nezaposlenih osoba na području Kaštela u 2022. na poslovima očuvanja i zaštite kulturne baštine i poslovima zaštite okoliša
