{"id":7659,"date":"2022-05-04T10:27:00","date_gmt":"2022-05-04T08:27:00","guid":{"rendered":"https:\/\/kastela.hr\/en\/obavijest\/sutra-larvicidna-dezinsekcija-komaraca-na-podrucju-grada-kastela\/"},"modified":"2022-05-04T10:27:00","modified_gmt":"2022-05-04T08:27:00","slug":"sutra-larvicidna-dezinsekcija-komaraca-na-podrucju-grada-kastela","status":"publish","type":"obavijest","link":"https:\/\/kastela.hr\/en\/obavijest\/sutra-larvicidna-dezinsekcija-komaraca-na-podrucju-grada-kastela\/","title":{"rendered":"Sutra larvicidna dezinsekcija komaraca na podru\u010dju grada Ka\u0161tela"},"content":{"rendered":"<p>Iz Ciana obavje\u0161tavaju o po\u010detku izvo\u0111enja radova prve <strong>larvicidne dezinsekcije<\/strong> na podru\u010dju grada Ka\u0161tela dana <strong>5. svibnja 2022. godine.&nbsp;<\/strong><\/p>\n<p>Radove \u0107e se izvoditi sukladno odrednicama ZZJZ&nbsp; Splitsko-dalmatinske \u017eupanije.<\/p>\n","protected":false},"featured_media":7660,"parent":0,"template":"","meta":{"_acf_changed":false},"obavijesti_tax":[],"class_list":["post-7659","obavijest","type-obavijest","status-publish","has-post-thumbnail","hentry"],"acf":[],"_links":{"self":[{"href":"https:\/\/kastela.hr\/en\/wp-json\/wp\/v2\/obavijest\/7659","targetHints":{"allow":["GET"]}}],"collection":[{"href":"https:\/\/kastela.hr\/en\/wp-json\/wp\/v2\/obavijest"}],"about":[{"href":"https:\/\/kastela.hr\/en\/wp-json\/wp\/v2\/types\/obavijest"}],"wp:featuredmedia":[{"embeddable":true,"href":"https:\/\/kastela.hr\/en\/wp-json\/wp\/v2\/media\/7660"}],"wp:attachment":[{"href":"https:\/\/kastela.hr\/en\/wp-json\/wp\/v2\/media?parent=7659"}],"wp:term":[{"taxonomy":"obavijesti_tax","embeddable":true,"href":"https:\/\/kastela.hr\/en\/wp-json\/wp\/v2\/obavijesti_tax?post=7659"}],"curies":[{"name":"wp","href":"https:\/\/api.w.org\/{rel}","templated":true}]}}

Sutra larvicidna dezinsekcija komaraca na području grada Kaštela

<p>Iz Ciana obavještavaju o početku izvođenja radova prve <strong>larvicidne dezinsekcije</strong> na području grada Kaštela dana <strong>5. svibnja 2022. godine.&nbsp;</strong></p>
<p>Radove će se izvoditi sukladno odrednicama ZZJZ&nbsp; Splitsko-dalmatinske županije.</p>
