{"id":7647,"date":"2022-07-19T05:39:00","date_gmt":"2022-07-19T03:39:00","guid":{"rendered":"https:\/\/kastela.hr\/en\/obavijest\/obavijest-o-promjeni-lokacije-koncerta-ibrice-jusica\/"},"modified":"2022-07-19T05:39:00","modified_gmt":"2022-07-19T03:39:00","slug":"obavijest-o-promjeni-lokacije-koncerta-ibrice-jusica","status":"publish","type":"obavijest","link":"https:\/\/kastela.hr\/en\/obavijest\/obavijest-o-promjeni-lokacije-koncerta-ibrice-jusica\/","title":{"rendered":"Obavijest o promjeni lokacije koncerta Ibrice Jusi\u0107a"},"content":{"rendered":"<p>Obavje\u0161tavamo vas o promjeni lokacije koncerta Ibrice Jusi\u0107a. Koncert \u0107e se odr\u017eati isti dan, 21. srpnja, u Novom parku u Ka\u0161tel Luk\u0161i\u0107u s po\u010detkom u 21 sat.&nbsp;<\/p>\n","protected":false},"featured_media":7648,"parent":0,"template":"","meta":{"_acf_changed":false},"obavijesti_tax":[],"class_list":["post-7647","obavijest","type-obavijest","status-publish","has-post-thumbnail","hentry"],"acf":[],"_links":{"self":[{"href":"https:\/\/kastela.hr\/en\/wp-json\/wp\/v2\/obavijest\/7647","targetHints":{"allow":["GET"]}}],"collection":[{"href":"https:\/\/kastela.hr\/en\/wp-json\/wp\/v2\/obavijest"}],"about":[{"href":"https:\/\/kastela.hr\/en\/wp-json\/wp\/v2\/types\/obavijest"}],"wp:featuredmedia":[{"embeddable":true,"href":"https:\/\/kastela.hr\/en\/wp-json\/wp\/v2\/media\/7648"}],"wp:attachment":[{"href":"https:\/\/kastela.hr\/en\/wp-json\/wp\/v2\/media?parent=7647"}],"wp:term":[{"taxonomy":"obavijesti_tax","embeddable":true,"href":"https:\/\/kastela.hr\/en\/wp-json\/wp\/v2\/obavijesti_tax?post=7647"}],"curies":[{"name":"wp","href":"https:\/\/api.w.org\/{rel}","templated":true}]}}

Obavijest o promjeni lokacije koncerta Ibrice Jusića

<p>Obavještavamo vas o promjeni lokacije koncerta Ibrice Jusića. Koncert će se održati isti dan, 21. srpnja, u Novom parku u Kaštel Lukšiću s početkom u 21 sat.&nbsp;</p>
