{"id":7644,"date":"2022-08-26T04:24:00","date_gmt":"2022-08-26T02:24:00","guid":{"rendered":"https:\/\/kastela.hr\/en\/obavijest\/objava-biracima-s-podrucja-grada-kastela\/"},"modified":"2022-08-26T04:24:00","modified_gmt":"2022-08-26T02:24:00","slug":"objava-biracima-s-podrucja-grada-kastela","status":"publish","type":"obavijest","link":"https:\/\/kastela.hr\/en\/obavijest\/objava-biracima-s-podrucja-grada-kastela\/","title":{"rendered":"Objava bira\u010dima s podru\u010dja Grada Ka\u0161tela"},"content":{"rendered":"<p style=\"text-align:justify; text-indent:35.4pt\">Gradsko vije\u0107e Grada Ka\u0161tela, na 8. sjednici odr\u017eanoj dana 2. svibnja 2022. godine, donijelo je Odluku o raspisivanju izbora za \u010dlanove vije\u0107a mjesnih odbora na podru\u010dju Grada Ka\u0161tela.<\/p>\n<p style=\"text-align:justify; text-indent:35.4pt\">Za dan odr\u017eavanja izbora odre\u0111ena je&nbsp;<b>nedjelja 25. rujna &nbsp;2022.<\/b><\/p>\n<p style=\"text-align:justify; text-indent:35.4pt\">Pozivaju se bira\u010di s podru\u010dja Grada Ka\u0161tela da izvr\u0161e pregled, dopunu i ispravak&nbsp; podataka upisanih u registar bira\u010da u Upravnom odjelu za op\u0107u upravu Ka\u0161tel Su\u0107urac, Bra\u0107e Radi\u0107a 1, radnim danom od 08,00 &ndash; 13,00 h.<\/p>\n<p style=\"text-align:justify; text-indent:35.4pt\">Zahtjevi se mogu podnositi zaklju\u010dno do&nbsp;<b>srijede 14. rujna 2022.<\/b><\/p>\n<p style=\"text-align:justify; text-indent:35.4pt\">Popis bira\u010da sastavlja se za izbore na podru\u010dju Grada Ka\u0161tela a sadr\u017ei bira\u010de koji imaju prebivali\u0161te na podru\u010dju Grada Ka\u0161tela.<\/p>\n<p style=\"text-align:justify; text-indent:35.4pt\">Podsje\u0107amo bira\u010de, da je uvjet za ostvarivanje prava glasovanja<b> va\u017ee\u0107a osobna iskaznica. <\/b>Naime, samo bira\u010di koji imaju va\u017ee\u0107e osobne iskaznice ulaze u popis bira\u010da, odnosno nalazit \u0107e se na izvacima iz popisa bira\u010da koji \u0107e biti dostavljeni na bira\u010dka mjesta.<\/p>\n<p style=\"text-align:justify; text-indent:35.4pt\">Iznimno, osobne iskaznice koje su istekle nakon <b>11. o\u017eujka 2020.<\/b>, kada je donesena Odluka o progla\u0161enju epidemije bolesti COVID-19, i slijedom toga izmijenjen Zakon o osobnoj iskaznici, smatraju se va\u017ee\u0107im pa \u0107e bira\u010di kojima je osobna iskaznica istekla po\u010dev\u0161i od 11. o\u017eujka 2020. biti u popisu bira\u010da.<\/p>\n<p style=\"text-align:justify; text-indent:35.4pt\">Bira\u010di koji prilikom dolaska na bira\u010dko mjesto, utvrde da nisu upisani u izvatke iz popisa bira\u010da, mogu na dan odr\u017eavanja izbora dobiti potvrdu za glasovanje (npr. bira\u010di koji nemaju va\u017ee\u0107e osobne iskaznice) u Upravnom odjelu za op\u0107u upravu Ka\u0161tel Su\u0107urac.<\/p>\n<p>&nbsp;<\/p>\n","protected":false},"featured_media":7645,"parent":0,"template":"","meta":{"_acf_changed":false},"obavijesti_tax":[],"class_list":["post-7644","obavijest","type-obavijest","status-publish","has-post-thumbnail","hentry"],"acf":[],"_links":{"self":[{"href":"https:\/\/kastela.hr\/en\/wp-json\/wp\/v2\/obavijest\/7644","targetHints":{"allow":["GET"]}}],"collection":[{"href":"https:\/\/kastela.hr\/en\/wp-json\/wp\/v2\/obavijest"}],"about":[{"href":"https:\/\/kastela.hr\/en\/wp-json\/wp\/v2\/types\/obavijest"}],"wp:featuredmedia":[{"embeddable":true,"href":"https:\/\/kastela.hr\/en\/wp-json\/wp\/v2\/media\/7645"}],"wp:attachment":[{"href":"https:\/\/kastela.hr\/en\/wp-json\/wp\/v2\/media?parent=7644"}],"wp:term":[{"taxonomy":"obavijesti_tax","embeddable":true,"href":"https:\/\/kastela.hr\/en\/wp-json\/wp\/v2\/obavijesti_tax?post=7644"}],"curies":[{"name":"wp","href":"https:\/\/api.w.org\/{rel}","templated":true}]}}

Objava biračima s područja Grada Kaštela

<p style="text-align:justify; text-indent:35.4pt">Gradsko vijeće Grada Kaštela, na 8. sjednici održanoj dana 2. svibnja 2022. godine, donijelo je Odluku o raspisivanju izbora za članove vijeća mjesnih odbora na području Grada Kaštela.</p>
<p style="text-align:justify; text-indent:35.4pt">Za dan održavanja izbora određena je&nbsp;<b>nedjelja 25. rujna &nbsp;2022.</b></p>
<p style="text-align:justify; text-indent:35.4pt">Pozivaju se birači s područja Grada Kaštela da izvrše pregled, dopunu i ispravak&nbsp; podataka upisanih u registar birača u Upravnom odjelu za opću upravu Kaštel Sućurac, Braće Radića 1, radnim danom od 08,00 &ndash; 13,00 h.</p>
<p style="text-align:justify; text-indent:35.4pt">Zahtjevi se mogu podnositi zaključno do&nbsp;<b>srijede 14. rujna 2022.</b></p>
<p style="text-align:justify; text-indent:35.4pt">Popis birača sastavlja se za izbore na području Grada Kaštela a sadrži birače koji imaju prebivalište na području Grada Kaštela.</p>
<p style="text-align:justify; text-indent:35.4pt">Podsjećamo birače, da je uvjet za ostvarivanje prava glasovanja<b> važeća osobna iskaznica. </b>Naime, samo birači koji imaju važeće osobne iskaznice ulaze u popis birača, odnosno nalazit će se na izvacima iz popisa birača koji će biti dostavljeni na biračka mjesta.</p>
<p style="text-align:justify; text-indent:35.4pt">Iznimno, osobne iskaznice koje su istekle nakon <b>11. ožujka 2020.</b>, kada je donesena Odluka o proglašenju epidemije bolesti COVID-19, i slijedom toga izmijenjen Zakon o osobnoj iskaznici, smatraju se važećim pa će birači kojima je osobna iskaznica istekla počevši od 11. ožujka 2020. biti u popisu birača.</p>
<p style="text-align:justify; text-indent:35.4pt">Birači koji prilikom dolaska na biračko mjesto, utvrde da nisu upisani u izvatke iz popisa birača, mogu na dan održavanja izbora dobiti potvrdu za glasovanje (npr. birači koji nemaju važeće osobne iskaznice) u Upravnom odjelu za opću upravu Kaštel Sućurac.</p>
<p>&nbsp;</p>
