{"id":7641,"date":"2022-08-29T05:15:00","date_gmt":"2022-08-29T03:15:00","guid":{"rendered":"https:\/\/kastela.hr\/en\/obavijest\/poziv-na-informativno-predavanje-prilike-za-financiranje-poduzetnika-iz-nacionalnog-plana-oporavka-i-otpornosti\/"},"modified":"2022-08-29T05:15:00","modified_gmt":"2022-08-29T03:15:00","slug":"poziv-na-informativno-predavanje-prilike-za-financiranje-poduzetnika-iz-nacionalnog-plana-oporavka-i-otpornosti","status":"publish","type":"obavijest","link":"https:\/\/kastela.hr\/en\/obavijest\/poziv-na-informativno-predavanje-prilike-za-financiranje-poduzetnika-iz-nacionalnog-plana-oporavka-i-otpornosti\/","title":{"rendered":"Poziv na informativno predavanje \u2013 Prilike za financiranje poduzetnika iz Nacionalnog plana oporavka i otpornosti"},"content":{"rendered":"<p><span style=\"background:white\">KASTELARA ovim putem poziva&nbsp;sve zainteresirane poduzetnike da im se<b>&nbsp;&ndash;<\/b>&nbsp;<b>u petak 2. rujna 2022<\/b>.&nbsp;<b>&ndash;<\/b>&nbsp;&nbsp;pridru\u017ee na<u>&nbsp;informativnom predavanju<\/u>&nbsp;na temu&nbsp;<b>Prilike za financiranje poduzetnika iz Nacionalnog plana oporavka i otpornosti,<\/b>&nbsp;u organizaciji Urbanex-a d.o.o.<\/span><\/p>\n<p><span style=\"background:white\">Prezentacija \u0107e se odr\u017eati u<b>&nbsp;prostorima Razvojne agencije Grada Ka\u0161tela,<\/b>&nbsp;na adresi Bra\u0107e Radi\u0107 1, Ka\u0161tel Su\u0107urac,&nbsp;<b>s po\u010detkom u 09:30h.<\/b><\/span><\/p>\n<p><span style=\"background:white\">O\u010dekivano trajanje predavanja je sat vremena, a nakon izlaganja \u0107emo Vam biti na raspolaganju vezano za sva pitanja na temu EU natje\u010daja za poduzetnike.<\/span><\/p>\n<p><span style=\"background:white\">Prijaviti se mo\u017eete putem mail-a:&nbsp;<a href=\"mailto:info@kastelara.hr\">info@kastelara.hr<\/a>.<\/span><\/p>\n<p><span style=\"background:white\">Veselimo se Va\u0161em dolasku!<\/span><\/p>\n<p>&nbsp;<\/p>\n","protected":false},"featured_media":7642,"parent":0,"template":"","meta":{"_acf_changed":false},"obavijesti_tax":[],"class_list":["post-7641","obavijest","type-obavijest","status-publish","has-post-thumbnail","hentry"],"acf":[],"_links":{"self":[{"href":"https:\/\/kastela.hr\/en\/wp-json\/wp\/v2\/obavijest\/7641","targetHints":{"allow":["GET"]}}],"collection":[{"href":"https:\/\/kastela.hr\/en\/wp-json\/wp\/v2\/obavijest"}],"about":[{"href":"https:\/\/kastela.hr\/en\/wp-json\/wp\/v2\/types\/obavijest"}],"wp:featuredmedia":[{"embeddable":true,"href":"https:\/\/kastela.hr\/en\/wp-json\/wp\/v2\/media\/7642"}],"wp:attachment":[{"href":"https:\/\/kastela.hr\/en\/wp-json\/wp\/v2\/media?parent=7641"}],"wp:term":[{"taxonomy":"obavijesti_tax","embeddable":true,"href":"https:\/\/kastela.hr\/en\/wp-json\/wp\/v2\/obavijesti_tax?post=7641"}],"curies":[{"name":"wp","href":"https:\/\/api.w.org\/{rel}","templated":true}]}}

<p><span style="background:white">KASTELARA ovim putem poziva&nbsp;sve zainteresirane poduzetnike da im se<b>&nbsp;&ndash;</b>&nbsp;<b>u petak 2. rujna 2022</b>.&nbsp;<b>&ndash;</b>&nbsp;&nbsp;pridruže na<u>&nbsp;informativnom predavanju</u>&nbsp;na temu&nbsp;<b>Prilike za financiranje poduzetnika iz Nacionalnog plana oporavka i otpornosti,</b>&nbsp;u organizaciji Urbanex-a d.o.o.</span></p>
<p><span style="background:white">Prezentacija će se održati u<b>&nbsp;prostorima Razvojne agencije Grada Kaštela,</b>&nbsp;na adresi Braće Radić 1, Kaštel Sućurac,&nbsp;<b>s početkom u 09:30h.</b></span></p>
<p><span style="background:white">Očekivano trajanje predavanja je sat vremena, a nakon izlaganja ćemo Vam biti na raspolaganju vezano za sva pitanja na temu EU natječaja za poduzetnike.</span></p>
<p><span style="background:white">Prijaviti se možete putem mail-a:&nbsp;<a href="mailto:info@kastelara.hr">info@kastelara.hr</a>.</span></p>
<p><span style="background:white">Veselimo se Vašem dolasku!</span></p>
<p>&nbsp;</p>
