{"id":7626,"date":"2022-09-09T09:56:00","date_gmt":"2022-09-09T07:56:00","guid":{"rendered":"https:\/\/kastela.hr\/en\/obavijest\/organiziran-prijem-za-jelenu-breskovic-povodom-osvajanja-broncane-medalje-na-europskom-prvenstvu-u-cagliariju\/"},"modified":"2022-09-09T09:56:00","modified_gmt":"2022-09-09T07:56:00","slug":"organiziran-prijem-za-jelenu-breskovic-povodom-osvajanja-broncane-medalje-na-europskom-prvenstvu-u-cagliariju","status":"publish","type":"obavijest","link":"https:\/\/kastela.hr\/en\/obavijest\/organiziran-prijem-za-jelenu-breskovic-povodom-osvajanja-broncane-medalje-na-europskom-prvenstvu-u-cagliariju\/","title":{"rendered":"Organiziran prijem za Jelenu Bre\u0161kovi\u0107 povodom osvajanja bron\u010dane medalje  na Europskom prvenstvu u Cagliariju"},"content":{"rendered":"<p style=\"text-align:justify; margin-bottom:11px\">Danas je u zgradi Gradske uprave odr\u017ean prijem za Jelenu Bre\u0161kovi\u0107 povodom osvajanja bron\u010dane medalje u kategoriji do 57 kg na IBSA Europskom prvenstvu u d\u017eudu za slijepe&nbsp; i slabovidne koje se odr\u017ealo u Cagliariju te je time izborila mjesto za Svjetsko prvenstvo u Azerbejd\u017eanu gdje \u0107e se natjecati za dva mjeseca. Jelenu i njenog trenera Antu&nbsp; Batini\u0107a sve\u010dano su do\u010dekale zamjenica gradona\u010delnika Jadranka Matok-Bosan\u010di\u0107 i pro\u010delnica Upravnog odjela za dru\u0161tvene djelatnosti i zajedni\u010dke poslove Antonia&nbsp; Kljai\u0107 koje su Jeleni &nbsp;za postignuti uspjeh uru\u010dile prigodne poklone.<\/p>\n<p style=\"text-align:justify; margin-bottom:11px\">&#8211; Konkurencija je bila dosta starija i iskusnija od mene, ali nisam imala tremu i zadovoljna sam postignutim rezultatom. U d\u017eudu sam od svoje sedme godine, bez ozbiljnih ozljeda hvala Bogu do sada &ndash; kazala je Jelena. Trenutno se priprema za Svjetsko prvenstvo u Bakuu, a nakon toga slijede pripreme za Paraolimpijadu u Parizu 2024.<\/p>\n<p style=\"text-align:justify; margin-bottom:11px\">Dogradona\u010delnica Jadranka Matok-Bosan\u010di\u0107 obratila se prisutnima i u ime Grada Ka\u0161tela \u010destitala Jeleni na iznimnom&nbsp; uspjehu, na svim njenim&nbsp; dosada\u0161njim postignutim rezultatima kao i&nbsp; na pozitivnom primjeru za ostale&nbsp; mlade sporta\u0161e.<\/p>\n<p style=\"text-align:justify; margin-bottom:11px\">\u010cestitkama se pridru\u017eila i pro\u010delnica Kljai\u0107 te joj za\u017eeljela jo\u0161 puno uspjeha u daljnjem radu.<\/p>\n","protected":false},"featured_media":7627,"parent":0,"template":"","meta":{"_acf_changed":false},"obavijesti_tax":[],"class_list":["post-7626","obavijest","type-obavijest","status-publish","has-post-thumbnail","hentry"],"acf":[],"_links":{"self":[{"href":"https:\/\/kastela.hr\/en\/wp-json\/wp\/v2\/obavijest\/7626","targetHints":{"allow":["GET"]}}],"collection":[{"href":"https:\/\/kastela.hr\/en\/wp-json\/wp\/v2\/obavijest"}],"about":[{"href":"https:\/\/kastela.hr\/en\/wp-json\/wp\/v2\/types\/obavijest"}],"wp:featuredmedia":[{"embeddable":true,"href":"https:\/\/kastela.hr\/en\/wp-json\/wp\/v2\/media\/7627"}],"wp:attachment":[{"href":"https:\/\/kastela.hr\/en\/wp-json\/wp\/v2\/media?parent=7626"}],"wp:term":[{"taxonomy":"obavijesti_tax","embeddable":true,"href":"https:\/\/kastela.hr\/en\/wp-json\/wp\/v2\/obavijesti_tax?post=7626"}],"curies":[{"name":"wp","href":"https:\/\/api.w.org\/{rel}","templated":true}]}}

Organiziran prijem za Jelenu Brešković povodom osvajanja brončane medalje  na Europskom prvenstvu u Cagliariju

<p style="text-align:justify; margin-bottom:11px">Danas je u zgradi Gradske uprave održan prijem za Jelenu Brešković povodom osvajanja brončane medalje u kategoriji do 57 kg na IBSA Europskom prvenstvu u džudu za slijepe&nbsp; i slabovidne koje se održalo u Cagliariju te je time izborila mjesto za Svjetsko prvenstvo u Azerbejdžanu gdje će se natjecati za dva mjeseca. Jelenu i njenog trenera Antu&nbsp; Batinića svečano su dočekale zamjenica gradonačelnika Jadranka Matok-Bosančić i pročelnica Upravnog odjela za društvene djelatnosti i zajedničke poslove Antonia&nbsp; Kljaić koje su Jeleni &nbsp;za postignuti uspjeh uručile prigodne poklone.</p>
<p style="text-align:justify; margin-bottom:11px">&#8211; Konkurencija je bila dosta starija i iskusnija od mene, ali nisam imala tremu i zadovoljna sam postignutim rezultatom. U džudu sam od svoje sedme godine, bez ozbiljnih ozljeda hvala Bogu do sada &ndash; kazala je Jelena. Trenutno se priprema za Svjetsko prvenstvo u Bakuu, a nakon toga slijede pripreme za Paraolimpijadu u Parizu 2024.</p>
<p style="text-align:justify; margin-bottom:11px">Dogradonačelnica Jadranka Matok-Bosančić obratila se prisutnima i u ime Grada Kaštela čestitala Jeleni na iznimnom&nbsp; uspjehu, na svim njenim&nbsp; dosadašnjim postignutim rezultatima kao i&nbsp; na pozitivnom primjeru za ostale&nbsp; mlade sportaše.</p>
<p style="text-align:justify; margin-bottom:11px">Čestitkama se pridružila i pročelnica Kljaić te joj zaželjela još puno uspjeha u daljnjem radu.</p>
