{"id":7605,"date":"2023-03-13T10:07:00","date_gmt":"2023-03-13T09:07:00","guid":{"rendered":"https:\/\/kastela.hr\/en\/obavijest\/obavijest-o-pocetku-izvodenja-radova-preventivne-deratizacije-na-podrucju-grada-kastela-2\/"},"modified":"2023-03-13T10:07:00","modified_gmt":"2023-03-13T09:07:00","slug":"obavijest-o-pocetku-izvodenja-radova-preventivne-deratizacije-na-podrucju-grada-kastela-2","status":"publish","type":"obavijest","link":"https:\/\/kastela.hr\/en\/obavijest\/obavijest-o-pocetku-izvodenja-radova-preventivne-deratizacije-na-podrucju-grada-kastela-2\/","title":{"rendered":"Obavijest o po\u010detku izvo\u0111enja radova preventivne deratizacije na podru\u010dju grada Ka\u0161tela"},"content":{"rendered":"<p style=\"margin-bottom:11px\">&nbsp;Obavijest o po\u010detku izvo\u0111enja radova preventivne deratizacije dana <b>14. o\u017eujka 2023. g<\/b> (utorak) na podru\u010dju grada Ka\u0161tela. Tom prilikom \u0107e biti postavljani parafinizirani mamci, zatrovani antikoagulantima, u stambene i druge objekte te okoli\u0161. Svojom \u0107ete suradnjom znatno doprinijeti uspjehu radova &ndash; stoga osobito mole da:<\/p>\n<ul>\n<li style=\"margin-left:8px\">Omogu\u0107ite djelatnicima Cian-a nesmetan i siguran pristup u objekte i dvori\u0161ta,<\/li>\n<li style=\"margin-left:8px\">onemogu\u0107ite djeci i doma\u0107im \u017eivotinjama pristup zatrovanim mamcima,<\/li>\n<li style=\"margin-left:8px\">ne dirate i ne premje\u0161tajte zatrovane mamce,<\/li>\n<li style=\"margin-left:8px\">u slu\u010daju rovanja obavezno i hitno se javite de\u017eurnoj zdravstvenoj i (ili) veterinarskoj slu\u017ebi,<\/li>\n<li style=\"margin-bottom:11px; margin-left:8px\">protuotrov je vitamin K1.<\/li>\n<\/ul>\n<p style=\"margin-bottom:11px\">Zahvaljuju na dosada\u0161njoj uspje\u0161noj suradnji i susretljivosti.<\/p>\n","protected":false},"featured_media":7606,"parent":0,"template":"","meta":{"_acf_changed":false},"obavijesti_tax":[],"class_list":["post-7605","obavijest","type-obavijest","status-publish","has-post-thumbnail","hentry"],"acf":[],"_links":{"self":[{"href":"https:\/\/kastela.hr\/en\/wp-json\/wp\/v2\/obavijest\/7605","targetHints":{"allow":["GET"]}}],"collection":[{"href":"https:\/\/kastela.hr\/en\/wp-json\/wp\/v2\/obavijest"}],"about":[{"href":"https:\/\/kastela.hr\/en\/wp-json\/wp\/v2\/types\/obavijest"}],"wp:featuredmedia":[{"embeddable":true,"href":"https:\/\/kastela.hr\/en\/wp-json\/wp\/v2\/media\/7606"}],"wp:attachment":[{"href":"https:\/\/kastela.hr\/en\/wp-json\/wp\/v2\/media?parent=7605"}],"wp:term":[{"taxonomy":"obavijesti_tax","embeddable":true,"href":"https:\/\/kastela.hr\/en\/wp-json\/wp\/v2\/obavijesti_tax?post=7605"}],"curies":[{"name":"wp","href":"https:\/\/api.w.org\/{rel}","templated":true}]}}

Obavijest o početku izvođenja radova preventivne deratizacije na području grada Kaštela

<p style="margin-bottom:11px">&nbsp;Obavijest o početku izvođenja radova preventivne deratizacije dana <b>14. ožujka 2023. g</b> (utorak) na području grada Kaštela. Tom prilikom će biti postavljani parafinizirani mamci, zatrovani antikoagulantima, u stambene i druge objekte te okoliš. Svojom ćete suradnjom znatno doprinijeti uspjehu radova &ndash; stoga osobito mole da:</p>
<ul>
<li style="margin-left:8px">Omogućite djelatnicima Cian-a nesmetan i siguran pristup u objekte i dvorišta,</li>
<li style="margin-left:8px">onemogućite djeci i domaćim životinjama pristup zatrovanim mamcima,</li>
<li style="margin-left:8px">ne dirate i ne premještajte zatrovane mamce,</li>
<li style="margin-left:8px">u slučaju rovanja obavezno i hitno se javite dežurnoj zdravstvenoj i (ili) veterinarskoj službi,</li>
<li style="margin-bottom:11px; margin-left:8px">protuotrov je vitamin K1.</li>
</ul>
<p style="margin-bottom:11px">Zahvaljuju na dosadašnjoj uspješnoj suradnji i susretljivosti.</p>
