{"id":7602,"date":"2023-03-27T05:20:00","date_gmt":"2023-03-27T03:20:00","guid":{"rendered":"https:\/\/kastela.hr\/en\/obavijest\/javni-uvid-u-program-raspolaganja-poljoprivrednim-zemljistem-u-vlasnistvu-republike-hrvatske-za-grad-kastela\/"},"modified":"2023-03-27T05:20:00","modified_gmt":"2023-03-27T03:20:00","slug":"javni-uvid-u-program-raspolaganja-poljoprivrednim-zemljistem-u-vlasnistvu-republike-hrvatske-za-grad-kastela","status":"publish","type":"obavijest","link":"https:\/\/kastela.hr\/en\/obavijest\/javni-uvid-u-program-raspolaganja-poljoprivrednim-zemljistem-u-vlasnistvu-republike-hrvatske-za-grad-kastela\/","title":{"rendered":"Javni uvid u Program raspolaganja poljoprivrednim zemlji\u0161tem u vlasni\u0161tvu Republike Hrvatske za Grad Ka\u0161tela"},"content":{"rendered":"","protected":false},"featured_media":7603,"parent":0,"template":"","meta":{"_acf_changed":false},"obavijesti_tax":[],"class_list":["post-7602","obavijest","type-obavijest","status-publish","has-post-thumbnail","hentry"],"acf":[],"_links":{"self":[{"href":"https:\/\/kastela.hr\/en\/wp-json\/wp\/v2\/obavijest\/7602","targetHints":{"allow":["GET"]}}],"collection":[{"href":"https:\/\/kastela.hr\/en\/wp-json\/wp\/v2\/obavijest"}],"about":[{"href":"https:\/\/kastela.hr\/en\/wp-json\/wp\/v2\/types\/obavijest"}],"wp:featuredmedia":[{"embeddable":true,"href":"https:\/\/kastela.hr\/en\/wp-json\/wp\/v2\/media\/7603"}],"wp:attachment":[{"href":"https:\/\/kastela.hr\/en\/wp-json\/wp\/v2\/media?parent=7602"}],"wp:term":[{"taxonomy":"obavijesti_tax","embeddable":true,"href":"https:\/\/kastela.hr\/en\/wp-json\/wp\/v2\/obavijesti_tax?post=7602"}],"curies":[{"name":"wp","href":"https:\/\/api.w.org\/{rel}","templated":true}]}}

Javni uvid u Program raspolaganja poljoprivrednim zemljištem u vlasništvu Republike Hrvatske za Grad Kaštela
