{"id":7599,"date":"2023-04-25T08:34:00","date_gmt":"2023-04-25T06:34:00","guid":{"rendered":"https:\/\/kastela.hr\/en\/obavijest\/pocetak-provodenja-radova-zastite-bilja\/"},"modified":"2023-04-25T08:34:00","modified_gmt":"2023-04-25T06:34:00","slug":"pocetak-provodenja-radova-zastite-bilja","status":"publish","type":"obavijest","link":"https:\/\/kastela.hr\/en\/obavijest\/pocetak-provodenja-radova-zastite-bilja\/","title":{"rendered":"Po\u010detak provo\u0111enja radova za\u0161tite bilja"},"content":{"rendered":"<p>Obavje\u0161tavamo vas o po\u010detku provo\u0111enja radova za\u0161tite bilja (grmovi i \u017eivice), na podru\u010dju grada Ka\u0161tela.&nbsp;<\/p>\n<p>S radovima \u0107e zapo\u010deti dana <strong>26. travnja 2023. g. u 5 sati<\/strong>. U slu\u010daju vremenskih neprilika (vjetar, ki\u0161a) radovi \u0107e se odgoditi za sljede\u0107i vremenski pogodan dan.<\/p>\n","protected":false},"featured_media":7600,"parent":0,"template":"","meta":{"_acf_changed":false},"obavijesti_tax":[],"class_list":["post-7599","obavijest","type-obavijest","status-publish","has-post-thumbnail","hentry"],"acf":[],"_links":{"self":[{"href":"https:\/\/kastela.hr\/en\/wp-json\/wp\/v2\/obavijest\/7599","targetHints":{"allow":["GET"]}}],"collection":[{"href":"https:\/\/kastela.hr\/en\/wp-json\/wp\/v2\/obavijest"}],"about":[{"href":"https:\/\/kastela.hr\/en\/wp-json\/wp\/v2\/types\/obavijest"}],"wp:featuredmedia":[{"embeddable":true,"href":"https:\/\/kastela.hr\/en\/wp-json\/wp\/v2\/media\/7600"}],"wp:attachment":[{"href":"https:\/\/kastela.hr\/en\/wp-json\/wp\/v2\/media?parent=7599"}],"wp:term":[{"taxonomy":"obavijesti_tax","embeddable":true,"href":"https:\/\/kastela.hr\/en\/wp-json\/wp\/v2\/obavijesti_tax?post=7599"}],"curies":[{"name":"wp","href":"https:\/\/api.w.org\/{rel}","templated":true}]}}

Početak provođenja radova zaštite bilja

<p>Obavještavamo vas o početku provođenja radova zaštite bilja (grmovi i živice), na području grada Kaštela.&nbsp;</p>
<p>S radovima će započeti dana <strong>26. travnja 2023. g. u 5 sati</strong>. U slučaju vremenskih neprilika (vjetar, kiša) radovi će se odgoditi za sljedeći vremenski pogodan dan.</p>
