{"id":8032,"date":"2017-07-17T12:25:00","date_gmt":"2017-07-17T10:25:00","guid":{"rendered":"https:\/\/kastela.hr\/en\/natjecaji\/ponovna-javna-rasprava-o-studiji-o-utjecaju-na-okolis-eksploatacije-arhitektonsko-gradevnog-kamena-na-eksploatacijskom-polju-arhitektonsko-gradevnog-kamena-vid-na-podrucju-grada-kas\/"},"modified":"2024-09-30T17:01:49","modified_gmt":"2024-09-30T15:01:49","slug":"ponovna-javna-rasprava-o-studiji-o-utjecaju-na-okolis-eksploatacije-arhitektonsko-gradevnog-kamena-na-eksploatacijskom-polju-arhitektonsko-gradevnog-kamena-vid-na-podrucju-grada-kas","status":"publish","type":"natjecaji","link":"https:\/\/kastela.hr\/en\/natjecaji\/ponovna-javna-rasprava-o-studiji-o-utjecaju-na-okolis-eksploatacije-arhitektonsko-gradevnog-kamena-na-eksploatacijskom-polju-arhitektonsko-gradevnog-kamena-vid-na-podrucju-grada-kas\/","title":{"rendered":"Ponovna javna rasprava o Studiji o utjecaju na okoli\u0161  eksploatacije arhitektonsko-gra\u0111evnog kamena na eksploatacijskom polju arhitektonsko-gra\u0111evnog kamena \u201eVid\u201c na podru\u010dju grada Ka\u0161tela"},"content":{"rendered":"","protected":false},"featured_media":0,"parent":0,"template":"","meta":{"_acf_changed":false},"vrsta-natjecaja":[76],"class_list":["post-8032","natjecaji","type-natjecaji","status-publish","hentry","vrsta-natjecaja-javni-pozivi"],"acf":[],"_links":{"self":[{"href":"https:\/\/kastela.hr\/en\/wp-json\/wp\/v2\/natjecaji\/8032","targetHints":{"allow":["GET"]}}],"collection":[{"href":"https:\/\/kastela.hr\/en\/wp-json\/wp\/v2\/natjecaji"}],"about":[{"href":"https:\/\/kastela.hr\/en\/wp-json\/wp\/v2\/types\/natjecaji"}],"wp:attachment":[{"href":"https:\/\/kastela.hr\/en\/wp-json\/wp\/v2\/media?parent=8032"}],"wp:term":[{"taxonomy":"vrsta-natjecaja","embeddable":true,"href":"https:\/\/kastela.hr\/en\/wp-json\/wp\/v2\/vrsta-natjecaja?post=8032"}],"curies":[{"name":"wp","href":"https:\/\/api.w.org\/{rel}","templated":true}]}}

Ponovna javna rasprava o Studiji o utjecaju na okoliš  eksploatacije arhitektonsko-građevnog kamena na eksploatacijskom polju arhitektonsko-građevnog kamena „Vid“ na području grada Kaštela
