{"id":8023,"date":"2018-12-21T07:59:00","date_gmt":"2018-12-21T06:59:00","guid":{"rendered":"https:\/\/kastela.hr\/en\/natjecaji\/javni-natjecaj-za-prijem-u-sluzbu-u-grad-kastela-vlastiti-pogon-za-obavljanje-komunalnih-djelatnosti\/"},"modified":"2024-09-30T16:57:16","modified_gmt":"2024-09-30T14:57:16","slug":"javni-natjecaj-za-prijem-u-sluzbu-u-grad-kastela-vlastiti-pogon-za-obavljanje-komunalnih-djelatnosti","status":"publish","type":"natjecaji","link":"https:\/\/kastela.hr\/en\/natjecaji\/javni-natjecaj-za-prijem-u-sluzbu-u-grad-kastela-vlastiti-pogon-za-obavljanje-komunalnih-djelatnosti\/","title":{"rendered":"Javni natje\u010daj za prijem u slu\u017ebu u Grad Ka\u0161tela, Vlastiti pogon za obavljanje komunalnih djelatnosti"},"content":{"rendered":"<p>Javni natje\u010daj za prijem u slu\u017ebu u Grad Ka\u0161tela, Vlastiti pogon za obavljanje komunalnih djelatnosti<\/p>\n","protected":false},"featured_media":0,"parent":0,"template":"","meta":{"_acf_changed":false},"vrsta-natjecaja":[77],"class_list":["post-8023","natjecaji","type-natjecaji","status-publish","hentry","vrsta-natjecaja-natjecaji"],"acf":[],"_links":{"self":[{"href":"https:\/\/kastela.hr\/en\/wp-json\/wp\/v2\/natjecaji\/8023","targetHints":{"allow":["GET"]}}],"collection":[{"href":"https:\/\/kastela.hr\/en\/wp-json\/wp\/v2\/natjecaji"}],"about":[{"href":"https:\/\/kastela.hr\/en\/wp-json\/wp\/v2\/types\/natjecaji"}],"wp:attachment":[{"href":"https:\/\/kastela.hr\/en\/wp-json\/wp\/v2\/media?parent=8023"}],"wp:term":[{"taxonomy":"vrsta-natjecaja","embeddable":true,"href":"https:\/\/kastela.hr\/en\/wp-json\/wp\/v2\/vrsta-natjecaja?post=8023"}],"curies":[{"name":"wp","href":"https:\/\/api.w.org\/{rel}","templated":true}]}}

Javni natječaj za prijem u službu u Grad Kaštela, Vlastiti pogon za obavljanje komunalnih djelatnosti

<p>Javni natječaj za prijem u službu u Grad Kaštela, Vlastiti pogon za obavljanje komunalnih djelatnosti</p>
