{"id":8009,"date":"2019-12-23T06:03:00","date_gmt":"2019-12-23T05:03:00","guid":{"rendered":"https:\/\/kastela.hr\/en\/natjecaji\/oglas-za-prijam-u-sluzbu-na-odredeno-vrijeme-u-vlastiti-pogon-za-obavljanje-komunalnih-djelatnosti-u-gradu-kastela\/"},"modified":"2024-09-30T16:57:39","modified_gmt":"2024-09-30T14:57:39","slug":"oglas-za-prijam-u-sluzbu-na-odredeno-vrijeme-u-vlastiti-pogon-za-obavljanje-komunalnih-djelatnosti-u-gradu-kastela","status":"publish","type":"natjecaji","link":"https:\/\/kastela.hr\/en\/natjecaji\/oglas-za-prijam-u-sluzbu-na-odredeno-vrijeme-u-vlastiti-pogon-za-obavljanje-komunalnih-djelatnosti-u-gradu-kastela\/","title":{"rendered":"Oglas za prijam u slu\u017ebu na odre\u0111eno vrijeme u Vlastiti pogon za obavljanje komunalnih djelatnosti u Gradu Ka\u0161tela"},"content":{"rendered":"","protected":false},"featured_media":0,"parent":0,"template":"","meta":{"_acf_changed":false},"vrsta-natjecaja":[78],"class_list":["post-8009","natjecaji","type-natjecaji","status-publish","hentry","vrsta-natjecaja-oglasi"],"acf":[],"_links":{"self":[{"href":"https:\/\/kastela.hr\/en\/wp-json\/wp\/v2\/natjecaji\/8009","targetHints":{"allow":["GET"]}}],"collection":[{"href":"https:\/\/kastela.hr\/en\/wp-json\/wp\/v2\/natjecaji"}],"about":[{"href":"https:\/\/kastela.hr\/en\/wp-json\/wp\/v2\/types\/natjecaji"}],"wp:attachment":[{"href":"https:\/\/kastela.hr\/en\/wp-json\/wp\/v2\/media?parent=8009"}],"wp:term":[{"taxonomy":"vrsta-natjecaja","embeddable":true,"href":"https:\/\/kastela.hr\/en\/wp-json\/wp\/v2\/vrsta-natjecaja?post=8009"}],"curies":[{"name":"wp","href":"https:\/\/api.w.org\/{rel}","templated":true}]}}

Oglas za prijam u službu na određeno vrijeme u Vlastiti pogon za obavljanje komunalnih djelatnosti u Gradu Kaštela
