{"id":8006,"date":"2020-08-06T04:49:00","date_gmt":"2020-08-06T02:49:00","guid":{"rendered":"https:\/\/kastela.hr\/en\/natjecaji\/oglas-za-prijam-u-sluzbu-na-radno-mjesto-visi-strucni-suradnik-za-eu-fondove-voditelj-projekta-zazeli-grad-kastela\/"},"modified":"2024-09-30T16:58:22","modified_gmt":"2024-09-30T14:58:22","slug":"oglas-za-prijam-u-sluzbu-na-radno-mjesto-visi-strucni-suradnik-za-eu-fondove-voditelj-projekta-zazeli-grad-kastela","status":"publish","type":"natjecaji","link":"https:\/\/kastela.hr\/en\/natjecaji\/oglas-za-prijam-u-sluzbu-na-radno-mjesto-visi-strucni-suradnik-za-eu-fondove-voditelj-projekta-zazeli-grad-kastela\/","title":{"rendered":"Oglas za prijam u slu\u017ebu na radno mjesto Vi\u0161i stru\u010dni suradnik za EU fondove \u2013 voditelj projekta ZA\u017dELI-GRAD KA\u0160TELA"},"content":{"rendered":"","protected":false},"featured_media":0,"parent":0,"template":"","meta":{"_acf_changed":false},"vrsta-natjecaja":[78],"class_list":["post-8006","natjecaji","type-natjecaji","status-publish","hentry","vrsta-natjecaja-oglasi"],"acf":[],"_links":{"self":[{"href":"https:\/\/kastela.hr\/en\/wp-json\/wp\/v2\/natjecaji\/8006","targetHints":{"allow":["GET"]}}],"collection":[{"href":"https:\/\/kastela.hr\/en\/wp-json\/wp\/v2\/natjecaji"}],"about":[{"href":"https:\/\/kastela.hr\/en\/wp-json\/wp\/v2\/types\/natjecaji"}],"wp:attachment":[{"href":"https:\/\/kastela.hr\/en\/wp-json\/wp\/v2\/media?parent=8006"}],"wp:term":[{"taxonomy":"vrsta-natjecaja","embeddable":true,"href":"https:\/\/kastela.hr\/en\/wp-json\/wp\/v2\/vrsta-natjecaja?post=8006"}],"curies":[{"name":"wp","href":"https:\/\/api.w.org\/{rel}","templated":true}]}}

Oglas za prijam u službu na radno mjesto Viši stručni suradnik za EU fondove – voditelj projekta ZAŽELI-GRAD KAŠTELA
