{"id":7996,"date":"2021-07-28T07:10:00","date_gmt":"2021-07-28T05:10:00","guid":{"rendered":"https:\/\/kastela.hr\/en\/natjecaji\/odluka-o-ponistenju-natjecaja-za-obavljanje-poslova-prijevoza-pokojnika-koji-se-financiraju-iz-proracuna-grada-kastela\/"},"modified":"2024-09-30T16:57:17","modified_gmt":"2024-09-30T14:57:17","slug":"odluka-o-ponistenju-natjecaja-za-obavljanje-poslova-prijevoza-pokojnika-koji-se-financiraju-iz-proracuna-grada-kastela","status":"publish","type":"natjecaji","link":"https:\/\/kastela.hr\/en\/natjecaji\/odluka-o-ponistenju-natjecaja-za-obavljanje-poslova-prijevoza-pokojnika-koji-se-financiraju-iz-proracuna-grada-kastela\/","title":{"rendered":"Odluka o poni\u0161tenju natje\u010daja za obavljanje poslova prijevoza pokojnika koji se financiraju iz prora\u010duna Grada Ka\u0161tela"},"content":{"rendered":"","protected":false},"featured_media":0,"parent":0,"template":"","meta":{"_acf_changed":false},"vrsta-natjecaja":[77],"class_list":["post-7996","natjecaji","type-natjecaji","status-publish","hentry","vrsta-natjecaja-natjecaji"],"acf":[],"_links":{"self":[{"href":"https:\/\/kastela.hr\/en\/wp-json\/wp\/v2\/natjecaji\/7996","targetHints":{"allow":["GET"]}}],"collection":[{"href":"https:\/\/kastela.hr\/en\/wp-json\/wp\/v2\/natjecaji"}],"about":[{"href":"https:\/\/kastela.hr\/en\/wp-json\/wp\/v2\/types\/natjecaji"}],"wp:attachment":[{"href":"https:\/\/kastela.hr\/en\/wp-json\/wp\/v2\/media?parent=7996"}],"wp:term":[{"taxonomy":"vrsta-natjecaja","embeddable":true,"href":"https:\/\/kastela.hr\/en\/wp-json\/wp\/v2\/vrsta-natjecaja?post=7996"}],"curies":[{"name":"wp","href":"https:\/\/api.w.org\/{rel}","templated":true}]}}

Odluka o poništenju natječaja za obavljanje poslova prijevoza pokojnika koji se financiraju iz proračuna Grada Kaštela
