{"id":7994,"date":"2022-03-09T06:08:00","date_gmt":"2022-03-09T05:08:00","guid":{"rendered":"https:\/\/kastela.hr\/en\/natjecaji\/natjecaj-za-zakup-neizgradenog-gradevinskog-zemljista-3\/"},"modified":"2024-09-30T16:57:16","modified_gmt":"2024-09-30T14:57:16","slug":"natjecaj-za-zakup-neizgradenog-gradevinskog-zemljista-3","status":"publish","type":"natjecaji","link":"https:\/\/kastela.hr\/en\/natjecaji\/natjecaj-za-zakup-neizgradenog-gradevinskog-zemljista-3\/","title":{"rendered":"Natje\u010daj za zakup neizgra\u0111enog gra\u0111evinskog zemlji\u0161ta"},"content":{"rendered":"<p class=\"Textbody\" style=\"text-align:justify; margin-bottom:8px\"><span style=\"text-justify:inter-ideograph\">Pravo sudjelovanja na natje\u010daju imaju sve fizi\u010dke i pravne osobe registrirane u Republici Hrvatskoj koje ispunjavaju uvjete natje\u010daja.<\/span><\/p>\n<p class=\"Standard\" style=\"text-align:justify\"><span style=\"text-justify:inter-ideograph\">Pravo sudjelovanja na natje\u010daju nemaju ponuditelji koji po bilo kojoj osnovi, zaklju\u010dno sa danom prijave na natje\u010daj, imaju dug prema Gradu Ka\u0161tela.<\/span><\/p>\n<p class=\"Standard\" style=\"text-align:justify\">Otvaranje ponuda obavit \u0107e se dana <b>31. o\u017eujka 2022. godine, u 10:00 sati,<\/b> u prostorijama gradske uprave Grada Ka\u0161tela, Ka\u0161tel Su\u0107urac, Bra\u0107e Radi\u0107 1.<\/p>\n<p class=\"Standard\" style=\"text-align:justify\">Detaljne informacije&nbsp;o natje\u010daju&nbsp;za zakup neizgra\u0111enog gra\u0111evinskog zemlji\u0161ta pogledajte u prilo\u017eenom&nbsp;<strong>PDF-u.<\/strong><\/p>\n","protected":false},"featured_media":0,"parent":0,"template":"","meta":{"_acf_changed":false},"vrsta-natjecaja":[77],"class_list":["post-7994","natjecaji","type-natjecaji","status-publish","hentry","vrsta-natjecaja-natjecaji"],"acf":[],"_links":{"self":[{"href":"https:\/\/kastela.hr\/en\/wp-json\/wp\/v2\/natjecaji\/7994","targetHints":{"allow":["GET"]}}],"collection":[{"href":"https:\/\/kastela.hr\/en\/wp-json\/wp\/v2\/natjecaji"}],"about":[{"href":"https:\/\/kastela.hr\/en\/wp-json\/wp\/v2\/types\/natjecaji"}],"wp:attachment":[{"href":"https:\/\/kastela.hr\/en\/wp-json\/wp\/v2\/media?parent=7994"}],"wp:term":[{"taxonomy":"vrsta-natjecaja","embeddable":true,"href":"https:\/\/kastela.hr\/en\/wp-json\/wp\/v2\/vrsta-natjecaja?post=7994"}],"curies":[{"name":"wp","href":"https:\/\/api.w.org\/{rel}","templated":true}]}}

Natječaj za zakup neizgrađenog građevinskog zemljišta

<p class="Textbody" style="text-align:justify; margin-bottom:8px"><span style="text-justify:inter-ideograph">Pravo sudjelovanja na natječaju imaju sve fizičke i pravne osobe registrirane u Republici Hrvatskoj koje ispunjavaju uvjete natječaja.</span></p>
<p class="Standard" style="text-align:justify"><span style="text-justify:inter-ideograph">Pravo sudjelovanja na natječaju nemaju ponuditelji koji po bilo kojoj osnovi, zaključno sa danom prijave na natječaj, imaju dug prema Gradu Kaštela.</span></p>
<p class="Standard" style="text-align:justify">Otvaranje ponuda obavit će se dana <b>31. ožujka 2022. godine, u 10:00 sati,</b> u prostorijama gradske uprave Grada Kaštela, Kaštel Sućurac, Braće Radić 1.</p>
<p class="Standard" style="text-align:justify">Detaljne informacije&nbsp;o natječaju&nbsp;za zakup neizgrađenog građevinskog zemljišta pogledajte u priloženom&nbsp;<strong>PDF-u.</strong></p>
