{"id":7993,"date":"2022-04-13T06:12:00","date_gmt":"2022-04-13T04:12:00","guid":{"rendered":"https:\/\/kastela.hr\/en\/natjecaji\/javni-natjecaj-za-imenovanje-procelnika-upravnog-odjela-za-poslove-gradonacelnika-i-strucne-poslove\/"},"modified":"2024-09-30T16:57:16","modified_gmt":"2024-09-30T14:57:16","slug":"javni-natjecaj-za-imenovanje-procelnika-upravnog-odjela-za-poslove-gradonacelnika-i-strucne-poslove","status":"publish","type":"natjecaji","link":"https:\/\/kastela.hr\/en\/natjecaji\/javni-natjecaj-za-imenovanje-procelnika-upravnog-odjela-za-poslove-gradonacelnika-i-strucne-poslove\/","title":{"rendered":"Javni natje\u010daj za imenovanje pro\u010delnika Upravnog odjela za poslove Gradona\u010delnika i stru\u010dne poslove"},"content":{"rendered":"","protected":false},"featured_media":0,"parent":0,"template":"","meta":{"_acf_changed":false},"vrsta-natjecaja":[77],"class_list":["post-7993","natjecaji","type-natjecaji","status-publish","hentry","vrsta-natjecaja-natjecaji"],"acf":[],"_links":{"self":[{"href":"https:\/\/kastela.hr\/en\/wp-json\/wp\/v2\/natjecaji\/7993","targetHints":{"allow":["GET"]}}],"collection":[{"href":"https:\/\/kastela.hr\/en\/wp-json\/wp\/v2\/natjecaji"}],"about":[{"href":"https:\/\/kastela.hr\/en\/wp-json\/wp\/v2\/types\/natjecaji"}],"wp:attachment":[{"href":"https:\/\/kastela.hr\/en\/wp-json\/wp\/v2\/media?parent=7993"}],"wp:term":[{"taxonomy":"vrsta-natjecaja","embeddable":true,"href":"https:\/\/kastela.hr\/en\/wp-json\/wp\/v2\/vrsta-natjecaja?post=7993"}],"curies":[{"name":"wp","href":"https:\/\/api.w.org\/{rel}","templated":true}]}}

Javni natječaj za imenovanje pročelnika Upravnog odjela za poslove Gradonačelnika i stručne poslove
