{"id":7987,"date":"2022-04-15T05:07:00","date_gmt":"2022-04-15T03:07:00","guid":{"rendered":"https:\/\/kastela.hr\/en\/natjecaji\/javni-poziv-za-prijavu-kandidata-za-program-zaposljavanja-nezaposlenih-osoba-na-podrucju-kastela-u-2022-na-poslovima-ocuvanja-i-zastite-kulturne-bastine-i-poslovima-zastite-okolisa\/"},"modified":"2024-09-30T17:00:46","modified_gmt":"2024-09-30T15:00:46","slug":"javni-poziv-za-prijavu-kandidata-za-program-zaposljavanja-nezaposlenih-osoba-na-podrucju-kastela-u-2022-na-poslovima-ocuvanja-i-zastite-kulturne-bastine-i-poslovima-zastite-okolisa","status":"publish","type":"natjecaji","link":"https:\/\/kastela.hr\/en\/natjecaji\/javni-poziv-za-prijavu-kandidata-za-program-zaposljavanja-nezaposlenih-osoba-na-podrucju-kastela-u-2022-na-poslovima-ocuvanja-i-zastite-kulturne-bastine-i-poslovima-zastite-okolisa\/","title":{"rendered":"JAVNI POZIV  za prijavu kandidata za Program zapo\u0161ljavanja nezaposlenih osoba na podru\u010dju Ka\u0161tela u 2022. na poslovima o\u010duvanja i za\u0161tite kulturne ba\u0161tine i poslovima za\u0161tite okoli\u0161a"},"content":{"rendered":"","protected":false},"featured_media":0,"parent":0,"template":"","meta":{"_acf_changed":false},"vrsta-natjecaja":[76],"class_list":["post-7987","natjecaji","type-natjecaji","status-publish","hentry","vrsta-natjecaja-javni-pozivi"],"acf":[],"_links":{"self":[{"href":"https:\/\/kastela.hr\/en\/wp-json\/wp\/v2\/natjecaji\/7987","targetHints":{"allow":["GET"]}}],"collection":[{"href":"https:\/\/kastela.hr\/en\/wp-json\/wp\/v2\/natjecaji"}],"about":[{"href":"https:\/\/kastela.hr\/en\/wp-json\/wp\/v2\/types\/natjecaji"}],"wp:attachment":[{"href":"https:\/\/kastela.hr\/en\/wp-json\/wp\/v2\/media?parent=7987"}],"wp:term":[{"taxonomy":"vrsta-natjecaja","embeddable":true,"href":"https:\/\/kastela.hr\/en\/wp-json\/wp\/v2\/vrsta-natjecaja?post=7987"}],"curies":[{"name":"wp","href":"https:\/\/api.w.org\/{rel}","templated":true}]}}

JAVNI POZIV  za prijavu kandidata za Program zapošljavanja nezaposlenih osoba na području Kaštela u 2022. na poslovima očuvanja i zaštite kulturne baštine i poslovima zaštite okoliša
