{"id":7971,"date":"2022-11-08T06:08:00","date_gmt":"2022-11-08T05:08:00","guid":{"rendered":"https:\/\/kastela.hr\/en\/natjecaji\/oglas-za-prijam-u-sluzbu-na-odredeno-vrijeme-za-potrebe-provedbe-aktivnosti-u-sklopu-projekta-zazeli-2-grad-kastela\/"},"modified":"2024-09-30T16:57:40","modified_gmt":"2024-09-30T14:57:40","slug":"oglas-za-prijam-u-sluzbu-na-odredeno-vrijeme-za-potrebe-provedbe-aktivnosti-u-sklopu-projekta-zazeli-2-grad-kastela","status":"publish","type":"natjecaji","link":"https:\/\/kastela.hr\/en\/natjecaji\/oglas-za-prijam-u-sluzbu-na-odredeno-vrijeme-za-potrebe-provedbe-aktivnosti-u-sklopu-projekta-zazeli-2-grad-kastela\/","title":{"rendered":"Oglas za prijam u slu\u017ebu na odre\u0111eno vrijeme za potrebe provedbe aktivnosti u sklopu projekta ZA\u017dELI 2 &#8211; Grad Ka\u0161tela"},"content":{"rendered":"","protected":false},"featured_media":0,"parent":0,"template":"","meta":{"_acf_changed":false},"vrsta-natjecaja":[78],"class_list":["post-7971","natjecaji","type-natjecaji","status-publish","hentry","vrsta-natjecaja-oglasi"],"acf":[],"_links":{"self":[{"href":"https:\/\/kastela.hr\/en\/wp-json\/wp\/v2\/natjecaji\/7971","targetHints":{"allow":["GET"]}}],"collection":[{"href":"https:\/\/kastela.hr\/en\/wp-json\/wp\/v2\/natjecaji"}],"about":[{"href":"https:\/\/kastela.hr\/en\/wp-json\/wp\/v2\/types\/natjecaji"}],"wp:attachment":[{"href":"https:\/\/kastela.hr\/en\/wp-json\/wp\/v2\/media?parent=7971"}],"wp:term":[{"taxonomy":"vrsta-natjecaja","embeddable":true,"href":"https:\/\/kastela.hr\/en\/wp-json\/wp\/v2\/vrsta-natjecaja?post=7971"}],"curies":[{"name":"wp","href":"https:\/\/api.w.org\/{rel}","templated":true}]}}

Oglas za prijam u službu na određeno vrijeme za potrebe provedbe aktivnosti u sklopu projekta ZAŽELI 2 &#8211; Grad Kaštela
