{"id":7963,"date":"2022-12-08T10:16:00","date_gmt":"2022-12-08T09:16:00","guid":{"rendered":"https:\/\/kastela.hr\/en\/natjecaji\/oglas-za-prijam-u-sluzbu-na-odredeno-vrijeme-u-upravni-odjel-za-prostorno-uredenje-i-zastitu-okolisa\/"},"modified":"2024-09-30T16:57:39","modified_gmt":"2024-09-30T14:57:39","slug":"oglas-za-prijam-u-sluzbu-na-odredeno-vrijeme-u-upravni-odjel-za-prostorno-uredenje-i-zastitu-okolisa","status":"publish","type":"natjecaji","link":"https:\/\/kastela.hr\/en\/natjecaji\/oglas-za-prijam-u-sluzbu-na-odredeno-vrijeme-u-upravni-odjel-za-prostorno-uredenje-i-zastitu-okolisa\/","title":{"rendered":"Oglas za prijam u slu\u017ebu na odre\u0111eno vrijeme u Upravni odjel za prostorno ure\u0111enje i za\u0161titu okoli\u0161a"},"content":{"rendered":"","protected":false},"featured_media":0,"parent":0,"template":"","meta":{"_acf_changed":false},"vrsta-natjecaja":[78],"class_list":["post-7963","natjecaji","type-natjecaji","status-publish","hentry","vrsta-natjecaja-oglasi"],"acf":[],"_links":{"self":[{"href":"https:\/\/kastela.hr\/en\/wp-json\/wp\/v2\/natjecaji\/7963","targetHints":{"allow":["GET"]}}],"collection":[{"href":"https:\/\/kastela.hr\/en\/wp-json\/wp\/v2\/natjecaji"}],"about":[{"href":"https:\/\/kastela.hr\/en\/wp-json\/wp\/v2\/types\/natjecaji"}],"wp:attachment":[{"href":"https:\/\/kastela.hr\/en\/wp-json\/wp\/v2\/media?parent=7963"}],"wp:term":[{"taxonomy":"vrsta-natjecaja","embeddable":true,"href":"https:\/\/kastela.hr\/en\/wp-json\/wp\/v2\/vrsta-natjecaja?post=7963"}],"curies":[{"name":"wp","href":"https:\/\/api.w.org\/{rel}","templated":true}]}}

Oglas za prijam u službu na određeno vrijeme u Upravni odjel za prostorno uređenje i zaštitu okoliša
