{"id":7960,"date":"2022-12-23T06:08:00","date_gmt":"2022-12-23T05:08:00","guid":{"rendered":"https:\/\/kastela.hr\/en\/natjecaji\/javni-natjecaj-za-prijam-u-sluzbu-na-radno-mjesto-visi-strucni-suradnik-za-fondove-europske-unije\/"},"modified":"2024-09-30T16:57:16","modified_gmt":"2024-09-30T14:57:16","slug":"javni-natjecaj-za-prijam-u-sluzbu-na-radno-mjesto-visi-strucni-suradnik-za-fondove-europske-unije","status":"publish","type":"natjecaji","link":"https:\/\/kastela.hr\/en\/natjecaji\/javni-natjecaj-za-prijam-u-sluzbu-na-radno-mjesto-visi-strucni-suradnik-za-fondove-europske-unije\/","title":{"rendered":"Javni natje\u010daj za prijam u slu\u017ebu na radno mjesto Vi\u0161i stru\u010dni suradnik za fondove Europske unije"},"content":{"rendered":"","protected":false},"featured_media":0,"parent":0,"template":"","meta":{"_acf_changed":false},"vrsta-natjecaja":[77],"class_list":["post-7960","natjecaji","type-natjecaji","status-publish","hentry","vrsta-natjecaja-natjecaji"],"acf":[],"_links":{"self":[{"href":"https:\/\/kastela.hr\/en\/wp-json\/wp\/v2\/natjecaji\/7960","targetHints":{"allow":["GET"]}}],"collection":[{"href":"https:\/\/kastela.hr\/en\/wp-json\/wp\/v2\/natjecaji"}],"about":[{"href":"https:\/\/kastela.hr\/en\/wp-json\/wp\/v2\/types\/natjecaji"}],"wp:attachment":[{"href":"https:\/\/kastela.hr\/en\/wp-json\/wp\/v2\/media?parent=7960"}],"wp:term":[{"taxonomy":"vrsta-natjecaja","embeddable":true,"href":"https:\/\/kastela.hr\/en\/wp-json\/wp\/v2\/vrsta-natjecaja?post=7960"}],"curies":[{"name":"wp","href":"https:\/\/api.w.org\/{rel}","templated":true}]}}

Javni natječaj za prijam u službu na radno mjesto Viši stručni suradnik za fondove Europske unije
