{"id":7930,"date":"2024-07-31T05:51:00","date_gmt":"2024-07-31T03:51:00","guid":{"rendered":"https:\/\/kastela.hr\/en\/natjecaji\/javni-natjecaj-za-prijam-u-sluzbu-u-vlastiti-pogon-za-obavljanje-komunalnih-djelatnosti-u-gradu-kastela\/"},"modified":"2024-09-30T16:57:16","modified_gmt":"2024-09-30T14:57:16","slug":"javni-natjecaj-za-prijam-u-sluzbu-u-vlastiti-pogon-za-obavljanje-komunalnih-djelatnosti-u-gradu-kastela","status":"publish","type":"natjecaji","link":"https:\/\/kastela.hr\/en\/natjecaji\/javni-natjecaj-za-prijam-u-sluzbu-u-vlastiti-pogon-za-obavljanje-komunalnih-djelatnosti-u-gradu-kastela\/","title":{"rendered":"Javni natje\u010daj za prijam u slu\u017ebu u Vlastiti pogon za obavljanje komunalnih djelatnosti u Gradu Ka\u0161tela."},"content":{"rendered":"","protected":false},"featured_media":0,"parent":0,"template":"","meta":{"_acf_changed":false},"vrsta-natjecaja":[77],"class_list":["post-7930","natjecaji","type-natjecaji","status-publish","hentry","vrsta-natjecaja-natjecaji"],"acf":[],"_links":{"self":[{"href":"https:\/\/kastela.hr\/en\/wp-json\/wp\/v2\/natjecaji\/7930","targetHints":{"allow":["GET"]}}],"collection":[{"href":"https:\/\/kastela.hr\/en\/wp-json\/wp\/v2\/natjecaji"}],"about":[{"href":"https:\/\/kastela.hr\/en\/wp-json\/wp\/v2\/types\/natjecaji"}],"wp:attachment":[{"href":"https:\/\/kastela.hr\/en\/wp-json\/wp\/v2\/media?parent=7930"}],"wp:term":[{"taxonomy":"vrsta-natjecaja","embeddable":true,"href":"https:\/\/kastela.hr\/en\/wp-json\/wp\/v2\/vrsta-natjecaja?post=7930"}],"curies":[{"name":"wp","href":"https:\/\/api.w.org\/{rel}","templated":true}]}}

Javni natječaj za prijam u službu u Vlastiti pogon za obavljanje komunalnih djelatnosti u Gradu Kaštela.
