{"id":15348,"date":"2024-11-29T13:56:35","date_gmt":"2024-11-29T12:56:35","guid":{"rendered":"https:\/\/kastela.hr\/en\/?post_type=natjecaji&#038;p=15348"},"modified":"2024-11-29T13:56:36","modified_gmt":"2024-11-29T12:56:36","slug":"javni-natjecaj-za-prijam-u-sluzbu-u-grad-kastela-upravni-odjel-za-prostorno-uredenje-i-zastitu-okolisa","status":"publish","type":"natjecaji","link":"https:\/\/kastela.hr\/en\/natjecaji\/javni-natjecaj-za-prijam-u-sluzbu-u-grad-kastela-upravni-odjel-za-prostorno-uredenje-i-zastitu-okolisa\/","title":{"rendered":"Javni natje\u010daj za prijam u slu\u017ebu u Grad Ka\u0161tela Upravni odjel za prostorno ure\u0111enje i za\u0161titu okoli\u0161a"},"content":{"rendered":"","protected":false},"featured_media":0,"parent":0,"template":"","meta":{"_acf_changed":true},"vrsta-natjecaja":[],"class_list":["post-15348","natjecaji","type-natjecaji","status-publish","hentry"],"acf":[],"_links":{"self":[{"href":"https:\/\/kastela.hr\/en\/wp-json\/wp\/v2\/natjecaji\/15348","targetHints":{"allow":["GET"]}}],"collection":[{"href":"https:\/\/kastela.hr\/en\/wp-json\/wp\/v2\/natjecaji"}],"about":[{"href":"https:\/\/kastela.hr\/en\/wp-json\/wp\/v2\/types\/natjecaji"}],"wp:attachment":[{"href":"https:\/\/kastela.hr\/en\/wp-json\/wp\/v2\/media?parent=15348"}],"wp:term":[{"taxonomy":"vrsta-natjecaja","embeddable":true,"href":"https:\/\/kastela.hr\/en\/wp-json\/wp\/v2\/vrsta-natjecaja?post=15348"}],"curies":[{"name":"wp","href":"https:\/\/api.w.org\/{rel}","templated":true}]}}

Javni natječaj za prijam u službu u Grad Kaštela Upravni odjel za prostorno uređenje i zaštitu okoliša
