{"id":15327,"date":"2024-09-12T13:44:19","date_gmt":"2024-09-12T11:44:19","guid":{"rendered":"https:\/\/kastela.hr\/en\/?post_type=natjecaji&#038;p=15327"},"modified":"2024-11-29T13:47:00","modified_gmt":"2024-11-29T12:47:00","slug":"javni-natjecaj-za-dodjelu-gradskog-prostora-na-cest-zem-7553-k-o-kastel-sucurac","status":"publish","type":"natjecaji","link":"https:\/\/kastela.hr\/en\/natjecaji\/javni-natjecaj-za-dodjelu-gradskog-prostora-na-cest-zem-7553-k-o-kastel-sucurac\/","title":{"rendered":"Javni natje\u010daj za dodjelu gradskog prostora na \u010dest.zem. 7553 k.o. Ka\u0161tel Su\u0107urac"},"content":{"rendered":"","protected":false},"featured_media":0,"parent":0,"template":"","meta":{"_acf_changed":true},"vrsta-natjecaja":[77],"class_list":["post-15327","natjecaji","type-natjecaji","status-publish","hentry","vrsta-natjecaja-natjecaji"],"acf":[],"_links":{"self":[{"href":"https:\/\/kastela.hr\/en\/wp-json\/wp\/v2\/natjecaji\/15327","targetHints":{"allow":["GET"]}}],"collection":[{"href":"https:\/\/kastela.hr\/en\/wp-json\/wp\/v2\/natjecaji"}],"about":[{"href":"https:\/\/kastela.hr\/en\/wp-json\/wp\/v2\/types\/natjecaji"}],"wp:attachment":[{"href":"https:\/\/kastela.hr\/en\/wp-json\/wp\/v2\/media?parent=15327"}],"wp:term":[{"taxonomy":"vrsta-natjecaja","embeddable":true,"href":"https:\/\/kastela.hr\/en\/wp-json\/wp\/v2\/vrsta-natjecaja?post=15327"}],"curies":[{"name":"wp","href":"https:\/\/api.w.org\/{rel}","templated":true}]}}

Javni natječaj za dodjelu gradskog prostora na čest.zem. 7553 k.o. Kaštel Sućurac
