{"id":15274,"date":"2024-03-25T08:10:45","date_gmt":"2024-03-25T07:10:45","guid":{"rendered":"https:\/\/kastela.hr\/en\/?post_type=natjecaji&#038;p=15274"},"modified":"2024-11-29T08:13:10","modified_gmt":"2024-11-29T07:13:10","slug":"javni-poziv-za-predlaganje-projekata-programa-za-kastelansko-kulturno-ljeto-2024","status":"publish","type":"natjecaji","link":"https:\/\/kastela.hr\/en\/natjecaji\/javni-poziv-za-predlaganje-projekata-programa-za-kastelansko-kulturno-ljeto-2024\/","title":{"rendered":"Javni poziv za predlaganje projekata\/programa za Ka\u0161telansko kulturno ljeto 2024."},"content":{"rendered":"\n<p>Grad Ka\u0161tela \u0107e u srpnju i kolovozu 2024. godine organizirati Ka\u0161telansko kulturno ljeto. Kako bi osigurao kvalitetne glazbene, dramske, plesne, izlo\u017ebene i druge sadr\u017eaje u okviru kulturnog programa, koji su od javnog interesa za gra\u0111ane Ka\u0161tela te oboga\u0107uju turisti\u010dku ponudu, Grad Ka\u0161tela ovim putem poziva zainteresirane da dostave svoje prijedloge.<\/p>\n\n\n\n<p>Radi \u0161to bolje pripreme i same organizacije potrebno je da se potrebni prijavni&nbsp; obrasci za program Ka\u0161telanskog kulturnog ljeta dostave <strong>najkasnije do 25. travnja 2024. godine.<\/strong><\/p>\n\n\n\n<p>Popunjene (putem ra\u010dunala) i potpisane obrasce dostaviti na adresu Grada Ka\u0161tela, Upravni odjel za dru\u0161tvene djelatnosti i zajedni\u010dke poslove, Bra\u0107e Radi\u0107 1 Ka\u0161tel Su\u0107urac 21212 osobno, po\u0161tanskim putem ili elektronskim putem na mail adresu: <a href=\"mailto:pisarnica@kastela.hr\">pisarnica@kastela.hr<\/a> .<\/p>\n\n\n\n<p>Sva <strong>pitanja<\/strong> vezana uz ovaj Javni Poziv mogu se postaviti isklju\u010divo elektronskim&nbsp;putem slanjem upita na jednu od sljede\u0107e dvije e-mail adrese:<\/p>\n\n\n\n<p><a href=\"mailto:antonija.crnjak@kastela.hr\">antonija.crnjak@kastela.hr<\/a>&nbsp; i&nbsp;<a href=\"mailto:duje.kulusic@kastela.hr\">duje.kulusic@kastela.hr<\/a>&nbsp;<\/p>\n","protected":false},"featured_media":7648,"parent":0,"template":"","meta":{"_acf_changed":true},"vrsta-natjecaja":[76],"class_list":["post-15274","natjecaji","type-natjecaji","status-publish","has-post-thumbnail","hentry","vrsta-natjecaja-javni-pozivi"],"acf":[],"_links":{"self":[{"href":"https:\/\/kastela.hr\/en\/wp-json\/wp\/v2\/natjecaji\/15274","targetHints":{"allow":["GET"]}}],"collection":[{"href":"https:\/\/kastela.hr\/en\/wp-json\/wp\/v2\/natjecaji"}],"about":[{"href":"https:\/\/kastela.hr\/en\/wp-json\/wp\/v2\/types\/natjecaji"}],"wp:featuredmedia":[{"embeddable":true,"href":"https:\/\/kastela.hr\/en\/wp-json\/wp\/v2\/media\/7648"}],"wp:attachment":[{"href":"https:\/\/kastela.hr\/en\/wp-json\/wp\/v2\/media?parent=15274"}],"wp:term":[{"taxonomy":"vrsta-natjecaja","embeddable":true,"href":"https:\/\/kastela.hr\/en\/wp-json\/wp\/v2\/vrsta-natjecaja?post=15274"}],"curies":[{"name":"wp","href":"https:\/\/api.w.org\/{rel}","templated":true}]}}

Javni poziv za predlaganje projekata/programa za Kaštelansko kulturno ljeto 2024.

<p>Grad Kaštela će u srpnju i kolovozu 2024. godine organizirati Kaštelansko kulturno ljeto. Kako bi osigurao kvalitetne glazbene, dramske, plesne, izložbene i druge sadržaje u okviru kulturnog programa, koji su od javnog interesa za građane Kaštela te obogaćuju turističku ponudu, Grad Kaštela ovim putem poziva zainteresirane da dostave svoje prijedloge.</p>



<p>Radi što bolje pripreme i same organizacije potrebno je da se potrebni prijavni&nbsp; obrasci za program Kaštelanskog kulturnog ljeta dostave <strong>najkasnije do 25. travnja 2024. godine.</strong></p>



<p>Popunjene (putem računala) i potpisane obrasce dostaviti na adresu Grada Kaštela, Upravni odjel za društvene djelatnosti i zajedničke poslove, Braće Radić 1 Kaštel Sućurac 21212 osobno, poštanskim putem ili elektronskim putem na mail adresu: <a href="mailto:pisarnica@kastela.hr">pisarnica@kastela.hr</a> .</p>



<p>Sva <strong>pitanja</strong> vezana uz ovaj Javni Poziv mogu se postaviti isključivo elektronskim&nbsp;putem slanjem upita na jednu od sljedeće dvije e-mail adrese:</p>



<p><a href="mailto:antonija.crnjak@kastela.hr">antonija.crnjak@kastela.hr</a>&nbsp; i&nbsp;<a href="mailto:duje.kulusic@kastela.hr">duje.kulusic@kastela.hr</a>&nbsp;</p>
