{"id":8387,"date":"2018-07-17T12:29:00","date_gmt":"2018-07-17T10:29:00","guid":{"rendered":"https:\/\/kastela.hr\/en\/gradsko-vijece\/9-sjednica-gradskog-vijeca-grada-kastela-2\/"},"modified":"2024-11-28T13:58:18","modified_gmt":"2024-11-28T12:58:18","slug":"9-sjednica-gradskog-vijeca-grada-kastela-2","status":"publish","type":"gradsko-vijece","link":"https:\/\/kastela.hr\/en\/gradsko-vijece\/mandatno-razdoblje-2017-2021\/9-sjednica-gradskog-vijeca-grada-kastela-2\/","title":{"rendered":"9. Sjednica Gradskog vije\u0107a Grada Ka\u0161tela"},"content":{"rendered":"<p>Predsjednik Gradskog vije\u0107a Ivan Udovi\u010di\u0107 sazvao je 9.\u00a0sjednicu Gradskog vije\u0107a Grada Ka\u0161tela za dan 17. srpnja 2018. god. (utorak) s po\u010detkom u 12,00 sati.\u00a0Dnevni red se sastoji od 10 to\u010daka:<\/p>\n<ol>\n<li>Usvajanje Zapisnika s 8. sjednice Gradskog vije\u0107a<\/li>\n<li>Vije\u0107ni\u010dka pitanja i prijedlozi<\/li>\n<li>Prijedlog odluke o izmjeni i dopuni Odluke o priklju\u010denju na komunalne vodne gra\u0111evine\n<ol>\n<li>Izvjestitelji: predstavnik Vodovoda i kanalizacije, d.o.o. i Marija Pelivan, pro\u010delnica Upravnog\u00a0odjela za komunalno gospodarstvo i imovinsko pravne poslove<\/li>\n<\/ol>\n<\/li>\n<li>Prijedlog odluke o nerazvrstanim cestama\n<ol>\n<li>Izvjestiteljica: Marija Pelivan, pro\u010delnica Upravnog odjela za komunalno gospodarstvo i imovinsko pravne poslove<\/li>\n<\/ol>\n<\/li>\n<li>Prijedlog odluke o izmjeni i dopunama Odluke o izboru \u010dlanova vije\u0107a mjesnih odbora na podru\u010dju Grada Ka\u0161tela<\/li>\n<li>Prijedlog odluke o raspisivanju izbora za \u010dlanove vije\u0107a mjesnih odbora na podru\u010dju Grada\u00a0Ka\u0161tela<\/li>\n<li>Prijedlog odluke o\u00a0uklju\u010divanju Grada Ka\u0161tela u akciju Gradovi i op\u0107ine \u2013 prijatelji djece<\/li>\n<li>\u2013 Izvjestiteljica to\u010d. 5. do to\u010d.7.: Sanda Jakus, pro\u010delnica Upravnog odjela za poslove Gradona\u010delnika i Gradskog vije\u0107a<\/li>\n<li>\u00a0Prijedlog II. izmjena Programa javnih potreba u socijalnoj skrbi i zdravstvenoj za\u0161titi Grada Ka\u0161tela za 2018. godinu<\/li>\n<li>Prijedlog odluke o imenovanju ravnateljice Dje\u010djeg vrti\u0107a \u201cKa\u0161tela\u201d<\/li>\n<li>\u2013 Izvjestiteljica to\u010d. 8. i to\u010d. 9.:Sandra Zoki\u0107, pro\u010delnica Upravnog odjela za dru\u0161tvene djelatnosti i op\u0107e poslove<\/li>\n<li>Prijedlog rje\u0161enja o imenovanju predsjednika i \u010dlanova Povjerenstva za pra\u0107enje stanja okoli\u0161a<\/li>\n<li>\u2013 Izvjestitelj: Zoran Bonacin, predsjednik Odbora za izbor i imenovanja<\/li>\n<\/ol>\n","protected":false},"featured_media":8388,"template":"","meta":{"_acf_changed":true},"kategorija-gradskog-vijeca":[61,59],"class_list":["post-8387","gradsko-vijece","type-gradsko-vijece","status-publish","has-post-thumbnail","hentry","kategorija-gradskog-vijeca-mandatno-razdoblje-2017-2021","kategorija-gradskog-vijeca-sjednice-gradskog-vijeca"],"acf":[],"_links":{"self":[{"href":"https:\/\/kastela.hr\/en\/wp-json\/wp\/v2\/gradsko-vijece\/8387","targetHints":{"allow":["GET"]}}],"collection":[{"href":"https:\/\/kastela.hr\/en\/wp-json\/wp\/v2\/gradsko-vijece"}],"about":[{"href":"https:\/\/kastela.hr\/en\/wp-json\/wp\/v2\/types\/gradsko-vijece"}],"wp:featuredmedia":[{"embeddable":true,"href":"https:\/\/kastela.hr\/en\/wp-json\/wp\/v2\/media\/8388"}],"wp:attachment":[{"href":"https:\/\/kastela.hr\/en\/wp-json\/wp\/v2\/media?parent=8387"}],"wp:term":[{"taxonomy":"kategorija-gradskog-vijeca","embeddable":true,"href":"https:\/\/kastela.hr\/en\/wp-json\/wp\/v2\/kategorija-gradskog-vijeca?post=8387"}],"curies":[{"name":"wp","href":"https:\/\/api.w.org\/{rel}","templated":true}]}}

9. Sjednica Gradskog vijeća Grada Kaštela

<p>Predsjednik Gradskog vijeća Ivan Udovičić sazvao je 9. sjednicu Gradskog vijeća Grada Kaštela za dan 17. srpnja 2018. god. (utorak) s početkom u 12,00 sati. Dnevni red se sastoji od 10 točaka:</p>
<ol>
<li>Usvajanje Zapisnika s 8. sjednice Gradskog vijeća</li>
<li>Vijećnička pitanja i prijedlozi</li>
<li>Prijedlog odluke o izmjeni i dopuni Odluke o priključenju na komunalne vodne građevine
<ol>
<li>Izvjestitelji: predstavnik Vodovoda i kanalizacije, d.o.o. i Marija Pelivan, pročelnica Upravnog odjela za komunalno gospodarstvo i imovinsko pravne poslove</li>
</ol>
</li>
<li>Prijedlog odluke o nerazvrstanim cestama
<ol>
<li>Izvjestiteljica: Marija Pelivan, pročelnica Upravnog odjela za komunalno gospodarstvo i imovinsko pravne poslove</li>
</ol>
</li>
<li>Prijedlog odluke o izmjeni i dopunama Odluke o izboru članova vijeća mjesnih odbora na području Grada Kaštela</li>
<li>Prijedlog odluke o raspisivanju izbora za članove vijeća mjesnih odbora na području Grada Kaštela</li>
<li>Prijedlog odluke o uključivanju Grada Kaštela u akciju Gradovi i općine – prijatelji djece</li>
<li>– Izvjestiteljica toč. 5. do toč.7.: Sanda Jakus, pročelnica Upravnog odjela za poslove Gradonačelnika i Gradskog vijeća</li>
<li> Prijedlog II. izmjena Programa javnih potreba u socijalnoj skrbi i zdravstvenoj zaštiti Grada Kaštela za 2018. godinu</li>
<li>Prijedlog odluke o imenovanju ravnateljice Dječjeg vrtića “Kaštela”</li>
<li>– Izvjestiteljica toč. 8. i toč. 9.:Sandra Zokić, pročelnica Upravnog odjela za društvene djelatnosti i opće poslove</li>
<li>Prijedlog rješenja o imenovanju predsjednika i članova Povjerenstva za praćenje stanja okoliša</li>
<li>– Izvjestitelj: Zoran Bonacin, predsjednik Odbora za izbor i imenovanja</li>
</ol>
