{"id":8386,"date":"2018-06-07T05:44:00","date_gmt":"2018-06-07T03:44:00","guid":{"rendered":"https:\/\/kastela.hr\/en\/gradsko-vijece\/8-sjednica-gradskog-vijeca-grada-kastela-2\/"},"modified":"2024-11-28T14:04:08","modified_gmt":"2024-11-28T13:04:08","slug":"8-sjednica-gradskog-vijeca-grada-kastela-2","status":"publish","type":"gradsko-vijece","link":"https:\/\/kastela.hr\/en\/gradsko-vijece\/mandatno-razdoblje-2017-2021\/8-sjednica-gradskog-vijeca-grada-kastela-2\/","title":{"rendered":"8. Sjednica Gradskog vije\u0107a Grada Ka\u0161tela"},"content":{"rendered":"<p>Predsjednik Gradskog vije\u0107a Ivan Udovi\u010di\u0107 sazvao je 8. sjednicu Gradskog vije\u0107a Grada Ka\u0161tela za dan 7. lipnja 2018. g. (\u010detvrtak) g. u 12,00 sati. Dnevni red se sastoji od 15 to\u010daka:<\/p>\n<p>1. Usvajanje Zapisnika sa 7. sjednice Gradskog vije\u0107a<\/p>\n<p>2. Vije\u0107ni\u010dka pitanja i prijedlozi<\/p>\n<p>3. Informacija o sanaciji odlagali\u0161ta otpada Karepovac<\/p>\n<p>\u2013 Izvjestitelji: Arsen Zoran Ton\u0161i\u0107, predstavnik izvo\u0111a\u010da G.T. Trade d.o.o.Split i predstavnik Grada Splita<\/p>\n<p>4. Informacija o Planu razvoja sustava gospodarenja otpadom Komunalnog dru\u0161tva Zeleno i modro d.o.o.<\/p>\n<p>\u2013 Izvjestitelj Alen Lu\u010di\u0107, direktor<\/p>\n<p>5. Prijedlog odluke o uvjetima i na\u010dinu dr\u017eanja doma\u0107ih \u017eivotinja na podru\u010dju Grada Ka\u0161tela<\/p>\n<p>6. Prijedlog zaklju\u010dka o davanju mi\u0161ljenja o stjecanju prava vlasni\u0161tva nekretnine u Republici Hrvatskoj za norve\u0161kog dr\u017eavljanina<\/p>\n<p>7. a) Prigovori na Prijedlog programa raspolaganja poljoprivrednim zemlji\u0161tem u vlasni\u0161tvu Republike Hrvatske za Grad Ka\u0161tela<\/p>\n<p>b) Prijedlog programa raspolaganja poljoprivrednim zemlji\u0161tem u vlasni\u0161tvu Republike Hrvatske za Grad Ka\u0161tela<\/p>\n<p>\u2013 Izvjestiteljica t. 5 do t. 7 Marija Pelivan, pro\u010delnica Upravnog odjela za komunalno gospodarstvo i imovinsko \u2013 pravne poslove<\/p>\n<p>8. Prijedlog odluke o izmjenama Odluke o organizaciji parkiranja<\/p>\n<p>\u2013 Izvjestitelj: Izvjestitelj Alen Lu\u010di\u0107, direktor Komunalnog dru\u0161tva Zeleno i modro d.o.o.<\/p>\n<p>9. Prijedlog odluke o izmjeni i dopuni Odluke o na\u010dinu i uvjetima sufinanciranja programa pred\u0161kolskog odgoja privatnih i vjerskih dje\u010djih vrti\u0107a na podru\u010dju Grada Ka\u0161tela<\/p>\n<p>\u2013 Izvjestiteljica Sandra Zoki\u0107, pro\u010delnica Upravnog odjela za dru\u0161tvene djelatnosti i op\u0107e poslove<\/p>\n<p>10. Prijedlog I. Izmjena i dopuna Prora\u010duna Grada Ka\u0161tela za 2018. godinu<\/p>\n<p>\u2013 Izvjestiteljica: Matija Marija \u0110iki\u0107, pro\u010delnica Upravnog odjela za financije, prora\u010dun i javnu nabavu<\/p>\n<p>11. Prijedlog I. izmjena Programa javnih potreba u socijalnoj skrbi i zdravstvenoj za\u0161titi Grada Ka\u0161tela za 2018. godinu<\/p>\n<p>12. Prijedlog izmjena Programa javnih potreba pred\u0161kolskom odgoju Grada Ka\u0161tela za 2018. godinu<\/p>\n<p>13. Prijedlog I. izmjena Program javnih potreba u kulturi Grada Ka\u0161tela za 2018. godinu<\/p>\n<p>14. Prijedlog I. izmjena Programa financiranja javnih potreba udruga gra\u0111ana Grada, institucija, ustanova i vjerskih zajednica Grada Ka\u0161tela za 2018.g.<\/p>\n<p>15. Prijedlog I. izmjena Programa javnih potreba u protupo\u017earnoj i civilnoj za\u0161titi Grada Ka\u0161tela za 2018. godinu<\/p>\n<p>\u2013 Izvjestiteljica t. 11. do t. 15. : Sandra Zoki\u0107, pro\u010delnica Upravnog odjela za dru\u0161tvene djelatnosti i op\u0107e poslove<\/p>\n","protected":false},"featured_media":0,"template":"","meta":{"_acf_changed":true},"kategorija-gradskog-vijeca":[61,59],"class_list":["post-8386","gradsko-vijece","type-gradsko-vijece","status-publish","hentry","kategorija-gradskog-vijeca-mandatno-razdoblje-2017-2021","kategorija-gradskog-vijeca-sjednice-gradskog-vijeca"],"acf":[],"_links":{"self":[{"href":"https:\/\/kastela.hr\/en\/wp-json\/wp\/v2\/gradsko-vijece\/8386","targetHints":{"allow":["GET"]}}],"collection":[{"href":"https:\/\/kastela.hr\/en\/wp-json\/wp\/v2\/gradsko-vijece"}],"about":[{"href":"https:\/\/kastela.hr\/en\/wp-json\/wp\/v2\/types\/gradsko-vijece"}],"wp:attachment":[{"href":"https:\/\/kastela.hr\/en\/wp-json\/wp\/v2\/media?parent=8386"}],"wp:term":[{"taxonomy":"kategorija-gradskog-vijeca","embeddable":true,"href":"https:\/\/kastela.hr\/en\/wp-json\/wp\/v2\/kategorija-gradskog-vijeca?post=8386"}],"curies":[{"name":"wp","href":"https:\/\/api.w.org\/{rel}","templated":true}]}}

8. Sjednica Gradskog vijeća Grada Kaštela

<p>Predsjednik Gradskog vijeća Ivan Udovičić sazvao je 8. sjednicu Gradskog vijeća Grada Kaštela za dan 7. lipnja 2018. g. (četvrtak) g. u 12,00 sati. Dnevni red se sastoji od 15 točaka:</p>
<p>1. Usvajanje Zapisnika sa 7. sjednice Gradskog vijeća</p>
<p>2. Vijećnička pitanja i prijedlozi</p>
<p>3. Informacija o sanaciji odlagališta otpada Karepovac</p>
<p>– Izvjestitelji: Arsen Zoran Tonšić, predstavnik izvođača G.T. Trade d.o.o.Split i predstavnik Grada Splita</p>
<p>4. Informacija o Planu razvoja sustava gospodarenja otpadom Komunalnog društva Zeleno i modro d.o.o.</p>
<p>– Izvjestitelj Alen Lučić, direktor</p>
<p>5. Prijedlog odluke o uvjetima i načinu držanja domaćih životinja na području Grada Kaštela</p>
<p>6. Prijedlog zaključka o davanju mišljenja o stjecanju prava vlasništva nekretnine u Republici Hrvatskoj za norveškog državljanina</p>
<p>7. a) Prigovori na Prijedlog programa raspolaganja poljoprivrednim zemljištem u vlasništvu Republike Hrvatske za Grad Kaštela</p>
<p>b) Prijedlog programa raspolaganja poljoprivrednim zemljištem u vlasništvu Republike Hrvatske za Grad Kaštela</p>
<p>– Izvjestiteljica t. 5 do t. 7 Marija Pelivan, pročelnica Upravnog odjela za komunalno gospodarstvo i imovinsko – pravne poslove</p>
<p>8. Prijedlog odluke o izmjenama Odluke o organizaciji parkiranja</p>
<p>– Izvjestitelj: Izvjestitelj Alen Lučić, direktor Komunalnog društva Zeleno i modro d.o.o.</p>
<p>9. Prijedlog odluke o izmjeni i dopuni Odluke o načinu i uvjetima sufinanciranja programa predškolskog odgoja privatnih i vjerskih dječjih vrtića na području Grada Kaštela</p>
<p>– Izvjestiteljica Sandra Zokić, pročelnica Upravnog odjela za društvene djelatnosti i opće poslove</p>
<p>10. Prijedlog I. Izmjena i dopuna Proračuna Grada Kaštela za 2018. godinu</p>
<p>– Izvjestiteljica: Matija Marija Đikić, pročelnica Upravnog odjela za financije, proračun i javnu nabavu</p>
<p>11. Prijedlog I. izmjena Programa javnih potreba u socijalnoj skrbi i zdravstvenoj zaštiti Grada Kaštela za 2018. godinu</p>
<p>12. Prijedlog izmjena Programa javnih potreba predškolskom odgoju Grada Kaštela za 2018. godinu</p>
<p>13. Prijedlog I. izmjena Program javnih potreba u kulturi Grada Kaštela za 2018. godinu</p>
<p>14. Prijedlog I. izmjena Programa financiranja javnih potreba udruga građana Grada, institucija, ustanova i vjerskih zajednica Grada Kaštela za 2018.g.</p>
<p>15. Prijedlog I. izmjena Programa javnih potreba u protupožarnoj i civilnoj zaštiti Grada Kaštela za 2018. godinu</p>
<p>– Izvjestiteljica t. 11. do t. 15. : Sandra Zokić, pročelnica Upravnog odjela za društvene djelatnosti i opće poslove</p>
