{"id":8382,"date":"2018-02-21T08:30:00","date_gmt":"2018-02-21T07:30:00","guid":{"rendered":"https:\/\/kastela.hr\/en\/gradsko-vijece\/6-sjednica-gradskog-vijeca-grada-kastela\/"},"modified":"2024-11-28T14:09:40","modified_gmt":"2024-11-28T13:09:40","slug":"6-sjednica-gradskog-vijeca-grada-kastela","status":"publish","type":"gradsko-vijece","link":"https:\/\/kastela.hr\/en\/gradsko-vijece\/mandatno-razdoblje-2017-2021\/6-sjednica-gradskog-vijeca-grada-kastela\/","title":{"rendered":"6. Sjednica Gradskog vije\u0107a Grada Ka\u0161tela"},"content":{"rendered":"<p>Predsjednik Gradskog vije\u0107a Ivan Udovi\u010di\u0107 sazvao je 6. sjednicu Gradskog vije\u0107a Grada Ka\u0161tela za dan 21. velja\u010de (srijeda) 2018. g. u 11:30 sati u Gradskoj vije\u0107nici. Dnevni red se sastoji od 12 to\u010daka.<\/p>\n<p>1. Usvajanje Zapisnika s 5. sjednice Gradskog vije\u0107a Zapisnik 5. sjednice 31 sije\u010dnja 2018<\/p>\n<p>2. Vije\u0107ni\u010dka pitanja i prijedlozi<\/p>\n<p>3. Prijedlog odluke o izradi Urbanisti\u010dkog plana ure\u0111enja turisti\u010dke zone Ka\u0161tel Su\u0107urac \u2013 Sustipan (UPU18)<\/p>\n<p>\u2013 Izvjestitelj Boris \u0160kara, pro\u010delnik Upravnog odjela za prostorno ure\u0111enje, gradnju i za\u0161titu okoli\u0161a<\/p>\n<p>4. Prijedlog Odluke o mjerama za sprje\u010davanje nepropisnog odbacivanja otpada i mjerama za uklanjanje odba\u010denog otpada<\/p>\n<p>5. Prijedlog odluke o ukidanju statusa javnog dobra u op\u0107oj uporabi na dijelu \u010dest. zem. 17954 k.o. Ka\u0161tel Novi<\/p>\n<p>6. Prijedlog odluke o izmjenama Odluke o privremenoj zabrani izvo\u0111enja radova u 2018. godini \u00a0 \u00a0 Odluka o privremenoj zabrani izvo\u0111enja radova u 2018.g.<\/p>\n<p>7. Prijedlog odluke o dopuni Odluke o dodjeli na kori\u0161tenje javnih povr\u0161ina<\/p>\n<p>\u2013 Izvjestiteljica t. 4. do t.7.: Marija Pelivan, pro\u010delnica Upravnog odjela za komunalno gospodarstvo i imovinsko pravne poslove<\/p>\n<p>8. Prijedlog odluke 0 izmjenama i dopunama Odluke 0 ustrojstvu upravnih tijela Grada Kastela<\/p>\n<p>\u2013 Izvjestiteljica: Sanda Jakus, pro\u010delnica Upravnog odjela za poslove Gradona\u010delnika i Gradskog vije\u0107a<\/p>\n<p>9. Prijedlozi odluka o dodjeli javnih priznanja Grada Ka\u0161tela za 2017.g. \u00a0Izvje\u0161\u0107e i prijedlozi s obrazlo\u017eenjem,\u00a0 Prijedlozi odluka za \u017eivotno djelo, Prijedlog odluke za humanost, Prijedlozi odluka_davatelji krvi,\u00a0 Prijedlozi odluka_osobne nagrade, Prijedlozi odluka skupne nagrade<\/p>\n<p>10. Prijedlog odluke o visini nov\u010dane nagrade dobitnicima javnih priznanja za 2017. g.<\/p>\n<p>\u2013 Izvjestiteljica: t. 9. i t. 10.: Dina Bali\u0107, predsjednica Komisije za dodjelu javnih priznanja.<\/p>\n<p>11. Izvje\u0161\u0107e o provjeri formalnih uvjeta za izbor \u010dlanova Savjeta mladih Grada Ka\u0161tela i njihovih zamjenika<\/p>\n<p>\u2013 Izvjestitelj: Zoran Bonacin, predsjednik Odbora za izbor i imenovanja<\/p>\n<p>12. Izbor \u010dlanova Savjeta mladih Grada Ka\u0161tela i njihovih zamjenika<\/p>\n<p>Poziv za 6. sjednicu Gradskog vije\u0107a<\/p>\n","protected":false},"featured_media":8383,"template":"","meta":{"_acf_changed":true},"kategorija-gradskog-vijeca":[61,59],"class_list":["post-8382","gradsko-vijece","type-gradsko-vijece","status-publish","has-post-thumbnail","hentry","kategorija-gradskog-vijeca-mandatno-razdoblje-2017-2021","kategorija-gradskog-vijeca-sjednice-gradskog-vijeca"],"acf":[],"_links":{"self":[{"href":"https:\/\/kastela.hr\/en\/wp-json\/wp\/v2\/gradsko-vijece\/8382","targetHints":{"allow":["GET"]}}],"collection":[{"href":"https:\/\/kastela.hr\/en\/wp-json\/wp\/v2\/gradsko-vijece"}],"about":[{"href":"https:\/\/kastela.hr\/en\/wp-json\/wp\/v2\/types\/gradsko-vijece"}],"wp:featuredmedia":[{"embeddable":true,"href":"https:\/\/kastela.hr\/en\/wp-json\/wp\/v2\/media\/8383"}],"wp:attachment":[{"href":"https:\/\/kastela.hr\/en\/wp-json\/wp\/v2\/media?parent=8382"}],"wp:term":[{"taxonomy":"kategorija-gradskog-vijeca","embeddable":true,"href":"https:\/\/kastela.hr\/en\/wp-json\/wp\/v2\/kategorija-gradskog-vijeca?post=8382"}],"curies":[{"name":"wp","href":"https:\/\/api.w.org\/{rel}","templated":true}]}}

6. Sjednica Gradskog vijeća Grada Kaštela

<p>Predsjednik Gradskog vijeća Ivan Udovičić sazvao je 6. sjednicu Gradskog vijeća Grada Kaštela za dan 21. veljače (srijeda) 2018. g. u 11:30 sati u Gradskoj vijećnici. Dnevni red se sastoji od 12 točaka.</p>
<p>1. Usvajanje Zapisnika s 5. sjednice Gradskog vijeća Zapisnik 5. sjednice 31 siječnja 2018</p>
<p>2. Vijećnička pitanja i prijedlozi</p>
<p>3. Prijedlog odluke o izradi Urbanističkog plana uređenja turističke zone Kaštel Sućurac – Sustipan (UPU18)</p>
<p>– Izvjestitelj Boris Škara, pročelnik Upravnog odjela za prostorno uređenje, gradnju i zaštitu okoliša</p>
<p>4. Prijedlog Odluke o mjerama za sprječavanje nepropisnog odbacivanja otpada i mjerama za uklanjanje odbačenog otpada</p>
<p>5. Prijedlog odluke o ukidanju statusa javnog dobra u općoj uporabi na dijelu čest. zem. 17954 k.o. Kaštel Novi</p>
<p>6. Prijedlog odluke o izmjenama Odluke o privremenoj zabrani izvođenja radova u 2018. godini     Odluka o privremenoj zabrani izvođenja radova u 2018.g.</p>
<p>7. Prijedlog odluke o dopuni Odluke o dodjeli na korištenje javnih površina</p>
<p>– Izvjestiteljica t. 4. do t.7.: Marija Pelivan, pročelnica Upravnog odjela za komunalno gospodarstvo i imovinsko pravne poslove</p>
<p>8. Prijedlog odluke 0 izmjenama i dopunama Odluke 0 ustrojstvu upravnih tijela Grada Kastela</p>
<p>– Izvjestiteljica: Sanda Jakus, pročelnica Upravnog odjela za poslove Gradonačelnika i Gradskog vijeća</p>
<p>9. Prijedlozi odluka o dodjeli javnih priznanja Grada Kaštela za 2017.g.  Izvješće i prijedlozi s obrazloženjem,  Prijedlozi odluka za životno djelo, Prijedlog odluke za humanost, Prijedlozi odluka_davatelji krvi,  Prijedlozi odluka_osobne nagrade, Prijedlozi odluka skupne nagrade</p>
<p>10. Prijedlog odluke o visini novčane nagrade dobitnicima javnih priznanja za 2017. g.</p>
<p>– Izvjestiteljica: t. 9. i t. 10.: Dina Balić, predsjednica Komisije za dodjelu javnih priznanja.</p>
<p>11. Izvješće o provjeri formalnih uvjeta za izbor članova Savjeta mladih Grada Kaštela i njihovih zamjenika</p>
<p>– Izvjestitelj: Zoran Bonacin, predsjednik Odbora za izbor i imenovanja</p>
<p>12. Izbor članova Savjeta mladih Grada Kaštela i njihovih zamjenika</p>
<p>Poziv za 6. sjednicu Gradskog vijeća</p>
