{"id":8381,"date":"2018-01-31T08:33:00","date_gmt":"2018-01-31T07:33:00","guid":{"rendered":"https:\/\/kastela.hr\/en\/gradsko-vijece\/5-sjednica-gradskog-vijeca-grada-kastela\/"},"modified":"2024-11-28T14:10:48","modified_gmt":"2024-11-28T13:10:48","slug":"5-sjednica-gradskog-vijeca-grada-kastela","status":"publish","type":"gradsko-vijece","link":"https:\/\/kastela.hr\/en\/gradsko-vijece\/mandatno-razdoblje-2017-2021\/5-sjednica-gradskog-vijeca-grada-kastela\/","title":{"rendered":"5. Sjednica Gradskog vije\u0107a Grada Ka\u0161tela"},"content":{"rendered":"<p>Sazvana je 5. sjednica Gradskog vije\u0107a Grada Ka\u0161tela za dan 31. sije\u010dnja (srijeda) 2018. g. u 12,00 sati u Gradskoj vije\u0107nici sa sljede\u0107im Dnevim redom:<\/p>\n<p>1. Usvajanje Zapisnika sa 4. sjednice Gradskog vije\u0107a<\/p>\n<p>2. Vije\u0107ni\u010dka pitanja i prijedlozi<\/p>\n<p>3. Prijedlog odluke o na\u010dinu pru\u017eanja javne usluge prikupljanja mije\u0161anog komunalnog otpada i biorazgradivog komunalnog otpada na podru\u010dju Grada Ka\u0161tela<br \/>\n\u2013 Izvjestitelji: Marija Pelivan, pro\u010delnica Upravnog odjela za komunalno gospodarstvo i imovinsko pravne poslove i predstavnik trgova\u010dkog dru\u0161tva \u201e\u010cisto\u0107a\u201d d.o.o. Split<\/p>\n<p>4. Prijedlog odluke o povjeravanju komunalnih poslova sakupljanja \u017eivotinjskih le\u0161ina s javnih povr\u0161ina na podru\u010dju Grada Ka\u0161tela<\/p>\n<p>5. Prijedlog odluke o povjeravanju komunalnih djelatnosti iz djelokruga poslova Vlastitog pogona Grada Ka\u0161tela za koje isti nema potrebnu opremu<br \/>\n\u2013 Izvjestitelj t. 4. i t. 5.: Grgica Benuti\u0107, predsjednik Povjerenstva za provedbu javnog natje\u010daja<\/p>\n<p>Poziv \u2013 5. sjednica Gradskog vije\u0107a Grada Ka\u0161tela<\/p>\n","protected":false},"featured_media":0,"template":"","meta":{"_acf_changed":true},"kategorija-gradskog-vijeca":[61,59],"class_list":["post-8381","gradsko-vijece","type-gradsko-vijece","status-publish","hentry","kategorija-gradskog-vijeca-mandatno-razdoblje-2017-2021","kategorija-gradskog-vijeca-sjednice-gradskog-vijeca"],"acf":[],"_links":{"self":[{"href":"https:\/\/kastela.hr\/en\/wp-json\/wp\/v2\/gradsko-vijece\/8381","targetHints":{"allow":["GET"]}}],"collection":[{"href":"https:\/\/kastela.hr\/en\/wp-json\/wp\/v2\/gradsko-vijece"}],"about":[{"href":"https:\/\/kastela.hr\/en\/wp-json\/wp\/v2\/types\/gradsko-vijece"}],"wp:attachment":[{"href":"https:\/\/kastela.hr\/en\/wp-json\/wp\/v2\/media?parent=8381"}],"wp:term":[{"taxonomy":"kategorija-gradskog-vijeca","embeddable":true,"href":"https:\/\/kastela.hr\/en\/wp-json\/wp\/v2\/kategorija-gradskog-vijeca?post=8381"}],"curies":[{"name":"wp","href":"https:\/\/api.w.org\/{rel}","templated":true}]}}

5. Sjednica Gradskog vijeća Grada Kaštela

<p>Sazvana je 5. sjednica Gradskog vijeća Grada Kaštela za dan 31. siječnja (srijeda) 2018. g. u 12,00 sati u Gradskoj vijećnici sa sljedećim Dnevim redom:</p>
<p>1. Usvajanje Zapisnika sa 4. sjednice Gradskog vijeća</p>
<p>2. Vijećnička pitanja i prijedlozi</p>
<p>3. Prijedlog odluke o načinu pružanja javne usluge prikupljanja miješanog komunalnog otpada i biorazgradivog komunalnog otpada na području Grada Kaštela<br />
– Izvjestitelji: Marija Pelivan, pročelnica Upravnog odjela za komunalno gospodarstvo i imovinsko pravne poslove i predstavnik trgovačkog društva „Čistoća” d.o.o. Split</p>
<p>4. Prijedlog odluke o povjeravanju komunalnih poslova sakupljanja životinjskih lešina s javnih površina na području Grada Kaštela</p>
<p>5. Prijedlog odluke o povjeravanju komunalnih djelatnosti iz djelokruga poslova Vlastitog pogona Grada Kaštela za koje isti nema potrebnu opremu<br />
– Izvjestitelj t. 4. i t. 5.: Grgica Benutić, predsjednik Povjerenstva za provedbu javnog natječaja</p>
<p>Poziv – 5. sjednica Gradskog vijeća Grada Kaštela</p>
