{"id":8378,"date":"2017-12-13T08:46:00","date_gmt":"2017-12-13T07:46:00","guid":{"rendered":"https:\/\/kastela.hr\/en\/gradsko-vijece\/4-sjednica-gradskog-vijeca-grada-kastela\/"},"modified":"2024-11-28T14:16:16","modified_gmt":"2024-11-28T13:16:16","slug":"4-sjednica-gradskog-vijeca-grada-kastela","status":"publish","type":"gradsko-vijece","link":"https:\/\/kastela.hr\/en\/gradsko-vijece\/mandatno-razdoblje-2017-2021\/4-sjednica-gradskog-vijeca-grada-kastela\/","title":{"rendered":"4. Sjednica Gradskog vije\u0107a Grada Ka\u0161tela"},"content":{"rendered":"<p>Sazvana je 4. sjednica Gradskog vije\u0107a Grada Ka\u0161tela za dan 13. prosinca 2017. g. (srijeda) g. u 11:00 sati u Gradskoj vije\u0107nici. Dnevni red se sastoji od 40 to\u010daka dnevnog reda.<\/p>\n<p>1. Usvajanje Zapisnika sa 3. sjednice Gradskog vije\u0107a<\/p>\n<p>2. Vije\u0107ni\u010dka pitanja i prijedlozi<\/p>\n<p>3. Prijedlog 3. izmjena i dopuna prora\u010duna Grada Ka\u0161tela za 2017.godinu<\/p>\n<p>\u2013 Izvjestiteljica: Matija Marija \u0110iki\u0107, pro\u010delnica Upravnog odjela za financije, prora\u010dun i javnu nabavu<\/p>\n<p>4. Prijedlog 2. izmjena programa javnih potreba u socijalnoj skrbi i zdravstvenoj za\u0161titi Grada Ka\u0161tela za 2017. g.<\/p>\n<p>5. Prijedlog 2. Izmjena Programa javnih potreba u kulturi grada Ka\u0161tela za 2017.<\/p>\n<p>6. \u00a0Prijedlog izmjena Programa javnih potreba u pred\u0161kolskom odgoju Grada Ka\u0161tela za 2017<\/p>\n<p>\u2013 Izvjestiteljica t. 4.do t. 6: Sandra Zoki\u0107, pro\u010delnica Upravnog odjela za dru\u0161tvene djelatnosti i op\u0107e poslove<\/p>\n<p>7. Prijedlog III. izmjena Programa odr\u017eavanja komunalne infrastrukture u Gradu Ka\u0161tela za 2017. godinu<\/p>\n<p>\u2013 Izvjestiteljica: Marija Pelivan, pro\u010delnica Upravnog odjela za komunalno gospodarstvo i imovinsko pravne poslove<\/p>\n<p>8. Prijedlog Prora\u010duna Grada Ka\u0161tela za 2018. g. i projekcije za 2019. i 2020. godinu<\/p>\n<p>9. \u00a0Prijedlog odluke o izvr\u0161avanju Prora\u010duna Grada Ka\u0161tela za 2018. godinu<\/p>\n<p>\u2013 Izvjestiteljica t. 8. i t. 9.: Matija Marija \u0110iki\u0107, pro\u010delnica Upravnog odjela za prora\u010dun, financije i javnu nabavu<\/p>\n<p>10. Prijedlog programa gradnje objekata i ure\u0111aja komunalne infrastrukture u Gradu Ka\u0161tela za 2018. godinu<\/p>\n<p>11. Prijedlog programa odr\u017eavanja komunalne infrastrukture u Gradu Ka\u0161tela za 2018. godinu<\/p>\n<p>\u2013 Izvjestiteljica t.10. i t.11. Marija Pelivan, pro\u010delnica Upravnog odjela za komunalno gospodarstvo i imovinsko pravne poslove<\/p>\n<p>12. Prijedlog programa javnih potreba u socijalnoj skrbi i zdravstvenoj za\u0161titi Grada Ka\u0161tela za 2018.godinu<\/p>\n<p>13. Prijedlog programa financiranja javnih potreba u pred\u0161kolskom odgoju Grada Ka\u0161tela za 2018. godinu<\/p>\n<p>14. Prijedlog plana mre\u017ee dje\u010djih vrti\u0107a na podru\u010dju grada Ka\u0161tela<\/p>\n<p>15. Prijedlog programa financiranja javnih potreba u \u0161portu Grada Ka\u0161tela za 2018. godinu<\/p>\n<p>16. \u00a0Prijedlog programa financiranja javnih potreba u tehni\u010dkoj kulturi Grada Ka\u0161tela za 2018. godinu<\/p>\n<p>17. Prijedlog Programa javnih potreba u kulturi grada Ka\u0161tela za 2018<\/p>\n<p>18. \u00a0Prijedlog programa financiranja javnih potreba udruga gra\u0111ana, institucija, ustanova i vjerskih zajednica Grada Ka\u0161tela za 2018. godinu<\/p>\n<p>19. Prijedlog odluke o jednokratnoj nov\u010danoj pomo\u0107i za roditelje i udovice poginulih branitelja Domovinskog rata povodom Bo\u017ei\u0107a<\/p>\n<p>20. Prijedlog odluke o jednokratnoj nov\u010danoj pomo\u0107i za umirovljenike i nezaposlene povodom Bo\u017ei\u0107a<\/p>\n<p>21. Analiza stanja sustava civilne za\u0161tite na podru\u010dju Grada Ka\u0161tela u 2017. g.<\/p>\n<p>22. Prijedlog Plana razvoja sustava civilne za\u0161tite na podru\u010dju Grada Ka\u0161tela<\/p>\n<p>23. Prijedlog programa javnih potreba u protupo\u017earnoj i civilnoj za\u0161titi Grada Ka\u0161tela za 2018. godinu<\/p>\n<p>\u2013 Izvjestiteljica t. 12. do t. 23.: Sandra Zoki\u0107, pro\u010delnica Upravnog odjela za dru\u0161tvene djelatnosti i op\u0107e poslove<\/p>\n<p>24. Prijedlog odluke o raspore\u0111ivanju sredstava za financiranje politi\u010dkih stranaka i \u010dlanova predstavni\u010dkih tijela izabranih s liste grupe bira\u010da Gradskog vije\u0107a Grada Ka\u0161tela za 2018. godinu<\/p>\n<p>\u2013 Izvjestiteljica Sanda Jakus, pro\u010delnica Upravnog odjela za poslove Gradona\u010delnika i Gradskog vije\u0107a<\/p>\n<p>25. Prijedlog programa kori\u0161tenja sredstava naknade za zadr\u017eavanje nezakonito izgra\u0111enih zgrada u prostoru na podru\u010dju Grada Ka\u0161tela<\/p>\n<p>\u2013 Izvjestitelj: Boris \u0160kara, pro\u010delnik Upravnog odjela za prostorno ure\u0111enje, gradnju i za\u0161titu okoli\u0161a<\/p>\n<p>26 \u00a0Prijedlog odluke o sklapanju nagodbe o naknadi za zemlji\u0161te preneseno u vlasni\u0161tvo Grada Ka\u0161tela ozna\u010deno kao \u010dest. z. 2250\/1,2249\/1, 2248\/1, 2247\/1 k.o. Ka\u0161tel Su\u0107urac<\/p>\n<p>27. \u00a0Prijedlog odluke o prodaji \u010dest. zem. 2257\/4 i 2507\/2 k.o. Ka\u0161tel Su\u0107urac<\/p>\n<p>28. \u00a0Prijedlog odluke o privremenoj zabrani izvo\u0111enja radova na podru\u010dju u 2018. godin<\/p>\n<p>29. \u00a0Prijedlog odluke o ukidanju statusa javnog dobra u op\u0107oj uporabi na dijelu \u010dest. zem. 1773 k.o. Ka\u0161tel Novi<\/p>\n<p>30. \u00a0Prijedlog odluke o izmjenama i dopunama Odluke o dodjeli na kori\u0161tenje javnih povr\u0161ina<\/p>\n<p>31.Prijedlog odluke o dopunama Odluke o reklamiranju na podru\u010dju Grada Ka\u0161tela<\/p>\n<p>\u2013 Izvjestiteljica t. 26.. do t. 31. : Marija Pelivan, pro\u010delnica Upravnog odjela za komunalno gospodarstvo i imovinsko pravne poslove<\/p>\n<p>32.Prijedlog odluke o izmjenama Odluke o autotaksi prijevozu<\/p>\n<p>\u2013 Izvjestiteljica: Tonkica Bari\u0107, voditeljica Odjeka za gospodarstvo<\/p>\n<p>33. Prijedlog odluke o izmjeni Odluke o osnivanju Vlastitog pogona za obavljanje komunalnih djelatnosti u gradu Ka\u0161tela<\/p>\n<p>34. Prijedlog Odluke o izmjenama Odluke o organizaciji parkiranja<\/p>\n<p>\u2013 Izvjestitelj t. 33. i t. 34.: Ivan \u010cagalj, upravitelj Vlastitog pogona<\/p>\n<p>35. Prijedlog odluke o izmjeni odluke o socijalnoj skrbi<\/p>\n<p>\u2013 Izvjestiteljica: Sandra Zoki\u0107, pro\u010delnica Upravnog odjela za dru\u0161tvene djelatnosti i op\u0107e poslove<\/p>\n<p>36. Prijedlog odluke o izmjenama Odluke o gradskim porezima<\/p>\n<p>\u2013 Izvjestiteljica: Matija Marija \u0110iki\u0107, pro\u010delnica Upravnog odjela za financije, prora\u010dun i javnu nabavu<\/p>\n<p>37. Prijedlog izmjena Poslovnika Gradskog vije\u0107a Grada Ka\u0161tela<\/p>\n<p>\u2013 Izvjestitelj: Mario \u0160kopljanac, predsjednik Odbora za Statut, Poslovnik i normativnu djelatnost<\/p>\n<p>38. Izvje\u0161\u0107e o provjeri formalnih uvjeta za izbor \u010dlanova Savjeta mladih Grada Ka\u0161tela i njihovih zamjenika<\/p>\n<p>39. \u00a0Prijedlog zaklju\u010dka o ponovnom pokretanju postupka za izbor \u010dlanova Savjeta mladih i njihovih zamjenika<\/p>\n<p>40. \u00a0Prijedlog Rje\u0161enja o imenovanju \u010dlanova Povjerenstva za ravnopravnost spolova<\/p>\n<p>\u2013 Izvjestitelj t. 38. do t. 40.: Zoran Bonacin, predsjednik Odbora za izbor i imenovanja<\/p>\n<p>1 POZIV_4_ sjednica Gradskog vijeca_ 13 prosinca 2017<\/p>\n","protected":false},"featured_media":8379,"template":"","meta":{"_acf_changed":true},"kategorija-gradskog-vijeca":[61,59],"class_list":["post-8378","gradsko-vijece","type-gradsko-vijece","status-publish","has-post-thumbnail","hentry","kategorija-gradskog-vijeca-mandatno-razdoblje-2017-2021","kategorija-gradskog-vijeca-sjednice-gradskog-vijeca"],"acf":[],"_links":{"self":[{"href":"https:\/\/kastela.hr\/en\/wp-json\/wp\/v2\/gradsko-vijece\/8378","targetHints":{"allow":["GET"]}}],"collection":[{"href":"https:\/\/kastela.hr\/en\/wp-json\/wp\/v2\/gradsko-vijece"}],"about":[{"href":"https:\/\/kastela.hr\/en\/wp-json\/wp\/v2\/types\/gradsko-vijece"}],"wp:featuredmedia":[{"embeddable":true,"href":"https:\/\/kastela.hr\/en\/wp-json\/wp\/v2\/media\/8379"}],"wp:attachment":[{"href":"https:\/\/kastela.hr\/en\/wp-json\/wp\/v2\/media?parent=8378"}],"wp:term":[{"taxonomy":"kategorija-gradskog-vijeca","embeddable":true,"href":"https:\/\/kastela.hr\/en\/wp-json\/wp\/v2\/kategorija-gradskog-vijeca?post=8378"}],"curies":[{"name":"wp","href":"https:\/\/api.w.org\/{rel}","templated":true}]}}

4. Sjednica Gradskog vijeća Grada Kaštela

<p>Sazvana je 4. sjednica Gradskog vijeća Grada Kaštela za dan 13. prosinca 2017. g. (srijeda) g. u 11:00 sati u Gradskoj vijećnici. Dnevni red se sastoji od 40 točaka dnevnog reda.</p>
<p>1. Usvajanje Zapisnika sa 3. sjednice Gradskog vijeća</p>
<p>2. Vijećnička pitanja i prijedlozi</p>
<p>3. Prijedlog 3. izmjena i dopuna proračuna Grada Kaštela za 2017.godinu</p>
<p>– Izvjestiteljica: Matija Marija Đikić, pročelnica Upravnog odjela za financije, proračun i javnu nabavu</p>
<p>4. Prijedlog 2. izmjena programa javnih potreba u socijalnoj skrbi i zdravstvenoj zaštiti Grada Kaštela za 2017. g.</p>
<p>5. Prijedlog 2. Izmjena Programa javnih potreba u kulturi grada Kaštela za 2017.</p>
<p>6.  Prijedlog izmjena Programa javnih potreba u predškolskom odgoju Grada Kaštela za 2017</p>
<p>– Izvjestiteljica t. 4.do t. 6: Sandra Zokić, pročelnica Upravnog odjela za društvene djelatnosti i opće poslove</p>
<p>7. Prijedlog III. izmjena Programa održavanja komunalne infrastrukture u Gradu Kaštela za 2017. godinu</p>
<p>– Izvjestiteljica: Marija Pelivan, pročelnica Upravnog odjela za komunalno gospodarstvo i imovinsko pravne poslove</p>
<p>8. Prijedlog Proračuna Grada Kaštela za 2018. g. i projekcije za 2019. i 2020. godinu</p>
<p>9.  Prijedlog odluke o izvršavanju Proračuna Grada Kaštela za 2018. godinu</p>
<p>– Izvjestiteljica t. 8. i t. 9.: Matija Marija Đikić, pročelnica Upravnog odjela za proračun, financije i javnu nabavu</p>
<p>10. Prijedlog programa gradnje objekata i uređaja komunalne infrastrukture u Gradu Kaštela za 2018. godinu</p>
<p>11. Prijedlog programa održavanja komunalne infrastrukture u Gradu Kaštela za 2018. godinu</p>
<p>– Izvjestiteljica t.10. i t.11. Marija Pelivan, pročelnica Upravnog odjela za komunalno gospodarstvo i imovinsko pravne poslove</p>
<p>12. Prijedlog programa javnih potreba u socijalnoj skrbi i zdravstvenoj zaštiti Grada Kaštela za 2018.godinu</p>
<p>13. Prijedlog programa financiranja javnih potreba u predškolskom odgoju Grada Kaštela za 2018. godinu</p>
<p>14. Prijedlog plana mreže dječjih vrtića na području grada Kaštela</p>
<p>15. Prijedlog programa financiranja javnih potreba u športu Grada Kaštela za 2018. godinu</p>
<p>16.  Prijedlog programa financiranja javnih potreba u tehničkoj kulturi Grada Kaštela za 2018. godinu</p>
<p>17. Prijedlog Programa javnih potreba u kulturi grada Kaštela za 2018</p>
<p>18.  Prijedlog programa financiranja javnih potreba udruga građana, institucija, ustanova i vjerskih zajednica Grada Kaštela za 2018. godinu</p>
<p>19. Prijedlog odluke o jednokratnoj novčanoj pomoći za roditelje i udovice poginulih branitelja Domovinskog rata povodom Božića</p>
<p>20. Prijedlog odluke o jednokratnoj novčanoj pomoći za umirovljenike i nezaposlene povodom Božića</p>
<p>21. Analiza stanja sustava civilne zaštite na području Grada Kaštela u 2017. g.</p>
<p>22. Prijedlog Plana razvoja sustava civilne zaštite na području Grada Kaštela</p>
<p>23. Prijedlog programa javnih potreba u protupožarnoj i civilnoj zaštiti Grada Kaštela za 2018. godinu</p>
<p>– Izvjestiteljica t. 12. do t. 23.: Sandra Zokić, pročelnica Upravnog odjela za društvene djelatnosti i opće poslove</p>
<p>24. Prijedlog odluke o raspoređivanju sredstava za financiranje političkih stranaka i članova predstavničkih tijela izabranih s liste grupe birača Gradskog vijeća Grada Kaštela za 2018. godinu</p>
<p>– Izvjestiteljica Sanda Jakus, pročelnica Upravnog odjela za poslove Gradonačelnika i Gradskog vijeća</p>
<p>25. Prijedlog programa korištenja sredstava naknade za zadržavanje nezakonito izgrađenih zgrada u prostoru na području Grada Kaštela</p>
<p>– Izvjestitelj: Boris Škara, pročelnik Upravnog odjela za prostorno uređenje, gradnju i zaštitu okoliša</p>
<p>26  Prijedlog odluke o sklapanju nagodbe o naknadi za zemljište preneseno u vlasništvo Grada Kaštela označeno kao čest. z. 2250/1,2249/1, 2248/1, 2247/1 k.o. Kaštel Sućurac</p>
<p>27.  Prijedlog odluke o prodaji čest. zem. 2257/4 i 2507/2 k.o. Kaštel Sućurac</p>
<p>28.  Prijedlog odluke o privremenoj zabrani izvođenja radova na području u 2018. godin</p>
<p>29.  Prijedlog odluke o ukidanju statusa javnog dobra u općoj uporabi na dijelu čest. zem. 1773 k.o. Kaštel Novi</p>
<p>30.  Prijedlog odluke o izmjenama i dopunama Odluke o dodjeli na korištenje javnih površina</p>
<p>31.Prijedlog odluke o dopunama Odluke o reklamiranju na području Grada Kaštela</p>
<p>– Izvjestiteljica t. 26.. do t. 31. : Marija Pelivan, pročelnica Upravnog odjela za komunalno gospodarstvo i imovinsko pravne poslove</p>
<p>32.Prijedlog odluke o izmjenama Odluke o autotaksi prijevozu</p>
<p>– Izvjestiteljica: Tonkica Barić, voditeljica Odjeka za gospodarstvo</p>
<p>33. Prijedlog odluke o izmjeni Odluke o osnivanju Vlastitog pogona za obavljanje komunalnih djelatnosti u gradu Kaštela</p>
<p>34. Prijedlog Odluke o izmjenama Odluke o organizaciji parkiranja</p>
<p>– Izvjestitelj t. 33. i t. 34.: Ivan Čagalj, upravitelj Vlastitog pogona</p>
<p>35. Prijedlog odluke o izmjeni odluke o socijalnoj skrbi</p>
<p>– Izvjestiteljica: Sandra Zokić, pročelnica Upravnog odjela za društvene djelatnosti i opće poslove</p>
<p>36. Prijedlog odluke o izmjenama Odluke o gradskim porezima</p>
<p>– Izvjestiteljica: Matija Marija Đikić, pročelnica Upravnog odjela za financije, proračun i javnu nabavu</p>
<p>37. Prijedlog izmjena Poslovnika Gradskog vijeća Grada Kaštela</p>
<p>– Izvjestitelj: Mario Škopljanac, predsjednik Odbora za Statut, Poslovnik i normativnu djelatnost</p>
<p>38. Izvješće o provjeri formalnih uvjeta za izbor članova Savjeta mladih Grada Kaštela i njihovih zamjenika</p>
<p>39.  Prijedlog zaključka o ponovnom pokretanju postupka za izbor članova Savjeta mladih i njihovih zamjenika</p>
<p>40.  Prijedlog Rješenja o imenovanju članova Povjerenstva za ravnopravnost spolova</p>
<p>– Izvjestitelj t. 38. do t. 40.: Zoran Bonacin, predsjednik Odbora za izbor i imenovanja</p>
<p>1 POZIV_4_ sjednica Gradskog vijeca_ 13 prosinca 2017</p>
