{"id":8377,"date":"2018-01-19T08:48:00","date_gmt":"2018-01-19T07:48:00","guid":{"rendered":"https:\/\/kastela.hr\/en\/gradsko-vijece\/1-tematska-sjednica-gradskog-vijeca-grada-kastela-2\/"},"modified":"2024-11-28T14:12:16","modified_gmt":"2024-11-28T13:12:16","slug":"1-tematska-sjednica-gradskog-vijeca-grada-kastela-2","status":"publish","type":"gradsko-vijece","link":"https:\/\/kastela.hr\/en\/gradsko-vijece\/mandatno-razdoblje-2017-2021\/1-tematska-sjednica-gradskog-vijeca-grada-kastela-2\/","title":{"rendered":"1. Tematska sjednica Gradskog vije\u0107a Grada Ka\u0161tela"},"content":{"rendered":"<p>Predsjednik Gradskog vije\u0107a Ivan Udovi\u010di\u0107, temeljem \u010dlanka 75. Poslovnika Gradskog vije\u0107a, sazvao je 1. tematsku sjednicu Gradskog vije\u0107a za dan 19. sije\u010dnja 2018. g. (petak) u 11,00 sati u Gradskoj vije\u0107nici.<\/p>\n<p>Tema sjednice bit \u0107e III. Izmjene i dopune Prostornog plana ure\u0111enja Grada Ka\u0161tela i Generalnog urbanisti\u010dkog plana Ka\u0161tela.<\/p>\n","protected":false},"featured_media":0,"template":"","meta":{"_acf_changed":true},"kategorija-gradskog-vijeca":[61,59],"class_list":["post-8377","gradsko-vijece","type-gradsko-vijece","status-publish","hentry","kategorija-gradskog-vijeca-mandatno-razdoblje-2017-2021","kategorija-gradskog-vijeca-sjednice-gradskog-vijeca"],"acf":[],"_links":{"self":[{"href":"https:\/\/kastela.hr\/en\/wp-json\/wp\/v2\/gradsko-vijece\/8377","targetHints":{"allow":["GET"]}}],"collection":[{"href":"https:\/\/kastela.hr\/en\/wp-json\/wp\/v2\/gradsko-vijece"}],"about":[{"href":"https:\/\/kastela.hr\/en\/wp-json\/wp\/v2\/types\/gradsko-vijece"}],"wp:attachment":[{"href":"https:\/\/kastela.hr\/en\/wp-json\/wp\/v2\/media?parent=8377"}],"wp:term":[{"taxonomy":"kategorija-gradskog-vijeca","embeddable":true,"href":"https:\/\/kastela.hr\/en\/wp-json\/wp\/v2\/kategorija-gradskog-vijeca?post=8377"}],"curies":[{"name":"wp","href":"https:\/\/api.w.org\/{rel}","templated":true}]}}

1. Tematska sjednica Gradskog vijeća Grada Kaštela

<p>Predsjednik Gradskog vijeća Ivan Udovičić, temeljem članka 75. Poslovnika Gradskog vijeća, sazvao je 1. tematsku sjednicu Gradskog vijeća za dan 19. siječnja 2018. g. (petak) u 11,00 sati u Gradskoj vijećnici.</p>
<p>Tema sjednice bit će III. Izmjene i dopune Prostornog plana uređenja Grada Kaštela i Generalnog urbanističkog plana Kaštela.</p>
