{"id":8371,"date":"2017-07-24T07:00:00","date_gmt":"2017-07-24T05:00:00","guid":{"rendered":"https:\/\/kastela.hr\/en\/gradsko-vijece\/2-sjednica-gradskog-vijeca-grada-kastela\/"},"modified":"2024-11-28T14:20:34","modified_gmt":"2024-11-28T13:20:34","slug":"2-sjednica-gradskog-vijeca-grada-kastela","status":"publish","type":"gradsko-vijece","link":"https:\/\/kastela.hr\/en\/gradsko-vijece\/mandatno-razdoblje-2017-2021\/2-sjednica-gradskog-vijeca-grada-kastela\/","title":{"rendered":"2. Sjednica Gradskog vije\u0107a Grada Ka\u0161tela"},"content":{"rendered":"<p>Sazvana je 2. sjednica Gradskog vije\u0107a Grada Ka\u0161tela u novom sazivu, i odr\u017eati \u0107e se 24. srpnja (ponedjeljak) u 12:00h, u Gradskoj vije\u0107nici.<br \/>\nDnevni red sadr\u017ei 23 to\u010dke.&nbsp;&nbsp; &nbsp;&nbsp;<\/p>\n<p>&nbsp; &nbsp; &nbsp; &nbsp; &nbsp; &nbsp; &nbsp; &nbsp; &nbsp; &nbsp; &nbsp; &nbsp; &nbsp; &nbsp; &nbsp; &nbsp; &nbsp; &nbsp; &nbsp; &nbsp; &nbsp; &nbsp; &nbsp; &nbsp; &nbsp; &nbsp; &nbsp; &nbsp; &nbsp; &nbsp; D n e v n i &nbsp; &nbsp;r e d&nbsp;<\/p>\n<p>Usvajanje Zapisnika konstituiraju\u0107e (1.) sjednice Gradskog vije\u0107a<br \/>\nVije\u0107ni\u010dka pitanja i prijedlozi<br \/>\nPrijedlog programa za\u0161tite zraka, ozonskog sloja, ubla\u017eavanja klimatskih promjena i prilagodbe klimatskim promjenama za podru\u010dje Grada Ka\u0161tela<br \/>\n&ndash; Izvjestitelj: predstavnik izra\u0111iva\u010da, DLS d.o.o. Rijeka<br \/>\n&ndash; Zaklju\u010dak<br \/>\n&ndash; Prijedlog Programa za\u0161tite zraka<br \/>\n&ndash; Izvje\u0161\u0107e o provedenom savjetovanju sa zainteresiranom javno\u0161\u0107u<br \/>\nPrijedlog odluke izmjenama i dopunama Odluke o izradi III. Izmjena i dopuna Prostornog plana ure\u0111enja Grada Ka\u0161tela<br \/>\nPrijedlog odluke izmjenama i dopunama Odluke o izradi III. Izmjena i dopuna Generalnog urbanisti\u010dkog plana Ka\u0161tela<br \/>\nPrijedlog odluke o provo\u0111enju postupka stavljanja izvan snage urbanisti\u010dkih planova ure\u0111enja<br \/>\n&ndash; Izvjestitelj t. 4. do t. 6.: Boris \u0160kara, pro\u010delnik Upravnog odjela za prostorno ure\u0111enje, gradnju i za\u0161titu okoli\u0161a<br \/>\nPrijedlog II. Izmjena i dopuna Prora\u010duna Grada Ka\u0161tela za 2017. godinu<br \/>\n&ndash; Izvjestiteljica: Matija Marija \u0110iki\u0107, pro\u010delnica Upravnog odjela za financije, prora\u010dun i javnu nabavu<br \/>\nPrijedlog izmjena Programa gradnje objekata i ure\u0111aja komunalne infrastrukture u Gradu Ka\u0161tela za 2017. godinu<br \/>\nPrijedlog izmjena i dopuna Programa odr\u017eavanja komunalne infrastrukture u Gradu Ka\u0161tela za 2017. godinu<br \/>\n&ndash; Izvjestiteljica t.8. i 9.: Marija Pelivan, pro\u010delnica Upravnog odjela za komunalno gospodarstvo i imovinsko- pravne poslove<br \/>\nPrijedlog 1. izmjena Programa javnih potreba u socijalnoj skrbi i zdravstvenoj za\u0161titi Grada Ka\u0161tela za 2017.godinu<br \/>\nPrijedlog 1. izmjena Programa javnih potreba u kulturi Grada Ka\u0161tela za 2017. godinu<br \/>\nPrijedlog 1. izmjena Programa javnih potreba u sportu Grada Ka\u0161tela za 2017. godinu<br \/>\nPrijedlog 1. izmjena Programa financiranja javnih potreba udruga gra\u0111ana, institucija, ustanova i vjerskih zajednica Grada Ka\u0161tela za 2017. godinu<br \/>\n&ndash; Izvjestiteljica t. 10. do t. 13. Sandra Zoki\u0107, pro\u010delnica Upravnog odjela za dru\u0161tvene djelatnosti i op\u0107e poslove<br \/>\nPrijedlog odluke o raspore\u0111ivanju sredstava za financiranje politi\u010dkih stranaka i \u010dlanova predstavni\u010dkih tijela izabranih s liste grupe bira\u010da &nbsp;Gradskog vije\u0107a Grada Ka\u0161tela za lipanj &ndash; prosinac 2017.g.<br \/>\n&ndash; Izvjestiteljica: Sanda Jakus, pro\u010delnica Upravnog odjela za poslove Gradona\u010delnika i Gradskog vije\u0107a<br \/>\nPrijedlog odluke o ukidanju statusa javnog dobra u op\u0107oj uporabi na dijelu \u010dest.zem. 1349\/1 k. o. Ka\u0161tel Gomilica<br \/>\nPrijedlog odluke o ukidanju statusa javnog dobra u op\u0107oj uporabi na dijelu \u010dest.zem. 1329 k. o. Ka\u0161tel Gomilica<br \/>\nPrijedlog odluke o ukidanju statusa javnog dobra u op\u0107oj uporabi na dijelu \u010dest.zem. 1865 k. o. Ka\u0161tel Novi<br \/>\n&ndash; Izvjestiteljica t. 15. do t. 17.: Marija Pelivan, pro\u010delnica Upravnog odjela za komunalno gospodarstvo i imovinsko- pravne poslove<br \/>\nPrijedlog odluke o imenovanju \u010dlanova Gradskog povjerenstva za procjenu \u0161teta od elementarnih nepogoda<br \/>\n&ndash; &nbsp; &nbsp; &nbsp;Izvjestiteljica: Marija Pelivan, pro\u010delnica Upravnog odjela za komunalno gospodarstvo i imovinsko- pravne poslove<br \/>\nPrijedlog Rje\u0161enja o izboru predsjednika i \u010dlanova Odbora za financije i prora\u010dun<br \/>\nPrijedlog Rje\u0161enja o izboru predsjednika i \u010dlanova Komisije za imena ulica i trgova i za spomenike<br \/>\nPrijedlog rje\u0161enja o izboru predsjednika i \u010dlanova Komisija za predstavke i pritu\u017ebe<br \/>\nPrijedlog Rje\u0161enja o izboru predsjednika i \u010dlanova Komisija za dodjelu javnih priznanja<br \/>\nPrijedlog Rje\u0161enja o izboru predsjednika i \u010dlanova o izboru predsjednika i \u010dlanova Komisije za me\u0111ugradsku i me\u0111unarodnu suradnju<br \/>\n&ndash; Izvjestitelj t. 19. do t. 23.: Zoran Bonacin, &nbsp;predsjednik Odbora za izbor i imenovanja<br \/>\n&nbsp;<\/p>\n<p>Predsjednik Gradskog vije\u0107a &nbsp; &nbsp; &nbsp; &nbsp; &nbsp; &nbsp; &nbsp; &nbsp; &nbsp; &nbsp; &nbsp; &nbsp; &nbsp; &nbsp; &nbsp; &nbsp; &nbsp; &nbsp; &nbsp; &nbsp; &nbsp; &nbsp; &nbsp; &nbsp; &nbsp; &nbsp; &nbsp; &nbsp; &nbsp; &nbsp; &nbsp; &nbsp; &nbsp; &nbsp; &nbsp; &nbsp; &nbsp; &nbsp; &nbsp; &nbsp; &nbsp; &nbsp; &nbsp; &nbsp; &nbsp; &nbsp; &nbsp; &nbsp; &nbsp; &nbsp; &nbsp; &nbsp; &nbsp;mr. oec. Ivan Udovi\u010di\u0107, v. r.<\/p>\n<p>&nbsp;&nbsp;<\/p>\n<p><strong>POZIV SE UPU\u0106UJE:<\/strong><\/p>\n<p>Vije\u0107nicima<br \/>\nGradona\u010delniku<br \/>\nZamjenicima gradona\u010delnika<br \/>\nPro\u010delnicima Upravnih odjela<br \/>\nUpravitelju Vlastitog pogona<br \/>\nSlu\u017ebi za unutarnju reviziju<br \/>\nRavnateljima ustanova<br \/>\nPredsjednici Savjeta mladih<br \/>\nPredsjednicima Vije\u0107a mjesnih odbora<br \/>\nIzvjestiteljima<br \/>\nPredstavnicima medija&nbsp; &nbsp; &nbsp; &nbsp; &nbsp;<\/p>\n","protected":false},"featured_media":8372,"template":"","meta":{"_acf_changed":true},"kategorija-gradskog-vijeca":[61,59],"class_list":["post-8371","gradsko-vijece","type-gradsko-vijece","status-publish","has-post-thumbnail","hentry","kategorija-gradskog-vijeca-mandatno-razdoblje-2017-2021","kategorija-gradskog-vijeca-sjednice-gradskog-vijeca"],"acf":[],"_links":{"self":[{"href":"https:\/\/kastela.hr\/en\/wp-json\/wp\/v2\/gradsko-vijece\/8371","targetHints":{"allow":["GET"]}}],"collection":[{"href":"https:\/\/kastela.hr\/en\/wp-json\/wp\/v2\/gradsko-vijece"}],"about":[{"href":"https:\/\/kastela.hr\/en\/wp-json\/wp\/v2\/types\/gradsko-vijece"}],"wp:featuredmedia":[{"embeddable":true,"href":"https:\/\/kastela.hr\/en\/wp-json\/wp\/v2\/media\/8372"}],"wp:attachment":[{"href":"https:\/\/kastela.hr\/en\/wp-json\/wp\/v2\/media?parent=8371"}],"wp:term":[{"taxonomy":"kategorija-gradskog-vijeca","embeddable":true,"href":"https:\/\/kastela.hr\/en\/wp-json\/wp\/v2\/kategorija-gradskog-vijeca?post=8371"}],"curies":[{"name":"wp","href":"https:\/\/api.w.org\/{rel}","templated":true}]}}

2. Sjednica Gradskog vijeća Grada Kaštela

<p>Sazvana je 2. sjednica Gradskog vijeća Grada Kaštela u novom sazivu, i održati će se 24. srpnja (ponedjeljak) u 12:00h, u Gradskoj vijećnici.<br />
Dnevni red sadrži 23 točke.&nbsp;&nbsp; &nbsp;&nbsp;</p>
<p>&nbsp; &nbsp; &nbsp; &nbsp; &nbsp; &nbsp; &nbsp; &nbsp; &nbsp; &nbsp; &nbsp; &nbsp; &nbsp; &nbsp; &nbsp; &nbsp; &nbsp; &nbsp; &nbsp; &nbsp; &nbsp; &nbsp; &nbsp; &nbsp; &nbsp; &nbsp; &nbsp; &nbsp; &nbsp; &nbsp; D n e v n i &nbsp; &nbsp;r e d&nbsp;</p>
<p>Usvajanje Zapisnika konstituirajuće (1.) sjednice Gradskog vijeća<br />
Vijećnička pitanja i prijedlozi<br />
Prijedlog programa zaštite zraka, ozonskog sloja, ublažavanja klimatskih promjena i prilagodbe klimatskim promjenama za područje Grada Kaštela<br />
&ndash; Izvjestitelj: predstavnik izrađivača, DLS d.o.o. Rijeka<br />
&ndash; Zaključak<br />
&ndash; Prijedlog Programa zaštite zraka<br />
&ndash; Izvješće o provedenom savjetovanju sa zainteresiranom javnošću<br />
Prijedlog odluke izmjenama i dopunama Odluke o izradi III. Izmjena i dopuna Prostornog plana uređenja Grada Kaštela<br />
Prijedlog odluke izmjenama i dopunama Odluke o izradi III. Izmjena i dopuna Generalnog urbanističkog plana Kaštela<br />
Prijedlog odluke o provođenju postupka stavljanja izvan snage urbanističkih planova uređenja<br />
&ndash; Izvjestitelj t. 4. do t. 6.: Boris Škara, pročelnik Upravnog odjela za prostorno uređenje, gradnju i zaštitu okoliša<br />
Prijedlog II. Izmjena i dopuna Proračuna Grada Kaštela za 2017. godinu<br />
&ndash; Izvjestiteljica: Matija Marija Đikić, pročelnica Upravnog odjela za financije, proračun i javnu nabavu<br />
Prijedlog izmjena Programa gradnje objekata i uređaja komunalne infrastrukture u Gradu Kaštela za 2017. godinu<br />
Prijedlog izmjena i dopuna Programa održavanja komunalne infrastrukture u Gradu Kaštela za 2017. godinu<br />
&ndash; Izvjestiteljica t.8. i 9.: Marija Pelivan, pročelnica Upravnog odjela za komunalno gospodarstvo i imovinsko- pravne poslove<br />
Prijedlog 1. izmjena Programa javnih potreba u socijalnoj skrbi i zdravstvenoj zaštiti Grada Kaštela za 2017.godinu<br />
Prijedlog 1. izmjena Programa javnih potreba u kulturi Grada Kaštela za 2017. godinu<br />
Prijedlog 1. izmjena Programa javnih potreba u sportu Grada Kaštela za 2017. godinu<br />
Prijedlog 1. izmjena Programa financiranja javnih potreba udruga građana, institucija, ustanova i vjerskih zajednica Grada Kaštela za 2017. godinu<br />
&ndash; Izvjestiteljica t. 10. do t. 13. Sandra Zokić, pročelnica Upravnog odjela za društvene djelatnosti i opće poslove<br />
Prijedlog odluke o raspoređivanju sredstava za financiranje političkih stranaka i članova predstavničkih tijela izabranih s liste grupe birača &nbsp;Gradskog vijeća Grada Kaštela za lipanj &ndash; prosinac 2017.g.<br />
&ndash; Izvjestiteljica: Sanda Jakus, pročelnica Upravnog odjela za poslove Gradonačelnika i Gradskog vijeća<br />
Prijedlog odluke o ukidanju statusa javnog dobra u općoj uporabi na dijelu čest.zem. 1349/1 k. o. Kaštel Gomilica<br />
Prijedlog odluke o ukidanju statusa javnog dobra u općoj uporabi na dijelu čest.zem. 1329 k. o. Kaštel Gomilica<br />
Prijedlog odluke o ukidanju statusa javnog dobra u općoj uporabi na dijelu čest.zem. 1865 k. o. Kaštel Novi<br />
&ndash; Izvjestiteljica t. 15. do t. 17.: Marija Pelivan, pročelnica Upravnog odjela za komunalno gospodarstvo i imovinsko- pravne poslove<br />
Prijedlog odluke o imenovanju članova Gradskog povjerenstva za procjenu šteta od elementarnih nepogoda<br />
&ndash; &nbsp; &nbsp; &nbsp;Izvjestiteljica: Marija Pelivan, pročelnica Upravnog odjela za komunalno gospodarstvo i imovinsko- pravne poslove<br />
Prijedlog Rješenja o izboru predsjednika i članova Odbora za financije i proračun<br />
Prijedlog Rješenja o izboru predsjednika i članova Komisije za imena ulica i trgova i za spomenike<br />
Prijedlog rješenja o izboru predsjednika i članova Komisija za predstavke i pritužbe<br />
Prijedlog Rješenja o izboru predsjednika i članova Komisija za dodjelu javnih priznanja<br />
Prijedlog Rješenja o izboru predsjednika i članova o izboru predsjednika i članova Komisije za međugradsku i međunarodnu suradnju<br />
&ndash; Izvjestitelj t. 19. do t. 23.: Zoran Bonacin, &nbsp;predsjednik Odbora za izbor i imenovanja<br />
&nbsp;</p>
<p>Predsjednik Gradskog vijeća &nbsp; &nbsp; &nbsp; &nbsp; &nbsp; &nbsp; &nbsp; &nbsp; &nbsp; &nbsp; &nbsp; &nbsp; &nbsp; &nbsp; &nbsp; &nbsp; &nbsp; &nbsp; &nbsp; &nbsp; &nbsp; &nbsp; &nbsp; &nbsp; &nbsp; &nbsp; &nbsp; &nbsp; &nbsp; &nbsp; &nbsp; &nbsp; &nbsp; &nbsp; &nbsp; &nbsp; &nbsp; &nbsp; &nbsp; &nbsp; &nbsp; &nbsp; &nbsp; &nbsp; &nbsp; &nbsp; &nbsp; &nbsp; &nbsp; &nbsp; &nbsp; &nbsp; &nbsp;mr. oec. Ivan Udovičić, v. r.</p>
<p>&nbsp;&nbsp;</p>
<p><strong>POZIV SE UPUĆUJE:</strong></p>
<p>Vijećnicima<br />
Gradonačelniku<br />
Zamjenicima gradonačelnika<br />
Pročelnicima Upravnih odjela<br />
Upravitelju Vlastitog pogona<br />
Službi za unutarnju reviziju<br />
Ravnateljima ustanova<br />
Predsjednici Savjeta mladih<br />
Predsjednicima Vijeća mjesnih odbora<br />
Izvjestiteljima<br />
Predstavnicima medija&nbsp; &nbsp; &nbsp; &nbsp; &nbsp;</p>
