{"id":8370,"date":"2017-06-20T07:03:00","date_gmt":"2017-06-20T05:03:00","guid":{"rendered":"https:\/\/kastela.hr\/en\/gradsko-vijece\/1-konstituirajuca-sjednica-gradskog-vijeca-grada-kastela\/"},"modified":"2024-11-28T14:23:29","modified_gmt":"2024-11-28T13:23:29","slug":"1-konstituirajuca-sjednica-gradskog-vijeca-grada-kastela","status":"publish","type":"gradsko-vijece","link":"https:\/\/kastela.hr\/en\/gradsko-vijece\/mandatno-razdoblje-2017-2021\/1-konstituirajuca-sjednica-gradskog-vijeca-grada-kastela\/","title":{"rendered":"1. Konstituiraju\u0107a Sjednica Gradskog vije\u0107a Grada Ka\u0161tela"},"content":{"rendered":"","protected":false},"featured_media":0,"template":"","meta":{"_acf_changed":true},"kategorija-gradskog-vijeca":[61,59],"class_list":["post-8370","gradsko-vijece","type-gradsko-vijece","status-publish","hentry","kategorija-gradskog-vijeca-mandatno-razdoblje-2017-2021","kategorija-gradskog-vijeca-sjednice-gradskog-vijeca"],"acf":[],"_links":{"self":[{"href":"https:\/\/kastela.hr\/en\/wp-json\/wp\/v2\/gradsko-vijece\/8370","targetHints":{"allow":["GET"]}}],"collection":[{"href":"https:\/\/kastela.hr\/en\/wp-json\/wp\/v2\/gradsko-vijece"}],"about":[{"href":"https:\/\/kastela.hr\/en\/wp-json\/wp\/v2\/types\/gradsko-vijece"}],"wp:attachment":[{"href":"https:\/\/kastela.hr\/en\/wp-json\/wp\/v2\/media?parent=8370"}],"wp:term":[{"taxonomy":"kategorija-gradskog-vijeca","embeddable":true,"href":"https:\/\/kastela.hr\/en\/wp-json\/wp\/v2\/kategorija-gradskog-vijeca?post=8370"}],"curies":[{"name":"wp","href":"https:\/\/api.w.org\/{rel}","templated":true}]}}

1. Konstituirajuća Sjednica Gradskog vijeća Grada Kaštela
