{"id":8369,"date":"2018-09-26T06:24:00","date_gmt":"2018-09-26T04:24:00","guid":{"rendered":"https:\/\/kastela.hr\/en\/gradsko-vijece\/10-sjednica-gradskog-vijeca-grada-kastela-2\/"},"modified":"2024-11-28T13:56:41","modified_gmt":"2024-11-28T12:56:41","slug":"10-sjednica-gradskog-vijeca-grada-kastela-2","status":"publish","type":"gradsko-vijece","link":"https:\/\/kastela.hr\/en\/gradsko-vijece\/mandatno-razdoblje-2017-2021\/10-sjednica-gradskog-vijeca-grada-kastela-2\/","title":{"rendered":"10. Sjednica Gradskog vije\u0107a Grada Ka\u0161tela"},"content":{"rendered":"<p>Predsjednik Gradskog vije\u0107a Ivan Udovi\u010di\u0107 sazvao je 10. sjednicu Gradskog vije\u0107a Grada Ka\u0161tela za dan 26. rujna 2018. g. (srijeda) u 12,00 sati u Gradskoj vije\u0107nici. Dnevni red se sastoji od 16 to\u010daka:<\/p>\n<ol>\n<li>Usvajanje Zapisnika s 9. sjednice Gradskog vije\u0107a<\/li>\n<li>Vije\u0107ni\u010dka pitanja i prijedlozi<\/li>\n<li>Informacija o projektu tunela kroz Kozjak\n<ul>\n<li>Izvjestitelj: predstavnik Hrvatskih cesta d. o. o.<\/li>\n<\/ul>\n<\/li>\n<li>Polugodi\u0161nji izvje\u0161taj o izvr\u0161enju Prora\u010duna Grada Ka\u0161tela za razdoblje sije\u010danj &ndash; lipanj 2018. godine<\/li>\n<li>Prijedlog II.. Izmjena i dopuna Prora\u010duna Grada Ka\u0161tela za 2018. godinu\n<ul>\n<li>Izvjestiteljica t. 4. i. t. 5.: Matija Marija \u0110iki\u0107, pro\u010delnica Upravnog odjela za financije, prora\u010dun i javnu nabavu<\/li>\n<\/ul>\n<\/li>\n<li>Prijedlog izmjena Programa odr\u017eavanja komunalne komunalne infrastrukture u Gradu Ka\u0161tela za 2018. godinu\n<ul>\n<li>Izvjestiteljica: Marija Pelivan, pro\u010delnica Upravnog odjela za komunalno gospodarstvo i imovinsko pravne poslove<\/li>\n<\/ul>\n<\/li>\n<li>Prijedlog II: izmjena Programa financiranja javnih potreba u pred\u0161kolskom odgoju Grada Ka\u0161tela za 2018. godinu<\/li>\n<li>Prijedlog II. izmjena Programa javnih potreba u kulturi Grada Ka\u0161tela za 2018. godinu<\/li>\n<li>Prijedlog I. izmjena Program financiranja javnih potreba u tehni\u010dkoj kulturi Grada Ka\u0161tela za 2018. godinu<\/li>\n<li>Prijedlog I. izmjena Programa financiranja javnih potreba u \u0161portu Grada Ka\u0161tela za 2018. godinu<\/li>\n<li>Prijedlog II. izmjena Programa financiranja javnih potreba udruga gra\u0111ana Grada, institucija, ustanova i vjerskih zajednica Grada Ka\u0161tela za 2018.g.<\/li>\n<li>Prijedlog odluke o odre\u0111ivanju pravnih osoba od interesa za sustav civilne za\u0161tite na podru\u010dju Grada Ka\u0161tela<\/li>\n<li>Prijedlog odluke o izmjenama Odluke o osnivanju Javne ustanove Muzej Grada Ka\u0161tela<\/li>\n<li>Prijedlog odluke o davanju suglasnosti na Sporazum o provedbi postupka zajedni\u010dke javne nabave vatrogasnih vozila\n<ul>\n<li>Izvjestiteljica t. 7. do t. 14. : Sandra Zoki\u0107, pro\u010delnica Upravnog odjela za dru\u0161tvene djelatnosti i op\u0107e poslove<\/li>\n<\/ul>\n<\/li>\n<li>Prijedlog odluke o. o izmjenama i dopuni Odluke o dodjeli na kori\u0161tenje javnih povr\u0161ina\n<ul>\n<li>Izvjestiteljica: Marija Pelivan, pro\u010delnica Upravnog odjela za komunalno gospodarstvo i imovinsko pravne poslove<\/li>\n<\/ul>\n<\/li>\n<li>Prijedlog odluke o povjeravanju komunalnih poslova opskrbe elektri\u010dnom energijom za javnu rasvjetu na podru\u010dju grada Ka\u0161tela\n<ul>\n<li>Izvjestitelj: Grgica Benuti\u0107, predsjednik Povjerenstva za provedbu javnog natje\u010daja<\/li>\n<\/ul>\n<\/li>\n<\/ol>\n<p><strong>Materijale i poziv na 10. sjednicu Gradskog vije\u0107a mo\u017eete preuzeti OVDJE:<\/strong><\/p>\n","protected":false},"featured_media":0,"template":"","meta":{"_acf_changed":true},"kategorija-gradskog-vijeca":[61,59],"class_list":["post-8369","gradsko-vijece","type-gradsko-vijece","status-publish","hentry","kategorija-gradskog-vijeca-mandatno-razdoblje-2017-2021","kategorija-gradskog-vijeca-sjednice-gradskog-vijeca"],"acf":[],"_links":{"self":[{"href":"https:\/\/kastela.hr\/en\/wp-json\/wp\/v2\/gradsko-vijece\/8369","targetHints":{"allow":["GET"]}}],"collection":[{"href":"https:\/\/kastela.hr\/en\/wp-json\/wp\/v2\/gradsko-vijece"}],"about":[{"href":"https:\/\/kastela.hr\/en\/wp-json\/wp\/v2\/types\/gradsko-vijece"}],"wp:attachment":[{"href":"https:\/\/kastela.hr\/en\/wp-json\/wp\/v2\/media?parent=8369"}],"wp:term":[{"taxonomy":"kategorija-gradskog-vijeca","embeddable":true,"href":"https:\/\/kastela.hr\/en\/wp-json\/wp\/v2\/kategorija-gradskog-vijeca?post=8369"}],"curies":[{"name":"wp","href":"https:\/\/api.w.org\/{rel}","templated":true}]}}

10. Sjednica Gradskog vijeća Grada Kaštela

<p>Predsjednik Gradskog vijeća Ivan Udovičić sazvao je 10. sjednicu Gradskog vijeća Grada Kaštela za dan 26. rujna 2018. g. (srijeda) u 12,00 sati u Gradskoj vijećnici. Dnevni red se sastoji od 16 točaka:</p>
<ol>
<li>Usvajanje Zapisnika s 9. sjednice Gradskog vijeća</li>
<li>Vijećnička pitanja i prijedlozi</li>
<li>Informacija o projektu tunela kroz Kozjak
<ul>
<li>Izvjestitelj: predstavnik Hrvatskih cesta d. o. o.</li>
</ul>
</li>
<li>Polugodišnji izvještaj o izvršenju Proračuna Grada Kaštela za razdoblje siječanj &ndash; lipanj 2018. godine</li>
<li>Prijedlog II.. Izmjena i dopuna Proračuna Grada Kaštela za 2018. godinu
<ul>
<li>Izvjestiteljica t. 4. i. t. 5.: Matija Marija Đikić, pročelnica Upravnog odjela za financije, proračun i javnu nabavu</li>
</ul>
</li>
<li>Prijedlog izmjena Programa održavanja komunalne komunalne infrastrukture u Gradu Kaštela za 2018. godinu
<ul>
<li>Izvjestiteljica: Marija Pelivan, pročelnica Upravnog odjela za komunalno gospodarstvo i imovinsko pravne poslove</li>
</ul>
</li>
<li>Prijedlog II: izmjena Programa financiranja javnih potreba u predškolskom odgoju Grada Kaštela za 2018. godinu</li>
<li>Prijedlog II. izmjena Programa javnih potreba u kulturi Grada Kaštela za 2018. godinu</li>
<li>Prijedlog I. izmjena Program financiranja javnih potreba u tehničkoj kulturi Grada Kaštela za 2018. godinu</li>
<li>Prijedlog I. izmjena Programa financiranja javnih potreba u športu Grada Kaštela za 2018. godinu</li>
<li>Prijedlog II. izmjena Programa financiranja javnih potreba udruga građana Grada, institucija, ustanova i vjerskih zajednica Grada Kaštela za 2018.g.</li>
<li>Prijedlog odluke o određivanju pravnih osoba od interesa za sustav civilne zaštite na području Grada Kaštela</li>
<li>Prijedlog odluke o izmjenama Odluke o osnivanju Javne ustanove Muzej Grada Kaštela</li>
<li>Prijedlog odluke o davanju suglasnosti na Sporazum o provedbi postupka zajedničke javne nabave vatrogasnih vozila
<ul>
<li>Izvjestiteljica t. 7. do t. 14. : Sandra Zokić, pročelnica Upravnog odjela za društvene djelatnosti i opće poslove</li>
</ul>
</li>
<li>Prijedlog odluke o. o izmjenama i dopuni Odluke o dodjeli na korištenje javnih površina
<ul>
<li>Izvjestiteljica: Marija Pelivan, pročelnica Upravnog odjela za komunalno gospodarstvo i imovinsko pravne poslove</li>
</ul>
</li>
<li>Prijedlog odluke o povjeravanju komunalnih poslova opskrbe električnom energijom za javnu rasvjetu na području grada Kaštela
<ul>
<li>Izvjestitelj: Grgica Benutić, predsjednik Povjerenstva za provedbu javnog natječaja</li>
</ul>
</li>
</ol>
<p><strong>Materijale i poziv na 10. sjednicu Gradskog vijeća možete preuzeti OVDJE:</strong></p>
