{"id":8368,"date":"2018-11-05T12:29:00","date_gmt":"2018-11-05T11:29:00","guid":{"rendered":"https:\/\/kastela.hr\/en\/gradsko-vijece\/11-sjednica-gradskog-vijeca-grada-kastela-2\/"},"modified":"2024-11-28T13:54:56","modified_gmt":"2024-11-28T12:54:56","slug":"11-sjednica-gradskog-vijeca-grada-kastela-2","status":"publish","type":"gradsko-vijece","link":"https:\/\/kastela.hr\/en\/gradsko-vijece\/mandatno-razdoblje-2017-2021\/11-sjednica-gradskog-vijeca-grada-kastela-2\/","title":{"rendered":"11. sjednica Gradskog vije\u0107a Grada Ka\u0161tela"},"content":{"rendered":"<p><meta http-equiv=\"CONTENT-TYPE\" content=\"text\/html; charset=utf-8\" \/><meta name=\"GENERATOR\" content=\"OpenOffice.org 3.2  (Win32)\" \/><\/p>\n<style type=\"text\/css\"><!--\n\t\t@page { margin: 2cm }\n\t\tP { margin-bottom: 0.21cm }\n\t-->\n<\/style>\n<\/p>\n<p>Predsjednik Gradskog vije\u0107a Ivan Udovi\u010di\u0107 sazvao je 11. sjednicu Gradskog vije\u0107a Grada Ka\u0161tela za dan 05. studenoga 2018. g. (ponedjeljak) u 12,00 sati u Gradskoj vije\u0107nici. Dnevni red se sastoji od 7 to\u010daka:<\/p>\n<p>1. Usvajanje Zapisnika s 10. sjednice Gradskog vije\u0107a<\/p>\n<p>2. Vije\u0107ni\u010dka pitanja i prijedlozi<\/p>\n<p>3.&nbsp; Prijedlog zaklju\u010dka o davanju prethodne suglasnosti na Prijedlog Statuta Muzeja grada Ka\u0161tela<\/p>\n<p>4. Prijedlog zaklju\u010dka o davanju prethodne suglasnosti na Prijedlog odluke o promjeni djelatnosti Muzeja grada Ka\u0161tela<\/p>\n<p>5. Prijedlog odluke o imenovanju v. d. ravnatelja Muzeja grada Ka\u0161tela<\/p>\n<p>&#8211; Izvjestiteljica t. 3. do t.5.: Sandra Zoki\u0107, pro\u010delnica Upravnog odjela za dru\u0161tvene djelatnosti<\/p>\n<p>i op\u0107e poslove<\/p>\n<p>6. Prijedlog odluke o imenovanju \u010dlanova Kulturnog vije\u0107a Grada Ka\u0161tela<\/p>\n<p>&#8211; Izvjestitelj: Zoran Bonacin, predsjednik Odbora za izbor i imenovanja i Sandra Zoki\u0107, pro\u010delnica Upravnog odjela za dru\u0161tvene djelatnosti i op\u0107e poslove<\/p>\n<p>7. Izvje\u0161\u0107e o radu gradona\u010delnika za razdoblje sije\u010danj &ndash; lipanj 2018.<\/p>\n<p>&#8211; Izvjestitelj: Denis Ivanovi\u0107, gradona\u010delnik<\/p>\n<p>Poziv se dostavlja: vije\u0107nicima, gradona\u010delniku, zamjenicima gradona\u010delnika, pro\u010delnicima upravnih odjela, Slu\u017ebi za unutarnju reviziju, izvjestiteljima, predsjednicima Vije\u0107a mjesnih odbor i predstavnicima medija.<\/p>\n<p>Poziv i materijali dostupni su u elektronskom obliku na slu\u017ebenim stranicama Grada Ka\u0161tela: www.kastela.hr<\/p>\n<p>Dostupnost materijala pod to\u010dkom 6. u elektronskom obliku bit&nbsp;\u0107e omogu\u0107ena naknadno.<\/p>\n<p>&nbsp;<\/p>\n<p><b>Materijale i poziv na 11. sjednicu Gradskog vije\u0107a mo\u017eete preuzeti na sljede\u0107em linku:<\/b><\/p>\n","protected":false},"featured_media":0,"template":"","meta":{"_acf_changed":true},"kategorija-gradskog-vijeca":[61,59],"class_list":["post-8368","gradsko-vijece","type-gradsko-vijece","status-publish","hentry","kategorija-gradskog-vijeca-mandatno-razdoblje-2017-2021","kategorija-gradskog-vijeca-sjednice-gradskog-vijeca"],"acf":[],"_links":{"self":[{"href":"https:\/\/kastela.hr\/en\/wp-json\/wp\/v2\/gradsko-vijece\/8368","targetHints":{"allow":["GET"]}}],"collection":[{"href":"https:\/\/kastela.hr\/en\/wp-json\/wp\/v2\/gradsko-vijece"}],"about":[{"href":"https:\/\/kastela.hr\/en\/wp-json\/wp\/v2\/types\/gradsko-vijece"}],"wp:attachment":[{"href":"https:\/\/kastela.hr\/en\/wp-json\/wp\/v2\/media?parent=8368"}],"wp:term":[{"taxonomy":"kategorija-gradskog-vijeca","embeddable":true,"href":"https:\/\/kastela.hr\/en\/wp-json\/wp\/v2\/kategorija-gradskog-vijeca?post=8368"}],"curies":[{"name":"wp","href":"https:\/\/api.w.org\/{rel}","templated":true}]}}

11. sjednica Gradskog vijeća Grada Kaštela

<p><meta http-equiv="CONTENT-TYPE" content="text/html; charset=utf-8" /><meta name="GENERATOR" content="OpenOffice.org 3.2  (Win32)" /></p>
<style type="text/css"><!--
		@page { margin: 2cm }
		P { margin-bottom: 0.21cm }
	-->
</style>
</p>
<p>Predsjednik Gradskog vijeća Ivan Udovičić sazvao je 11. sjednicu Gradskog vijeća Grada Kaštela za dan 05. studenoga 2018. g. (ponedjeljak) u 12,00 sati u Gradskoj vijećnici. Dnevni red se sastoji od 7 točaka:</p>
<p>1. Usvajanje Zapisnika s 10. sjednice Gradskog vijeća</p>
<p>2. Vijećnička pitanja i prijedlozi</p>
<p>3.&nbsp; Prijedlog zaključka o davanju prethodne suglasnosti na Prijedlog Statuta Muzeja grada Kaštela</p>
<p>4. Prijedlog zaključka o davanju prethodne suglasnosti na Prijedlog odluke o promjeni djelatnosti Muzeja grada Kaštela</p>
<p>5. Prijedlog odluke o imenovanju v. d. ravnatelja Muzeja grada Kaštela</p>
<p>&#8211; Izvjestiteljica t. 3. do t.5.: Sandra Zokić, pročelnica Upravnog odjela za društvene djelatnosti</p>
<p>i opće poslove</p>
<p>6. Prijedlog odluke o imenovanju članova Kulturnog vijeća Grada Kaštela</p>
<p>&#8211; Izvjestitelj: Zoran Bonacin, predsjednik Odbora za izbor i imenovanja i Sandra Zokić, pročelnica Upravnog odjela za društvene djelatnosti i opće poslove</p>
<p>7. Izvješće o radu gradonačelnika za razdoblje siječanj &ndash; lipanj 2018.</p>
<p>&#8211; Izvjestitelj: Denis Ivanović, gradonačelnik</p>
<p>Poziv se dostavlja: vijećnicima, gradonačelniku, zamjenicima gradonačelnika, pročelnicima upravnih odjela, Službi za unutarnju reviziju, izvjestiteljima, predsjednicima Vijeća mjesnih odbor i predstavnicima medija.</p>
<p>Poziv i materijali dostupni su u elektronskom obliku na službenim stranicama Grada Kaštela: www.kastela.hr</p>
<p>Dostupnost materijala pod točkom 6. u elektronskom obliku bit&nbsp;će omogućena naknadno.</p>
<p>&nbsp;</p>
<p><b>Materijale i poziv na 11. sjednicu Gradskog vijeća možete preuzeti na sljedećem linku:</b></p>
