{"id":8365,"date":"2019-04-02T04:51:00","date_gmt":"2019-04-02T02:51:00","guid":{"rendered":"https:\/\/kastela.hr\/en\/gradsko-vijece\/14-sjednica-gradskog-vijeca-2\/"},"modified":"2024-11-28T13:38:07","modified_gmt":"2024-11-28T12:38:07","slug":"14-sjednica-gradskog-vijeca-2","status":"publish","type":"gradsko-vijece","link":"https:\/\/kastela.hr\/en\/gradsko-vijece\/mandatno-razdoblje-2017-2021\/14-sjednica-gradskog-vijeca-2\/","title":{"rendered":"14. sjednica Gradskog vije\u0107a"},"content":{"rendered":"<p>Predsjednik Gradskog vije\u0107a Ivan Udovi\u010di\u0107 sazvao je 14. sjednicu Gradskog vije\u0107a Grada Ka\u0161tela za dan 2. travnja 2019. g. (utorak) u 11 sati u Gradskoj vije\u0107nici. Izme\u0111u ostalog, u prijedlog dnevnog reda uvr\u0161ten je&nbsp;i Prijedlog&nbsp;zaklju\u010dka o davanju suglasnosti za sklapanje Ugovora &nbsp;o pru\u017eanju komunalne usluge i nadoknadi tro\u0161kova prijevoza putnika u javnom prometu s trgova\u010dkim dru\u0161tvom &bdquo;Promet&ldquo; d. o. o. Split.<\/p>\n<p>&nbsp;<\/p>\n<p><b>Materijale i poziv na 14. sjednicu Gradskog vije\u0107a mo\u017eete preuzeti&nbsp;linku ispod teksta<\/b><\/p>\n","protected":false},"featured_media":0,"template":"","meta":{"_acf_changed":true},"kategorija-gradskog-vijeca":[61,59],"class_list":["post-8365","gradsko-vijece","type-gradsko-vijece","status-publish","hentry","kategorija-gradskog-vijeca-mandatno-razdoblje-2017-2021","kategorija-gradskog-vijeca-sjednice-gradskog-vijeca"],"acf":[],"_links":{"self":[{"href":"https:\/\/kastela.hr\/en\/wp-json\/wp\/v2\/gradsko-vijece\/8365","targetHints":{"allow":["GET"]}}],"collection":[{"href":"https:\/\/kastela.hr\/en\/wp-json\/wp\/v2\/gradsko-vijece"}],"about":[{"href":"https:\/\/kastela.hr\/en\/wp-json\/wp\/v2\/types\/gradsko-vijece"}],"wp:attachment":[{"href":"https:\/\/kastela.hr\/en\/wp-json\/wp\/v2\/media?parent=8365"}],"wp:term":[{"taxonomy":"kategorija-gradskog-vijeca","embeddable":true,"href":"https:\/\/kastela.hr\/en\/wp-json\/wp\/v2\/kategorija-gradskog-vijeca?post=8365"}],"curies":[{"name":"wp","href":"https:\/\/api.w.org\/{rel}","templated":true}]}}

14. sjednica Gradskog vijeća

<p>Predsjednik Gradskog vijeća Ivan Udovičić sazvao je 14. sjednicu Gradskog vijeća Grada Kaštela za dan 2. travnja 2019. g. (utorak) u 11 sati u Gradskoj vijećnici. Između ostalog, u prijedlog dnevnog reda uvršten je&nbsp;i Prijedlog&nbsp;zaključka o davanju suglasnosti za sklapanje Ugovora &nbsp;o pružanju komunalne usluge i nadoknadi troškova prijevoza putnika u javnom prometu s trgovačkim društvom &bdquo;Promet&ldquo; d. o. o. Split.</p>
<p>&nbsp;</p>
<p><b>Materijale i poziv na 14. sjednicu Gradskog vijeća možete preuzeti&nbsp;linku ispod teksta</b></p>
