{"id":8349,"date":"2016-12-19T09:10:00","date_gmt":"2016-12-19T08:10:00","guid":{"rendered":"https:\/\/kastela.hr\/en\/gradsko-vijece\/27-sjednica-gradskog-vijeca-grada-kastela\/"},"modified":"2024-11-28T14:39:23","modified_gmt":"2024-11-28T13:39:23","slug":"27-sjednica-gradskog-vijeca-grada-kastela","status":"publish","type":"gradsko-vijece","link":"https:\/\/kastela.hr\/en\/gradsko-vijece\/mandatno-razdoblje-2013-2017\/27-sjednica-gradskog-vijeca-grada-kastela\/","title":{"rendered":"27. Sjednica Gradskog vije\u0107a Grada Ka\u0161tela"},"content":{"rendered":"<div class=\"article\">\n<h5>27. sjednica<\/h5>\n<p>&nbsp;<\/p>\n<p><strong>&nbsp; &nbsp; &nbsp; &nbsp; &nbsp; &nbsp; &nbsp;REPUBLIKA HRVATSKA<\/strong><br \/>\n<strong>SPLITSKO-DALMATINSKA \u017dUPANIJA<\/strong><br \/>\n<strong>&nbsp;&nbsp;&nbsp;&nbsp;&nbsp;&nbsp;&nbsp;&nbsp;&nbsp;&nbsp;&nbsp;&nbsp;&nbsp;&nbsp;&nbsp;&nbsp; GRAD KA\u0160TELA<\/strong><br \/>\n<strong>&nbsp;&nbsp;&nbsp;&nbsp;&nbsp;&nbsp;&nbsp;&nbsp;&nbsp;&nbsp;&nbsp; G R A D S K O&nbsp; V I J E \u0106 E <\/strong><\/p>\n<p>KLASA: 021-05\/16-01\/0009<br \/>\nURBROJ: 2134\/01-01\/3-16-1<br \/>\nKa\u0161tel Su\u0107urac, 14. prosinca 2016. g<\/p>\n<p>&nbsp;<\/p>\n<p>Na temelju \u010dlanka 74. stavak 1. Poslovnika&nbsp; Gradskog vije\u0107a Grada Ka\u0161tela (&ldquo;Slu\u017ebeni&nbsp; glasnik Grada Ka\u0161tela&rdquo;, broj 9\/09, 7\/10, 6\/13 i 13\/14) sazivam<\/p>\n<p><strong>&nbsp; &nbsp; &nbsp; &nbsp; &nbsp; &nbsp; &nbsp; &nbsp; &nbsp; &nbsp; &nbsp; &nbsp; &nbsp; &nbsp; &nbsp; &nbsp; &nbsp; &nbsp; 27. sjednicu Gradskog vije\u0107a Grada Ka\u0161tela<\/strong><br \/>\n<strong>&nbsp; &nbsp; &nbsp; &nbsp;za dan&nbsp; 19. prosinca (ponedjeljak) 2016. g. u 12,00 sati&nbsp;u Gradskoj vije\u0107nici <\/strong><\/p>\n<p><strong>&nbsp;<\/strong><\/p>\n<p>Za sjednicu predla\u017eem sljede\u0107i<\/p>\n<p><strong>&nbsp;D n e v n i&nbsp;&nbsp;&nbsp; r e d<\/strong><\/p>\n<ol>\n<li>Usvajanje Zapisnika sa 26. sjednice Gradskog vije\u0107a<\/li>\n<li>Vije\u0107ni\u010dka pitanja i prijedlozi<\/li>\n<li>Prijedlog II izmjena i dopuna Prora\u010duna Grada Ka\u0161tela za 2016. godinu<br \/>\n &ndash; Izvjestiteljica: Matija Marija \u0110iki\u0107, pro\u010delnica Upravnog odjela za prora\u010dun, financije i javnu&nbsp;nabavu<\/li>\n<li>Prijedlog 2. izmjena Programa javnih potreba u socijalnoj skrbi i zdravstvenoj za\u0161titi Grada Ka\u0161tela za 2016. godinu<\/li>\n<li>Prijedlog izmjena Programa javnih potreba u sportu Grada Ka\u0161tela za 2016. godinu<\/li>\n<li>Prijedlog 2. izmjena Programa javnih potreba u kulturi Grada Ka\u0161tela za 2016. godinu<\/li>\n<li>Prijedlog Plana mre\u017ee dje\u010djih vrti\u0107a na podru\u010dju grada Ka\u0161tela<br \/>\n &ndash; Izvjestiteljica t.4. do t.7.: Sandra Zoki\u0107, pro\u010delnica Upravnog odjela za dru\u0161tvene djelatnosti i op\u0107e poslove<\/li>\n<li>Prijedlog odluke o komunalnom doprinosu<\/li>\n<li>Prijedlog odluke o privremenoj zabrani izvo\u0111enja radova na podru\u010dju Grada Ka\u0161tela<\/li>\n<li>Prijedlog odluke o raspolaganju i upravljanju nekretninama u vlasni\u0161tvu Grada Ka\u0161tela<\/li>\n<li>Prijedlog odluke o osloba\u0111anju od pla\u0107anja komunalnog doprinosa<\/li>\n<li>Prijedlog odluke o odobrenju zaklju\u010denja ugovora o osnivanju prava gra\u0111enja na \u010dest. zem.804\/1 i&nbsp; 805\/3 k.o. Ka\u0161tel Stari u vlasni\u0161tvu \u017eupe Kraljice mu\u010denika, Ka\u0161tel Stari, Radun<\/li>\n<li>Prijedlog odluke o ukidanju statusa javnog dobra u op\u0107oj uporabi na dijelu \u010dest. zem. 4740,7523, 4374, 7511, 7521, 7522, 7524 i dijelu \u010dest.zem. 7509\/2, 7520 i 7525 sve k.o. K.Su\u0107urac<\/li>\n<li>Prijedlog odluke o ukidanju statusa javnog dobra u op\u0107oj uporabi na dijelu \u010dest. zem. 2257\/1 i 2507 k.o. K.Su\u0107urac<br \/>\n &ndash; Izvjestiteljica t.8. do t.14.: Marija Pelivan, pro\u010delnica Upravnog odjela za komunalno gospodarstvo&nbsp; i imovinsko&nbsp; pravne poslove<\/li>\n<li>Prijedlog izmjene i dopune Statuta Grada Ka\u0161tela<\/li>\n<li>Prijedlog odluke o raspore\u0111ivanju sredstava za financiranje politi\u010dkih stranaka i \u010dlanova izabranih s liste grupe bira\u010da za 2017. godinu<br \/>\n Izvjestiteljica t. 15. i t. 16.: Sanda Jakus, pro\u010delnica Upravnog odjela za poslove Gradona\u010delnika i Gradskog vije\u0107a<\/li>\n<li>Prijedlog rje\u0161enja o dopuni Rje\u0161enja o odre\u0111ivanju imena ulica i trgova na podru\u010dju naselja Ka\u0161tel Kambelovac<\/li>\n<li>Prijedlog rje\u0161enja o dopuni Rje\u0161enja o odre\u0111ivanju imena ulica i trgova na podru\u010dju naselja Ka\u0161tel Luk\u0161i\u0107<\/li>\n<li>Prijedlog rje\u0161enja o dopuni Rje\u0161enja o odre\u0111ivanju imena ulica i trgova na podru\u010dju naselja Ka\u0161tel Novi<\/li>\n<li>Prijedlog rje\u0161enja o dopuni Rje\u0161enja o odre\u0111ivanju imena ulica i trgova na podru\u010dju naselja Ka\u0161tel \u0160tafili\u0107<br \/>\n &ndash; Izvjestitelj t.17. do t.20.: Boris \u0160kara, pro\u010delnik Upravnog odjela za prostorno ure\u0111enje, gradnju i za\u0161titu okoli\u0161a<\/li>\n<li>Prijedlog Strategije razvoja Grada Ka\u0161tela za razdoblje od 2016.-2020. godine<br \/>\n &ndash;&nbsp;Zaklju\u010dak gradona\u010delnika<br \/>\n &ndash; Izvjestitelji: Ivan Udovi\u010di\u0107, gradona\u010delnik i predstavnik izra\u0111iva\u010da Meta Consulting<\/li>\n<li>Prijedlog Akcijskog plana energetske u\u010dinkovitosti Grada Ka\u0161tela za razdoblje 2017.-2019.god.<br \/>\n &ndash;&nbsp;Zaklju\u010dak o utvr\u0111ivanju prijedloga akcijskog plana s prilozima<br \/>\n Izvjestitelj: Boris \u0160kara, pro\u010delnik Upravnog odjela za prostorno ure\u0111enje, gradnju i za\u0161titu okoli\u0161a<\/li>\n<\/ol>\n<p><strong>Predsjednik Gradskog vije\u0107a<\/strong>&nbsp; &nbsp; &nbsp; &nbsp; &nbsp; &nbsp; &nbsp; &nbsp; &nbsp; &nbsp; &nbsp; &nbsp; &nbsp; &nbsp; &nbsp; &nbsp; &nbsp; &nbsp; &nbsp; &nbsp; &nbsp; &nbsp; &nbsp; &nbsp; &nbsp; &nbsp; &nbsp; &nbsp; &nbsp; &nbsp; &nbsp; &nbsp; &nbsp; &nbsp; &nbsp; &nbsp; &nbsp; &nbsp; &nbsp; &nbsp; &nbsp; &nbsp; &nbsp; &nbsp; &nbsp; &nbsp; &nbsp; &nbsp; &nbsp; &nbsp; &nbsp; &nbsp; &nbsp; Denis Ivanovi\u0107, dipl. ing., v .r.<\/p>\n<p>&nbsp;<\/p>\n<p><strong>Napomena:<\/strong><\/p>\n<p>Materijali uz t. 21. Prijedlog Strategije razvoja Grada Ka\u0161tela 2016.-2020. dostavljeni su na CD-u zbog opse\u017enosti istih (133 stranice). Na tra\u017eenje pojedinog vije\u0107nika\/ice materijali \u0107e biti isprintani i mo\u0107i \u0107e se preuzeti u Upravnom odjelu nadle\u017enom za poslove Gradskog vije\u0107a.<\/p>\n<p><strong>POZIV SE UPU\u0106UJE:<\/strong><\/p>\n<ul>\n<li>Vije\u0107nicima<\/li>\n<li>Gradona\u010delniku<\/li>\n<li>Zamjenicima gradona\u010delnika<\/li>\n<li>Pro\u010delnicima Upravnih odjela<\/li>\n<li>Upravitelju Vlastitog pogona<\/li>\n<li>Slu\u017ebi za unutarnju reviziju<\/li>\n<li>Predsjednici Savjeta mladih<\/li>\n<li>Predsjednicima Vije\u0107a mjesnih odbora<\/li>\n<li>Predstavnicima medija<\/li>\n<\/ul>\n<\/div>\n","protected":false},"featured_media":0,"template":"","meta":{"_acf_changed":true},"kategorija-gradskog-vijeca":[62,59],"class_list":["post-8349","gradsko-vijece","type-gradsko-vijece","status-publish","hentry","kategorija-gradskog-vijeca-mandatno-razdoblje-2013-2017","kategorija-gradskog-vijeca-sjednice-gradskog-vijeca"],"acf":[],"_links":{"self":[{"href":"https:\/\/kastela.hr\/en\/wp-json\/wp\/v2\/gradsko-vijece\/8349","targetHints":{"allow":["GET"]}}],"collection":[{"href":"https:\/\/kastela.hr\/en\/wp-json\/wp\/v2\/gradsko-vijece"}],"about":[{"href":"https:\/\/kastela.hr\/en\/wp-json\/wp\/v2\/types\/gradsko-vijece"}],"wp:attachment":[{"href":"https:\/\/kastela.hr\/en\/wp-json\/wp\/v2\/media?parent=8349"}],"wp:term":[{"taxonomy":"kategorija-gradskog-vijeca","embeddable":true,"href":"https:\/\/kastela.hr\/en\/wp-json\/wp\/v2\/kategorija-gradskog-vijeca?post=8349"}],"curies":[{"name":"wp","href":"https:\/\/api.w.org\/{rel}","templated":true}]}}

27. Sjednica Gradskog vijeća Grada Kaštela

<div class="article">
<h5>27. sjednica</h5>
<p>&nbsp;</p>
<p><strong>&nbsp; &nbsp; &nbsp; &nbsp; &nbsp; &nbsp; &nbsp;REPUBLIKA HRVATSKA</strong><br />
<strong>SPLITSKO-DALMATINSKA ŽUPANIJA</strong><br />
<strong>&nbsp;&nbsp;&nbsp;&nbsp;&nbsp;&nbsp;&nbsp;&nbsp;&nbsp;&nbsp;&nbsp;&nbsp;&nbsp;&nbsp;&nbsp;&nbsp; GRAD KAŠTELA</strong><br />
<strong>&nbsp;&nbsp;&nbsp;&nbsp;&nbsp;&nbsp;&nbsp;&nbsp;&nbsp;&nbsp;&nbsp; G R A D S K O&nbsp; V I J E Ć E </strong></p>
<p>KLASA: 021-05/16-01/0009<br />
URBROJ: 2134/01-01/3-16-1<br />
Kaštel Sućurac, 14. prosinca 2016. g</p>
<p>&nbsp;</p>
<p>Na temelju članka 74. stavak 1. Poslovnika&nbsp; Gradskog vijeća Grada Kaštela (&ldquo;Službeni&nbsp; glasnik Grada Kaštela&rdquo;, broj 9/09, 7/10, 6/13 i 13/14) sazivam</p>
<p><strong>&nbsp; &nbsp; &nbsp; &nbsp; &nbsp; &nbsp; &nbsp; &nbsp; &nbsp; &nbsp; &nbsp; &nbsp; &nbsp; &nbsp; &nbsp; &nbsp; &nbsp; &nbsp; 27. sjednicu Gradskog vijeća Grada Kaštela</strong><br />
<strong>&nbsp; &nbsp; &nbsp; &nbsp;za dan&nbsp; 19. prosinca (ponedjeljak) 2016. g. u 12,00 sati&nbsp;u Gradskoj vijećnici </strong></p>
<p><strong>&nbsp;</strong></p>
<p>Za sjednicu predlažem sljedeći</p>
<p><strong>&nbsp;D n e v n i&nbsp;&nbsp;&nbsp; r e d</strong></p>
<ol>
<li>Usvajanje Zapisnika sa 26. sjednice Gradskog vijeća</li>
<li>Vijećnička pitanja i prijedlozi</li>
<li>Prijedlog II izmjena i dopuna Proračuna Grada Kaštela za 2016. godinu<br />
 &ndash; Izvjestiteljica: Matija Marija Đikić, pročelnica Upravnog odjela za proračun, financije i javnu&nbsp;nabavu</li>
<li>Prijedlog 2. izmjena Programa javnih potreba u socijalnoj skrbi i zdravstvenoj zaštiti Grada Kaštela za 2016. godinu</li>
<li>Prijedlog izmjena Programa javnih potreba u sportu Grada Kaštela za 2016. godinu</li>
<li>Prijedlog 2. izmjena Programa javnih potreba u kulturi Grada Kaštela za 2016. godinu</li>
<li>Prijedlog Plana mreže dječjih vrtića na području grada Kaštela<br />
 &ndash; Izvjestiteljica t.4. do t.7.: Sandra Zokić, pročelnica Upravnog odjela za društvene djelatnosti i opće poslove</li>
<li>Prijedlog odluke o komunalnom doprinosu</li>
<li>Prijedlog odluke o privremenoj zabrani izvođenja radova na području Grada Kaštela</li>
<li>Prijedlog odluke o raspolaganju i upravljanju nekretninama u vlasništvu Grada Kaštela</li>
<li>Prijedlog odluke o oslobađanju od plaćanja komunalnog doprinosa</li>
<li>Prijedlog odluke o odobrenju zaključenja ugovora o osnivanju prava građenja na čest. zem.804/1 i&nbsp; 805/3 k.o. Kaštel Stari u vlasništvu župe Kraljice mučenika, Kaštel Stari, Radun</li>
<li>Prijedlog odluke o ukidanju statusa javnog dobra u općoj uporabi na dijelu čest. zem. 4740,7523, 4374, 7511, 7521, 7522, 7524 i dijelu čest.zem. 7509/2, 7520 i 7525 sve k.o. K.Sućurac</li>
<li>Prijedlog odluke o ukidanju statusa javnog dobra u općoj uporabi na dijelu čest. zem. 2257/1 i 2507 k.o. K.Sućurac<br />
 &ndash; Izvjestiteljica t.8. do t.14.: Marija Pelivan, pročelnica Upravnog odjela za komunalno gospodarstvo&nbsp; i imovinsko&nbsp; pravne poslove</li>
<li>Prijedlog izmjene i dopune Statuta Grada Kaštela</li>
<li>Prijedlog odluke o raspoređivanju sredstava za financiranje političkih stranaka i članova izabranih s liste grupe birača za 2017. godinu<br />
 Izvjestiteljica t. 15. i t. 16.: Sanda Jakus, pročelnica Upravnog odjela za poslove Gradonačelnika i Gradskog vijeća</li>
<li>Prijedlog rješenja o dopuni Rješenja o određivanju imena ulica i trgova na području naselja Kaštel Kambelovac</li>
<li>Prijedlog rješenja o dopuni Rješenja o određivanju imena ulica i trgova na području naselja Kaštel Lukšić</li>
<li>Prijedlog rješenja o dopuni Rješenja o određivanju imena ulica i trgova na području naselja Kaštel Novi</li>
<li>Prijedlog rješenja o dopuni Rješenja o određivanju imena ulica i trgova na području naselja Kaštel Štafilić<br />
 &ndash; Izvjestitelj t.17. do t.20.: Boris Škara, pročelnik Upravnog odjela za prostorno uređenje, gradnju i zaštitu okoliša</li>
<li>Prijedlog Strategije razvoja Grada Kaštela za razdoblje od 2016.-2020. godine<br />
 &ndash;&nbsp;Zaključak gradonačelnika<br />
 &ndash; Izvjestitelji: Ivan Udovičić, gradonačelnik i predstavnik izrađivača Meta Consulting</li>
<li>Prijedlog Akcijskog plana energetske učinkovitosti Grada Kaštela za razdoblje 2017.-2019.god.<br />
 &ndash;&nbsp;Zaključak o utvrđivanju prijedloga akcijskog plana s prilozima<br />
 Izvjestitelj: Boris Škara, pročelnik Upravnog odjela za prostorno uređenje, gradnju i zaštitu okoliša</li>
</ol>
<p><strong>Predsjednik Gradskog vijeća</strong>&nbsp; &nbsp; &nbsp; &nbsp; &nbsp; &nbsp; &nbsp; &nbsp; &nbsp; &nbsp; &nbsp; &nbsp; &nbsp; &nbsp; &nbsp; &nbsp; &nbsp; &nbsp; &nbsp; &nbsp; &nbsp; &nbsp; &nbsp; &nbsp; &nbsp; &nbsp; &nbsp; &nbsp; &nbsp; &nbsp; &nbsp; &nbsp; &nbsp; &nbsp; &nbsp; &nbsp; &nbsp; &nbsp; &nbsp; &nbsp; &nbsp; &nbsp; &nbsp; &nbsp; &nbsp; &nbsp; &nbsp; &nbsp; &nbsp; &nbsp; &nbsp; &nbsp; &nbsp; Denis Ivanović, dipl. ing., v .r.</p>
<p>&nbsp;</p>
<p><strong>Napomena:</strong></p>
<p>Materijali uz t. 21. Prijedlog Strategije razvoja Grada Kaštela 2016.-2020. dostavljeni su na CD-u zbog opsežnosti istih (133 stranice). Na traženje pojedinog vijećnika/ice materijali će biti isprintani i moći će se preuzeti u Upravnom odjelu nadležnom za poslove Gradskog vijeća.</p>
<p><strong>POZIV SE UPUĆUJE:</strong></p>
<ul>
<li>Vijećnicima</li>
<li>Gradonačelniku</li>
<li>Zamjenicima gradonačelnika</li>
<li>Pročelnicima Upravnih odjela</li>
<li>Upravitelju Vlastitog pogona</li>
<li>Službi za unutarnju reviziju</li>
<li>Predsjednici Savjeta mladih</li>
<li>Predsjednicima Vijeća mjesnih odbora</li>
<li>Predstavnicima medija</li>
</ul>
</div>
