{"id":8347,"date":"2016-10-04T07:25:00","date_gmt":"2016-10-04T05:25:00","guid":{"rendered":"https:\/\/kastela.hr\/en\/gradsko-vijece\/25-sjednica-gradskog-vijeca-grada-kastela\/"},"modified":"2024-11-28T14:41:56","modified_gmt":"2024-11-28T13:41:56","slug":"25-sjednica-gradskog-vijeca-grada-kastela","status":"publish","type":"gradsko-vijece","link":"https:\/\/kastela.hr\/en\/gradsko-vijece\/mandatno-razdoblje-2013-2017\/25-sjednica-gradskog-vijeca-grada-kastela\/","title":{"rendered":"25. Sjednica Gradskog vije\u0107a Grada Ka\u0161tela"},"content":{"rendered":"<div class=\"article\">\n<h5>25. sjednica<\/h5>\n<p><strong>&nbsp; &nbsp; &nbsp; &nbsp; &nbsp; &nbsp; REPUBLIKA HRVATSKA<\/strong><br \/>\n<strong>SPLITSKO-DALMATINSKA \u017dUPANIJA<\/strong><br \/>\n<strong>&nbsp;&nbsp;&nbsp;&nbsp;&nbsp;&nbsp;&nbsp;&nbsp;&nbsp;&nbsp;&nbsp;&nbsp;&nbsp;&nbsp;&nbsp;&nbsp; GRAD KA\u0160TELA<\/strong><br \/>\n<strong>&nbsp; &nbsp; &nbsp; &nbsp; &nbsp; G R A D S K O&nbsp; V I J E \u0106 E <\/strong><\/p>\n<p>KLASA: 021-05\/16-01\/0007<br \/>\nURBROJ: 2134\/01-01\/3-16-1<br \/>\nKa\u0161tel Su\u0107urac, 29. rujna 2016. g<\/p>\n<p>Na temelju \u010dlanka 74. stavak 1. Poslovnika Gradskog vije\u0107a Grada Ka\u0161tela (&ldquo;Slu\u017ebeni glasnik Grada Ka\u0161tela&rdquo;, broj 9\/09, 7\/10, 6\/13 i 13\/14) sazivam<\/p>\n<p>&nbsp;<\/p>\n<p><strong>&nbsp; &nbsp; &nbsp; &nbsp; &nbsp; &nbsp; &nbsp; &nbsp; &nbsp; &nbsp; &nbsp; &nbsp; &nbsp; &nbsp; &nbsp; 25. sjednicu Gradskog vije\u0107a Grada Ka\u0161tela<br \/>\nza dan 4. listopada (utorak) 2016. g. u 12,00 sati u Gradskoj vije\u0107nici<\/strong><\/p>\n<p>&nbsp;<\/p>\n<p>Za sjednicu predla\u017eem sljede\u0107i:<\/p>\n<p style=\"text-align: center;\"><strong>Dnevni red:<\/strong><\/p>\n<ol>\n<li>Usvajanje Zapisnika sa 24. sjednice Gradskog vije\u0107a<\/li>\n<li>Vije\u0107ni\u010dka pitanja i prijedlozi<\/li>\n<li>Prijedlog Zaklju\u010dka o davanju mi\u0161ljenja o stjecanju prava vlasni\u0161tva nekretnine u Republici Hrvatskoj za norve\u0161ku dr\u017eavljanku Selmu Dizdarevi\u0107<\/li>\n<li>Prijedlog odluke o kupovini dijela \u010dest. zem. 1048 k.o. Ka\u0161tel Novi<\/li>\n<li>Prijedlog odluke o davanju dvije koncesije za obavljanje dimnja\u010darskih poslova na podru\u010dju Grada Ka\u0161tela<br \/>\n &ndash; Izvjestiteljica t. 3. do t. 5.: Marija Pelivan, pro\u010delnica Upravnog odjela za komunalno &nbsp; &nbsp; &nbsp;gospodarstvo i imovinsko- pravne poslove<\/li>\n<li>Polugodi\u0161nji izvje\u0161taj o izvr\u0161enju Prora\u010duna Grada Ka\u0161tela za razdoblje sije\u010danj-lipanj 2016. godine<\/li>\n<li>Prijedlog zaklju\u010dka o primanju na znanje Izvje\u0161\u0107a o obavljenoj financijskoj reviziji Grada Ka\u0161tela za 2015. g.<br \/>\n &ndash; Izvjestiteljica t. 6. i t. 7.: Marija Matija \u0110iki\u0107, pro\u010delnica Upravnog odjela za financije, prora\u010dun i javnu&nbsp; nabavu<\/li>\n<li>Izvje\u0161\u0107e Gradona\u010delnika o radu za razdoblje sije\u010danj- lipanj 2016. godine<br \/>\n &ndash;&nbsp; Izvjestitelj: Ivan Udovi\u010di\u0107, Gradona\u010delnik<\/li>\n<li>Prijedlog zaklju\u010dka povodom Tematske sjednice: Promet d.o.o. Split &ndash; problematika prijevoza putnika na podru\u010dju Grada Ka\u0161tela<br \/>\n &ndash; Izvjestitelj: Denis Ivanovi\u0107, predsjednik Gradskog vije\u0107a<\/li>\n<\/ol>\n<p><strong>Predsjednik Gradskog vije\u0107a<\/strong><br \/>\nDenis Ivanovi\u0107. dipl.ing, v.r.<\/p>\n<p><u>Napomena:<\/u><\/p>\n<p>Materijal za to\u010d. 9.&nbsp; vije\u0107nicima \u0107e biti dostavljen pred po\u010detak sjednice<\/p>\n<p><strong>POZIV SE UPU\u0106UJE:<\/strong><\/p>\n<ul>\n<li>Vije\u0107nicima<\/li>\n<li>Gradona\u010delniku<\/li>\n<li>Zamjenicima gradona\u010delnika<\/li>\n<li>Pro\u010delnicima Upravnih odjela<\/li>\n<li>Upravitelju Vlastitog pogona<\/li>\n<li>Slu\u017ebi za unutarnju reviziju<\/li>\n<li>Predsjednici Savjeta mladih<\/li>\n<li>Predsjednicima Vije\u0107a mjesnih odbora<\/li>\n<li>Predstavnicima medija<\/li>\n<\/ul>\n<\/div>\n","protected":false},"featured_media":0,"template":"","meta":{"_acf_changed":true},"kategorija-gradskog-vijeca":[62,59],"class_list":["post-8347","gradsko-vijece","type-gradsko-vijece","status-publish","hentry","kategorija-gradskog-vijeca-mandatno-razdoblje-2013-2017","kategorija-gradskog-vijeca-sjednice-gradskog-vijeca"],"acf":[],"_links":{"self":[{"href":"https:\/\/kastela.hr\/en\/wp-json\/wp\/v2\/gradsko-vijece\/8347","targetHints":{"allow":["GET"]}}],"collection":[{"href":"https:\/\/kastela.hr\/en\/wp-json\/wp\/v2\/gradsko-vijece"}],"about":[{"href":"https:\/\/kastela.hr\/en\/wp-json\/wp\/v2\/types\/gradsko-vijece"}],"wp:attachment":[{"href":"https:\/\/kastela.hr\/en\/wp-json\/wp\/v2\/media?parent=8347"}],"wp:term":[{"taxonomy":"kategorija-gradskog-vijeca","embeddable":true,"href":"https:\/\/kastela.hr\/en\/wp-json\/wp\/v2\/kategorija-gradskog-vijeca?post=8347"}],"curies":[{"name":"wp","href":"https:\/\/api.w.org\/{rel}","templated":true}]}}

25. Sjednica Gradskog vijeća Grada Kaštela

<div class="article">
<h5>25. sjednica</h5>
<p><strong>&nbsp; &nbsp; &nbsp; &nbsp; &nbsp; &nbsp; REPUBLIKA HRVATSKA</strong><br />
<strong>SPLITSKO-DALMATINSKA ŽUPANIJA</strong><br />
<strong>&nbsp;&nbsp;&nbsp;&nbsp;&nbsp;&nbsp;&nbsp;&nbsp;&nbsp;&nbsp;&nbsp;&nbsp;&nbsp;&nbsp;&nbsp;&nbsp; GRAD KAŠTELA</strong><br />
<strong>&nbsp; &nbsp; &nbsp; &nbsp; &nbsp; G R A D S K O&nbsp; V I J E Ć E </strong></p>
<p>KLASA: 021-05/16-01/0007<br />
URBROJ: 2134/01-01/3-16-1<br />
Kaštel Sućurac, 29. rujna 2016. g</p>
<p>Na temelju članka 74. stavak 1. Poslovnika Gradskog vijeća Grada Kaštela (&ldquo;Službeni glasnik Grada Kaštela&rdquo;, broj 9/09, 7/10, 6/13 i 13/14) sazivam</p>
<p>&nbsp;</p>
<p><strong>&nbsp; &nbsp; &nbsp; &nbsp; &nbsp; &nbsp; &nbsp; &nbsp; &nbsp; &nbsp; &nbsp; &nbsp; &nbsp; &nbsp; &nbsp; 25. sjednicu Gradskog vijeća Grada Kaštela<br />
za dan 4. listopada (utorak) 2016. g. u 12,00 sati u Gradskoj vijećnici</strong></p>
<p>&nbsp;</p>
<p>Za sjednicu predlažem sljedeći:</p>
<p style="text-align: center;"><strong>Dnevni red:</strong></p>
<ol>
<li>Usvajanje Zapisnika sa 24. sjednice Gradskog vijeća</li>
<li>Vijećnička pitanja i prijedlozi</li>
<li>Prijedlog Zaključka o davanju mišljenja o stjecanju prava vlasništva nekretnine u Republici Hrvatskoj za norvešku državljanku Selmu Dizdarević</li>
<li>Prijedlog odluke o kupovini dijela čest. zem. 1048 k.o. Kaštel Novi</li>
<li>Prijedlog odluke o davanju dvije koncesije za obavljanje dimnjačarskih poslova na području Grada Kaštela<br />
 &ndash; Izvjestiteljica t. 3. do t. 5.: Marija Pelivan, pročelnica Upravnog odjela za komunalno &nbsp; &nbsp; &nbsp;gospodarstvo i imovinsko- pravne poslove</li>
<li>Polugodišnji izvještaj o izvršenju Proračuna Grada Kaštela za razdoblje siječanj-lipanj 2016. godine</li>
<li>Prijedlog zaključka o primanju na znanje Izvješća o obavljenoj financijskoj reviziji Grada Kaštela za 2015. g.<br />
 &ndash; Izvjestiteljica t. 6. i t. 7.: Marija Matija Đikić, pročelnica Upravnog odjela za financije, proračun i javnu&nbsp; nabavu</li>
<li>Izvješće Gradonačelnika o radu za razdoblje siječanj- lipanj 2016. godine<br />
 &ndash;&nbsp; Izvjestitelj: Ivan Udovičić, Gradonačelnik</li>
<li>Prijedlog zaključka povodom Tematske sjednice: Promet d.o.o. Split &ndash; problematika prijevoza putnika na području Grada Kaštela<br />
 &ndash; Izvjestitelj: Denis Ivanović, predsjednik Gradskog vijeća</li>
</ol>
<p><strong>Predsjednik Gradskog vijeća</strong><br />
Denis Ivanović. dipl.ing, v.r.</p>
<p><u>Napomena:</u></p>
<p>Materijal za toč. 9.&nbsp; vijećnicima će biti dostavljen pred početak sjednice</p>
<p><strong>POZIV SE UPUĆUJE:</strong></p>
<ul>
<li>Vijećnicima</li>
<li>Gradonačelniku</li>
<li>Zamjenicima gradonačelnika</li>
<li>Pročelnicima Upravnih odjela</li>
<li>Upravitelju Vlastitog pogona</li>
<li>Službi za unutarnju reviziju</li>
<li>Predsjednici Savjeta mladih</li>
<li>Predsjednicima Vijeća mjesnih odbora</li>
<li>Predstavnicima medija</li>
</ul>
</div>
