{"id":8345,"date":"2016-07-05T07:30:00","date_gmt":"2016-07-05T05:30:00","guid":{"rendered":"https:\/\/kastela.hr\/en\/gradsko-vijece\/4-tematska-sjednica-gradskog-vijeca-grada-kastela\/"},"modified":"2024-08-28T18:47:55","modified_gmt":"2024-08-28T16:47:55","slug":"4-tematska-sjednica-gradskog-vijeca-grada-kastela","status":"publish","type":"gradsko-vijece","link":"https:\/\/kastela.hr\/en\/gradsko-vijece\/mandatno-razdoblje-2013-2017\/4-tematska-sjednica-gradskog-vijeca-grada-kastela\/","title":{"rendered":"4. Tematska sjednica Gradskog vije\u0107a Grada Ka\u0161tela"},"content":{"rendered":"<div class=\"article\">\n<h6><strong>&nbsp; &nbsp; &nbsp; &nbsp; &nbsp; REPUBLIKA HRVATSKA<\/strong><br \/>\n<strong>SPLITSKO-DALMATINSKA \u017dUPANIJA<\/strong><br \/>\n<strong>&nbsp; &nbsp; &nbsp; &nbsp; &nbsp; &nbsp; &nbsp; &nbsp; GRAD KA\u0160TELA<\/strong><br \/>\n<strong>&nbsp; &nbsp; &nbsp; &nbsp; &nbsp; &nbsp;G R A D S K O&nbsp; V I J E \u0106E <\/strong><\/h6>\n<p>KLASA: 021-05\/16-01\/0005<br \/>\nURBROJ: 2134\/01-01\/3-16-1<br \/>\nKa\u0161tel Su\u0107urac, 30. lipnja 2016. g.<\/p>\n<p>&nbsp;<\/p>\n<p>Na temelju \u010dlanka 75.&nbsp; Poslovnika&nbsp; Gradskog vije\u0107a Grada Ka\u0161tela (&ldquo;Slu\u017ebeni glasnik Grada Ka\u0161tela&rdquo;, broj 9\/09, 7\/10, 6\/13 i 13\/14) sazivam<\/p>\n<p><strong>&nbsp; &nbsp; &nbsp; &nbsp; &nbsp; &nbsp; &nbsp; &nbsp; &nbsp; &nbsp; &nbsp;4.&nbsp;<\/strong><strong>TEMATSKU SJEDNICU GRADSKOG VIJE\u0106A GRADA KA\u0160TELA<\/strong><br \/>\n<strong>&nbsp; &nbsp; &nbsp; &nbsp; &nbsp; &nbsp; &nbsp; &nbsp; &nbsp; &nbsp;za dan 5. srpnja&nbsp; 2016. g. (utorak) u 12,00&nbsp; sati u Gradskoj vije\u0107nici<\/strong><strong>&nbsp; &nbsp; &nbsp; &nbsp; &nbsp; &nbsp; &nbsp; &nbsp; &nbsp; &nbsp; &nbsp; &nbsp;&nbsp;<\/strong><\/p>\n<p>Za sjednicu predla\u017eem sljede\u0107i&nbsp; &nbsp; &nbsp; &nbsp; &nbsp; &nbsp; &nbsp; &nbsp; &nbsp; &nbsp; &nbsp; &nbsp; &nbsp; &nbsp; &nbsp; &nbsp; &nbsp; &nbsp; &nbsp; &nbsp; &nbsp;<strong>&nbsp;&nbsp;&nbsp;&nbsp;&nbsp;&nbsp;&nbsp;&nbsp;&nbsp;<\/strong><\/p>\n<p><strong>&nbsp;&nbsp;&nbsp;&nbsp;&nbsp;&nbsp;&nbsp;&nbsp;&nbsp;&nbsp;&nbsp;&nbsp;&nbsp;&nbsp;&nbsp;&nbsp;&nbsp;&nbsp;&nbsp;&nbsp;&nbsp;&nbsp;&nbsp;&nbsp;&nbsp;&nbsp;&nbsp;&nbsp;&nbsp;&nbsp;&nbsp;&nbsp;&nbsp;&nbsp;&nbsp;&nbsp;&nbsp;&nbsp;&nbsp;&nbsp;&nbsp;&nbsp;&nbsp;&nbsp;&nbsp;&nbsp;&nbsp;&nbsp;&nbsp;&nbsp;&nbsp;&nbsp;&nbsp;&nbsp;&nbsp;&nbsp;&nbsp;&nbsp; &nbsp;D n e v n i&nbsp;&nbsp;&nbsp; r e d<\/strong><\/p>\n<ol>\n<li>Promet d.o.o. Split &ndash; problematika prijevoza putnika na podru\u010dju Grada Ka\u0161tela<\/li>\n<\/ol>\n<p>\n<strong>Predsjednik Gradskog vije\u0107a<\/strong><\/p>\n<p>Denis Ivanovi\u0107, dipl. ing., v. r.<\/p>\n<p><strong>Vije\u0107nicima se elektronskom po\u0161tom dostavlja:<\/strong><\/p>\n<ul>\n<li>Revidirani godi\u0161nji financijski izvje\u0161taji za 2015. godinu Prometa d.o.o. Split<\/li>\n<li>Izvje\u0161taj o poslovanju za I -III 2016. godine Prometa d.o.o. Split<\/li>\n<\/ul>\n<p><strong><u>POZIV SE UPU\u0106UJE:<\/u><\/strong><\/p>\n<ul>\n<li>Vije\u0107nicima<\/li>\n<li>Gradona\u010delniku<\/li>\n<li>Zamjenicima gradona\u010delnika<\/li>\n<li>Promet d.o.o. Split, <u> \u017deljko Krni\u0107, direktor<\/u><\/li>\n<li>Pro\u010delnicima Upravnih odjela<\/li>\n<li>Upravitelju Vlastitog pogona<\/li>\n<li>Slu\u017ebi za unutarnju reviziju<\/li>\n<li>Predsjednici Savjeta mladih<\/li>\n<li>Predsjednicima Vije\u0107a mjesnih odbora<\/li>\n<li>Predstavnicima medija<\/li>\n<\/ul>\n<\/div>\n","protected":false},"featured_media":0,"template":"","meta":{"_acf_changed":false},"kategorija-gradskog-vijeca":[62,59],"class_list":["post-8345","gradsko-vijece","type-gradsko-vijece","status-publish","hentry","kategorija-gradskog-vijeca-mandatno-razdoblje-2013-2017","kategorija-gradskog-vijeca-sjednice-gradskog-vijeca"],"acf":[],"_links":{"self":[{"href":"https:\/\/kastela.hr\/en\/wp-json\/wp\/v2\/gradsko-vijece\/8345","targetHints":{"allow":["GET"]}}],"collection":[{"href":"https:\/\/kastela.hr\/en\/wp-json\/wp\/v2\/gradsko-vijece"}],"about":[{"href":"https:\/\/kastela.hr\/en\/wp-json\/wp\/v2\/types\/gradsko-vijece"}],"wp:attachment":[{"href":"https:\/\/kastela.hr\/en\/wp-json\/wp\/v2\/media?parent=8345"}],"wp:term":[{"taxonomy":"kategorija-gradskog-vijeca","embeddable":true,"href":"https:\/\/kastela.hr\/en\/wp-json\/wp\/v2\/kategorija-gradskog-vijeca?post=8345"}],"curies":[{"name":"wp","href":"https:\/\/api.w.org\/{rel}","templated":true}]}}

4. Tematska sjednica Gradskog vijeća Grada Kaštela

<div class="article">
<h6><strong>&nbsp; &nbsp; &nbsp; &nbsp; &nbsp; REPUBLIKA HRVATSKA</strong><br />
<strong>SPLITSKO-DALMATINSKA ŽUPANIJA</strong><br />
<strong>&nbsp; &nbsp; &nbsp; &nbsp; &nbsp; &nbsp; &nbsp; &nbsp; GRAD KAŠTELA</strong><br />
<strong>&nbsp; &nbsp; &nbsp; &nbsp; &nbsp; &nbsp;G R A D S K O&nbsp; V I J E ĆE </strong></h6>
<p>KLASA: 021-05/16-01/0005<br />
URBROJ: 2134/01-01/3-16-1<br />
Kaštel Sućurac, 30. lipnja 2016. g.</p>
<p>&nbsp;</p>
<p>Na temelju članka 75.&nbsp; Poslovnika&nbsp; Gradskog vijeća Grada Kaštela (&ldquo;Službeni glasnik Grada Kaštela&rdquo;, broj 9/09, 7/10, 6/13 i 13/14) sazivam</p>
<p><strong>&nbsp; &nbsp; &nbsp; &nbsp; &nbsp; &nbsp; &nbsp; &nbsp; &nbsp; &nbsp; &nbsp;4.&nbsp;</strong><strong>TEMATSKU SJEDNICU GRADSKOG VIJEĆA GRADA KAŠTELA</strong><br />
<strong>&nbsp; &nbsp; &nbsp; &nbsp; &nbsp; &nbsp; &nbsp; &nbsp; &nbsp; &nbsp;za dan 5. srpnja&nbsp; 2016. g. (utorak) u 12,00&nbsp; sati u Gradskoj vijećnici</strong><strong>&nbsp; &nbsp; &nbsp; &nbsp; &nbsp; &nbsp; &nbsp; &nbsp; &nbsp; &nbsp; &nbsp; &nbsp;&nbsp;</strong></p>
<p>Za sjednicu predlažem sljedeći&nbsp; &nbsp; &nbsp; &nbsp; &nbsp; &nbsp; &nbsp; &nbsp; &nbsp; &nbsp; &nbsp; &nbsp; &nbsp; &nbsp; &nbsp; &nbsp; &nbsp; &nbsp; &nbsp; &nbsp; &nbsp;<strong>&nbsp;&nbsp;&nbsp;&nbsp;&nbsp;&nbsp;&nbsp;&nbsp;&nbsp;</strong></p>
<p><strong>&nbsp;&nbsp;&nbsp;&nbsp;&nbsp;&nbsp;&nbsp;&nbsp;&nbsp;&nbsp;&nbsp;&nbsp;&nbsp;&nbsp;&nbsp;&nbsp;&nbsp;&nbsp;&nbsp;&nbsp;&nbsp;&nbsp;&nbsp;&nbsp;&nbsp;&nbsp;&nbsp;&nbsp;&nbsp;&nbsp;&nbsp;&nbsp;&nbsp;&nbsp;&nbsp;&nbsp;&nbsp;&nbsp;&nbsp;&nbsp;&nbsp;&nbsp;&nbsp;&nbsp;&nbsp;&nbsp;&nbsp;&nbsp;&nbsp;&nbsp;&nbsp;&nbsp;&nbsp;&nbsp;&nbsp;&nbsp;&nbsp;&nbsp; &nbsp;D n e v n i&nbsp;&nbsp;&nbsp; r e d</strong></p>
<ol>
<li>Promet d.o.o. Split &ndash; problematika prijevoza putnika na području Grada Kaštela</li>
</ol>
<p>
<strong>Predsjednik Gradskog vijeća</strong></p>
<p>Denis Ivanović, dipl. ing., v. r.</p>
<p><strong>Vijećnicima se elektronskom poštom dostavlja:</strong></p>
<ul>
<li>Revidirani godišnji financijski izvještaji za 2015. godinu Prometa d.o.o. Split</li>
<li>Izvještaj o poslovanju za I -III 2016. godine Prometa d.o.o. Split</li>
</ul>
<p><strong><u>POZIV SE UPUĆUJE:</u></strong></p>
<ul>
<li>Vijećnicima</li>
<li>Gradonačelniku</li>
<li>Zamjenicima gradonačelnika</li>
<li>Promet d.o.o. Split, <u> Željko Krnić, direktor</u></li>
<li>Pročelnicima Upravnih odjela</li>
<li>Upravitelju Vlastitog pogona</li>
<li>Službi za unutarnju reviziju</li>
<li>Predsjednici Savjeta mladih</li>
<li>Predsjednicima Vijeća mjesnih odbora</li>
<li>Predstavnicima medija</li>
</ul>
</div>
