{"id":8342,"date":"2016-03-21T09:36:00","date_gmt":"2016-03-21T08:36:00","guid":{"rendered":"https:\/\/kastela.hr\/en\/gradsko-vijece\/21-sjednica-gradskog-vijeca-grada-kastela\/"},"modified":"2024-11-28T14:50:22","modified_gmt":"2024-11-28T13:50:22","slug":"21-sjednica-gradskog-vijeca-grada-kastela","status":"publish","type":"gradsko-vijece","link":"https:\/\/kastela.hr\/en\/gradsko-vijece\/mandatno-razdoblje-2013-2017\/21-sjednica-gradskog-vijeca-grada-kastela\/","title":{"rendered":"21. Sjednica Gradskog vije\u0107a Grada Ka\u0161tela"},"content":{"rendered":"<div class=\"article\">\n<h1>&nbsp;<\/h1>\n<p>&nbsp;<\/p>\n<p><strong>&nbsp; &nbsp; &nbsp; &nbsp; REPUBLIKA HRVATSKA<\/strong><br \/>\n<strong>SPLITSKO-DALMATINSKA \u017dUPANIJA<\/strong><br \/>\n<strong>&nbsp;&nbsp;&nbsp;&nbsp;&nbsp;&nbsp;&nbsp;&nbsp;&nbsp;&nbsp;&nbsp;&nbsp;&nbsp;&nbsp;&nbsp;&nbsp; GRAD KA\u0160TELA<\/strong><br \/>\n<strong>&nbsp; &nbsp; &nbsp; &nbsp; &nbsp;G R A D S K O&nbsp; V I J E \u0106 E<\/strong><\/p>\n<p>KLASA: 021-05\/16-01\/0002<br \/>\nURBROJ: 2134\/01-01\/3-16-1<br \/>\nKa\u0161tel Su\u0107urac, 16. o\u017eujka 2016. g.<\/p>\n<p>&nbsp;<\/p>\n<p><strong>&nbsp;&nbsp;&nbsp;&nbsp;&nbsp;&nbsp;&nbsp;&nbsp;&nbsp;&nbsp;&nbsp;&nbsp;&nbsp;&nbsp;&nbsp;&nbsp;&nbsp;&nbsp;&nbsp;&nbsp;&nbsp;&nbsp;&nbsp; <\/strong>Na temelju \u010dlanka 74. stavak 1. Poslovnika&nbsp; Gradskog vije\u0107a Grada Ka\u0161tela &nbsp; (&ldquo;Slu\u017ebeni&nbsp;glasnik Grada Ka\u0161tela&rdquo;, broj 9\/09, 7\/10, 6\/13 i 13\/14) sazivam<\/p>\n<p><strong><em>&nbsp; &nbsp; &nbsp; &nbsp; &nbsp; &nbsp; &nbsp; &nbsp; &nbsp; &nbsp; &nbsp; &nbsp; &nbsp; &nbsp; &nbsp; &nbsp; &nbsp; &nbsp; &nbsp;<\/em><\/strong><strong>21. sjednicu Gradskog vije\u0107a Grada Ka\u0161tela<\/strong><\/p>\n<p><strong>&nbsp;&nbsp;&nbsp;&nbsp; za dan 21. o\u017eujka&nbsp; (ponedjeljak)&nbsp; 2016. g. u 12, 00 sati u Gradskoj vije\u0107nici<\/strong><strong><em>&nbsp;<\/em><\/strong><\/p>\n<p>Za sjednicu predla\u017eem sljede\u0107i<strong>&nbsp; &nbsp; &nbsp; &nbsp; &nbsp;<\/strong><\/p>\n<p><strong>&nbsp;&nbsp;&nbsp;&nbsp;&nbsp;&nbsp;&nbsp;&nbsp;&nbsp;&nbsp;&nbsp;&nbsp;&nbsp;&nbsp;&nbsp;&nbsp;&nbsp;&nbsp;&nbsp;&nbsp;&nbsp;&nbsp;&nbsp;&nbsp;&nbsp;&nbsp;&nbsp;&nbsp;&nbsp;&nbsp;&nbsp;&nbsp;&nbsp;&nbsp;&nbsp;&nbsp;&nbsp;&nbsp;&nbsp;&nbsp;&nbsp;&nbsp;&nbsp;&nbsp;&nbsp;&nbsp;&nbsp;&nbsp;&nbsp;&nbsp;&nbsp;&nbsp;&nbsp;&nbsp;&nbsp;&nbsp;&nbsp;&nbsp; &nbsp;D n e v n i&nbsp;&nbsp;&nbsp; r e d<\/strong><\/p>\n<p>&nbsp;<\/p>\n<ol>\n<li>Usvajanje Zapisnika sa 20. sjednice Gradskog vije\u0107a<\/li>\n<li>Vije\u0107ni\u010dka pitanja i prijedlozi<\/li>\n<li>Prijedlog odluke o suglasnosti na prijenos vlasni\u0161tva dijela nekretnina trgova\u010dkog dru\u0161tva &ldquo;Promet&rdquo;d.o.o. Split na Grad Split<\/li>\n<li>Prijedlog odluke o izmjeni Odluke o komunalnim djelatnostima koje se obavljaju na temelju koncesije<\/li>\n<li>Prijedlog izmjene Odluke o reklamiranju na podru\u010dju Grada Ka\u0161tela<\/li>\n<li>Prijedlog programa sufinanciranja nabave sadnog materijala na podru\u010dju grada Ka\u0161tela<\/li>\n<li>Prijedlog odluke o izmjeni Odluke o osnivanju i imenovanju Vije\u0107a za dodjelu koncesijskog odobrenja na podru\u010dju grada Ka\u0161tela<br \/>\n &ndash; Izvjestiteljica t. 3. do t. 7. : Marija Pelivan, pro\u010delnica Upravnog odjela za komunalno gospodarstvo i imovinsko&nbsp; pravne poslove<\/li>\n<li>Analiza stanja sustava civilne za\u0161tite na podru\u010dju Grada Ka\u0161tela u 2015. g.<\/li>\n<li>Prijedlog plana razvoja sustava civilne za\u0161tite na podru\u010dju Grada Ka\u0161tela<\/li>\n<li>Prijedlog smjernica za organizaciju i razvoj sustava civilne za\u0161tite na podru\u010dju Grada Ka\u0161tela<\/li>\n<li>Prijedlog odluke o stavljanju izvan snage Odluke o osnivanju Zapovjedni\u0161tva civilne za\u0161tite Grada Ka\u0161tela<\/li>\n<li>Prijedlog odluke o stavljanju izvan snage Odluke o osnivanju Sto\u017eera za\u0161tite i spa\u0161avanja Grada Ka\u0161tela<\/li>\n<li>Prijedlog plana mre\u017ee dje\u010djih vrti\u0107a na podru\u010dju grada Ka\u0161tela<br \/>\n &ndash; Izvjestiteljica t.8.&nbsp; do t.13.: Sandra Zoki\u0107, pro\u010delnica Upravnog odjela za dru\u0161tvene djelatnosti i op\u0107e poslove<\/li>\n<li>Prijedlog zaklju\u010dka o dopuni teksta Ugovora o financiranju ure\u0111enja gra\u0111evinskog zemlji\u0161ta za izradu Urbanisti\u010dkog plana ure\u0111enja turisti\u010dke zone Ka\u0161tel Su\u0107urac &ndash; Sustipan (UPU &ndash; 18)<br \/>\n &ndash; Izvjestitelj: Boris \u0160kara, pro\u010delnik Upravnog odjela za prostorno ure\u0111enje, gradnju i za\u0161titu okoli\u0161a<\/li>\n<\/ol>\n<p><strong>Predsjednik Gradskog vije\u0107a<\/strong><\/p>\n<p>Denis Ivanovi\u0107, dipl. ing.,v.r.<\/p>\n<\/div>\n","protected":false},"featured_media":0,"template":"","meta":{"_acf_changed":true},"kategorija-gradskog-vijeca":[62,59],"class_list":["post-8342","gradsko-vijece","type-gradsko-vijece","status-publish","hentry","kategorija-gradskog-vijeca-mandatno-razdoblje-2013-2017","kategorija-gradskog-vijeca-sjednice-gradskog-vijeca"],"acf":[],"_links":{"self":[{"href":"https:\/\/kastela.hr\/en\/wp-json\/wp\/v2\/gradsko-vijece\/8342","targetHints":{"allow":["GET"]}}],"collection":[{"href":"https:\/\/kastela.hr\/en\/wp-json\/wp\/v2\/gradsko-vijece"}],"about":[{"href":"https:\/\/kastela.hr\/en\/wp-json\/wp\/v2\/types\/gradsko-vijece"}],"wp:attachment":[{"href":"https:\/\/kastela.hr\/en\/wp-json\/wp\/v2\/media?parent=8342"}],"wp:term":[{"taxonomy":"kategorija-gradskog-vijeca","embeddable":true,"href":"https:\/\/kastela.hr\/en\/wp-json\/wp\/v2\/kategorija-gradskog-vijeca?post=8342"}],"curies":[{"name":"wp","href":"https:\/\/api.w.org\/{rel}","templated":true}]}}

21. Sjednica Gradskog vijeća Grada Kaštela

<div class="article">
<h1>&nbsp;</h1>
<p>&nbsp;</p>
<p><strong>&nbsp; &nbsp; &nbsp; &nbsp; REPUBLIKA HRVATSKA</strong><br />
<strong>SPLITSKO-DALMATINSKA ŽUPANIJA</strong><br />
<strong>&nbsp;&nbsp;&nbsp;&nbsp;&nbsp;&nbsp;&nbsp;&nbsp;&nbsp;&nbsp;&nbsp;&nbsp;&nbsp;&nbsp;&nbsp;&nbsp; GRAD KAŠTELA</strong><br />
<strong>&nbsp; &nbsp; &nbsp; &nbsp; &nbsp;G R A D S K O&nbsp; V I J E Ć E</strong></p>
<p>KLASA: 021-05/16-01/0002<br />
URBROJ: 2134/01-01/3-16-1<br />
Kaštel Sućurac, 16. ožujka 2016. g.</p>
<p>&nbsp;</p>
<p><strong>&nbsp;&nbsp;&nbsp;&nbsp;&nbsp;&nbsp;&nbsp;&nbsp;&nbsp;&nbsp;&nbsp;&nbsp;&nbsp;&nbsp;&nbsp;&nbsp;&nbsp;&nbsp;&nbsp;&nbsp;&nbsp;&nbsp;&nbsp; </strong>Na temelju članka 74. stavak 1. Poslovnika&nbsp; Gradskog vijeća Grada Kaštela &nbsp; (&ldquo;Službeni&nbsp;glasnik Grada Kaštela&rdquo;, broj 9/09, 7/10, 6/13 i 13/14) sazivam</p>
<p><strong><em>&nbsp; &nbsp; &nbsp; &nbsp; &nbsp; &nbsp; &nbsp; &nbsp; &nbsp; &nbsp; &nbsp; &nbsp; &nbsp; &nbsp; &nbsp; &nbsp; &nbsp; &nbsp; &nbsp;</em></strong><strong>21. sjednicu Gradskog vijeća Grada Kaštela</strong></p>
<p><strong>&nbsp;&nbsp;&nbsp;&nbsp; za dan 21. ožujka&nbsp; (ponedjeljak)&nbsp; 2016. g. u 12, 00 sati u Gradskoj vijećnici</strong><strong><em>&nbsp;</em></strong></p>
<p>Za sjednicu predlažem sljedeći<strong>&nbsp; &nbsp; &nbsp; &nbsp; &nbsp;</strong></p>
<p><strong>&nbsp;&nbsp;&nbsp;&nbsp;&nbsp;&nbsp;&nbsp;&nbsp;&nbsp;&nbsp;&nbsp;&nbsp;&nbsp;&nbsp;&nbsp;&nbsp;&nbsp;&nbsp;&nbsp;&nbsp;&nbsp;&nbsp;&nbsp;&nbsp;&nbsp;&nbsp;&nbsp;&nbsp;&nbsp;&nbsp;&nbsp;&nbsp;&nbsp;&nbsp;&nbsp;&nbsp;&nbsp;&nbsp;&nbsp;&nbsp;&nbsp;&nbsp;&nbsp;&nbsp;&nbsp;&nbsp;&nbsp;&nbsp;&nbsp;&nbsp;&nbsp;&nbsp;&nbsp;&nbsp;&nbsp;&nbsp;&nbsp;&nbsp; &nbsp;D n e v n i&nbsp;&nbsp;&nbsp; r e d</strong></p>
<p>&nbsp;</p>
<ol>
<li>Usvajanje Zapisnika sa 20. sjednice Gradskog vijeća</li>
<li>Vijećnička pitanja i prijedlozi</li>
<li>Prijedlog odluke o suglasnosti na prijenos vlasništva dijela nekretnina trgovačkog društva &ldquo;Promet&rdquo;d.o.o. Split na Grad Split</li>
<li>Prijedlog odluke o izmjeni Odluke o komunalnim djelatnostima koje se obavljaju na temelju koncesije</li>
<li>Prijedlog izmjene Odluke o reklamiranju na području Grada Kaštela</li>
<li>Prijedlog programa sufinanciranja nabave sadnog materijala na području grada Kaštela</li>
<li>Prijedlog odluke o izmjeni Odluke o osnivanju i imenovanju Vijeća za dodjelu koncesijskog odobrenja na području grada Kaštela<br />
 &ndash; Izvjestiteljica t. 3. do t. 7. : Marija Pelivan, pročelnica Upravnog odjela za komunalno gospodarstvo i imovinsko&nbsp; pravne poslove</li>
<li>Analiza stanja sustava civilne zaštite na području Grada Kaštela u 2015. g.</li>
<li>Prijedlog plana razvoja sustava civilne zaštite na području Grada Kaštela</li>
<li>Prijedlog smjernica za organizaciju i razvoj sustava civilne zaštite na području Grada Kaštela</li>
<li>Prijedlog odluke o stavljanju izvan snage Odluke o osnivanju Zapovjedništva civilne zaštite Grada Kaštela</li>
<li>Prijedlog odluke o stavljanju izvan snage Odluke o osnivanju Stožera zaštite i spašavanja Grada Kaštela</li>
<li>Prijedlog plana mreže dječjih vrtića na području grada Kaštela<br />
 &ndash; Izvjestiteljica t.8.&nbsp; do t.13.: Sandra Zokić, pročelnica Upravnog odjela za društvene djelatnosti i opće poslove</li>
<li>Prijedlog zaključka o dopuni teksta Ugovora o financiranju uređenja građevinskog zemljišta za izradu Urbanističkog plana uređenja turističke zone Kaštel Sućurac &ndash; Sustipan (UPU &ndash; 18)<br />
 &ndash; Izvjestitelj: Boris Škara, pročelnik Upravnog odjela za prostorno uređenje, gradnju i zaštitu okoliša</li>
</ol>
<p><strong>Predsjednik Gradskog vijeća</strong></p>
<p>Denis Ivanović, dipl. ing.,v.r.</p>
</div>
