{"id":8341,"date":"2016-02-16T09:38:00","date_gmt":"2016-02-16T08:38:00","guid":{"rendered":"https:\/\/kastela.hr\/en\/gradsko-vijece\/20-sjednica-gradskog-vijeca-grada-kastela\/"},"modified":"2024-11-28T14:51:29","modified_gmt":"2024-11-28T13:51:29","slug":"20-sjednica-gradskog-vijeca-grada-kastela","status":"publish","type":"gradsko-vijece","link":"https:\/\/kastela.hr\/en\/gradsko-vijece\/mandatno-razdoblje-2013-2017\/20-sjednica-gradskog-vijeca-grada-kastela\/","title":{"rendered":"20. Sjednica Gradskog vije\u0107a Grada Ka\u0161tela"},"content":{"rendered":"<div class=\"article\">\n<h1>&nbsp;<\/h1>\n<p><strong>&nbsp; &nbsp; &nbsp;<\/strong><\/p>\n<p><strong>&nbsp; &nbsp; &nbsp; &nbsp; &nbsp; REPUBLIKA HRVATSKA<\/strong><br \/>\n<strong>SPLITSKO-DALMATINSKA \u017dUPANIJA<\/strong><br \/>\n<strong>&nbsp;&nbsp;&nbsp;&nbsp;&nbsp;&nbsp;&nbsp;&nbsp;&nbsp;&nbsp;&nbsp;&nbsp;&nbsp;&nbsp;&nbsp;&nbsp; GRAD KA\u0160TELA<\/strong><br \/>\n<strong>&nbsp; &nbsp; &nbsp; &nbsp; &nbsp; G R A D S K O&nbsp; V I J E \u0106 E<\/strong><\/p>\n<p>KLASA: 021-05\/16-01\/0001<br \/>\nURBROJ: 2134701-01\/3-16-1<br \/>\nKa\u0161tel Su\u0107urac, 11. velja\u010de 2016.g.<\/p>\n<p>&nbsp;<br \/>\nNa temelju \u010dlanka 74. stavak 1. Poslovnika Gradskog vije\u0107a Grada Ka\u0161tela (&ldquo;Slu\u017ebeni&nbsp;glasnik Grada Ka\u0161tela&rdquo;, broj 9\/09, 7\/10, 6\/13 i 13\/14) sazivam<\/p>\n<p>&nbsp;<\/p>\n<p style=\"text-align: center;\"><strong>20. sjednicu Gradskog vije\u0107a Grada Ka\u0161tela<\/strong><br \/>\n<strong>za dan 16. velja\u010de (utorak) 2016. g. u 12, 00 sati u Gradskoj vije\u0107nici<\/strong><\/p>\n<p>Za sjednicu predla\u017eem sljede\u0107i<\/p>\n<p style=\"text-align: center;\"><strong>D n e v n i &nbsp;r e d:<\/strong><\/p>\n<p>&nbsp;<\/p>\n<ol>\n<li>Usvajanje Zapisnika sa 19. sjednice Gradskog vije\u0107a<\/li>\n<li>Prijedlog odluke o izmjeni Odluke o obra\u010dunu i naplati naknade za razvoj<br \/>\n &ndash;&nbsp;Revidirani investicijski program EKO projekta 2015.<br \/>\n &ndash; Izvjestitelj: Danijel Kuko\u010d, izvr\u0161ni direktor Agencije EKO Ka\u0161telanski zaljev<\/li>\n<li>Vije\u0107ni\u010dka pitanja i prijedlozi<\/li>\n<li>Prijedlog zaklju\u010dka o davanju suglasnosti za sklapanje Ugovora o izgradnji komunalne infrastrukture i prihva\u0107anju teksta tog ugovora<\/li>\n<li>Prijedlog odluke o kupovini za cijelo \u010dest. zem. 82 k. o. Ka\u0161tel Kambelovac<\/li>\n<li>Prijedlog odluke o ukidanju statusa javnog dobra u op\u0107oj uporabi na dijelu \u010dest. zem. 1814 k.o. Ka\u0161tel Novi<br \/>\n &ndash; Izvjestiteljica t. 4. do t. 6.: Marija Pelivan, pro\u010delnica Upravnog odjela za komunalno gospodarstvo i imovinsko&nbsp; pravne poslove<\/li>\n<li>Prijedlog odluke o povjeravanju komunalnih djelatnosti iz djelokruga poslova Vlastitog pogona Grada Ka\u0161tela za koje isti nema potrebnu opremu<br \/>\n &ndash; Izvjestitelj: Mili Novak, predsjednik Povjerenstva za provedbu javnog natje\u010daja za povjeravanje komunalnih djelatnosti iz djelokruga poslova Vlastitog pogona Grada Ka\u0161tela za koje isti nema potrebnu opremu<\/li>\n<li>Prijedlozi odluka o dodjeli javnih priznanja Grada Ka\u0161tela za 2015. g.<\/li>\n<li>Prijedlog odluke o dodjeli i visini nov\u010dane nagrade dobitnicima javnih priznanja za 2015. g.<br \/>\n &ndash; Izvjestitelj t. 8. i t. 9.: Denis Ivanovi\u0107, predsjednik Komisije za dodjelu javnih priznanja<\/li>\n<\/ol>\n<p>&nbsp;<\/p>\n<p style=\"text-align: right;\"><strong>Predsjednik Gradskog vije\u0107a<\/strong><\/p>\n<p style=\"text-align: right;\">Denis Ivanovi\u0107, dipl.ing.,v.r.<\/p>\n<p style=\"text-align: left;\"><strong>&nbsp; &nbsp; &nbsp; &nbsp; &nbsp; &nbsp; &nbsp; &nbsp; &nbsp; &nbsp; &nbsp; &nbsp; &nbsp; &nbsp; &nbsp; &nbsp; &nbsp; &nbsp; &nbsp; &nbsp; &nbsp; &nbsp; &nbsp; &nbsp; &nbsp; &nbsp; &nbsp;<\/strong><\/p>\n<hr \/>\n<\/div>\n","protected":false},"featured_media":0,"template":"","meta":{"_acf_changed":true},"kategorija-gradskog-vijeca":[62,59],"class_list":["post-8341","gradsko-vijece","type-gradsko-vijece","status-publish","hentry","kategorija-gradskog-vijeca-mandatno-razdoblje-2013-2017","kategorija-gradskog-vijeca-sjednice-gradskog-vijeca"],"acf":[],"_links":{"self":[{"href":"https:\/\/kastela.hr\/en\/wp-json\/wp\/v2\/gradsko-vijece\/8341","targetHints":{"allow":["GET"]}}],"collection":[{"href":"https:\/\/kastela.hr\/en\/wp-json\/wp\/v2\/gradsko-vijece"}],"about":[{"href":"https:\/\/kastela.hr\/en\/wp-json\/wp\/v2\/types\/gradsko-vijece"}],"wp:attachment":[{"href":"https:\/\/kastela.hr\/en\/wp-json\/wp\/v2\/media?parent=8341"}],"wp:term":[{"taxonomy":"kategorija-gradskog-vijeca","embeddable":true,"href":"https:\/\/kastela.hr\/en\/wp-json\/wp\/v2\/kategorija-gradskog-vijeca?post=8341"}],"curies":[{"name":"wp","href":"https:\/\/api.w.org\/{rel}","templated":true}]}}

20. Sjednica Gradskog vijeća Grada Kaštela

<div class="article">
<h1>&nbsp;</h1>
<p><strong>&nbsp; &nbsp; &nbsp;</strong></p>
<p><strong>&nbsp; &nbsp; &nbsp; &nbsp; &nbsp; REPUBLIKA HRVATSKA</strong><br />
<strong>SPLITSKO-DALMATINSKA ŽUPANIJA</strong><br />
<strong>&nbsp;&nbsp;&nbsp;&nbsp;&nbsp;&nbsp;&nbsp;&nbsp;&nbsp;&nbsp;&nbsp;&nbsp;&nbsp;&nbsp;&nbsp;&nbsp; GRAD KAŠTELA</strong><br />
<strong>&nbsp; &nbsp; &nbsp; &nbsp; &nbsp; G R A D S K O&nbsp; V I J E Ć E</strong></p>
<p>KLASA: 021-05/16-01/0001<br />
URBROJ: 2134701-01/3-16-1<br />
Kaštel Sućurac, 11. veljače 2016.g.</p>
<p>&nbsp;<br />
Na temelju članka 74. stavak 1. Poslovnika Gradskog vijeća Grada Kaštela (&ldquo;Službeni&nbsp;glasnik Grada Kaštela&rdquo;, broj 9/09, 7/10, 6/13 i 13/14) sazivam</p>
<p>&nbsp;</p>
<p style="text-align: center;"><strong>20. sjednicu Gradskog vijeća Grada Kaštela</strong><br />
<strong>za dan 16. veljače (utorak) 2016. g. u 12, 00 sati u Gradskoj vijećnici</strong></p>
<p>Za sjednicu predlažem sljedeći</p>
<p style="text-align: center;"><strong>D n e v n i &nbsp;r e d:</strong></p>
<p>&nbsp;</p>
<ol>
<li>Usvajanje Zapisnika sa 19. sjednice Gradskog vijeća</li>
<li>Prijedlog odluke o izmjeni Odluke o obračunu i naplati naknade za razvoj<br />
 &ndash;&nbsp;Revidirani investicijski program EKO projekta 2015.<br />
 &ndash; Izvjestitelj: Danijel Kukoč, izvršni direktor Agencije EKO Kaštelanski zaljev</li>
<li>Vijećnička pitanja i prijedlozi</li>
<li>Prijedlog zaključka o davanju suglasnosti za sklapanje Ugovora o izgradnji komunalne infrastrukture i prihvaćanju teksta tog ugovora</li>
<li>Prijedlog odluke o kupovini za cijelo čest. zem. 82 k. o. Kaštel Kambelovac</li>
<li>Prijedlog odluke o ukidanju statusa javnog dobra u općoj uporabi na dijelu čest. zem. 1814 k.o. Kaštel Novi<br />
 &ndash; Izvjestiteljica t. 4. do t. 6.: Marija Pelivan, pročelnica Upravnog odjela za komunalno gospodarstvo i imovinsko&nbsp; pravne poslove</li>
<li>Prijedlog odluke o povjeravanju komunalnih djelatnosti iz djelokruga poslova Vlastitog pogona Grada Kaštela za koje isti nema potrebnu opremu<br />
 &ndash; Izvjestitelj: Mili Novak, predsjednik Povjerenstva za provedbu javnog natječaja za povjeravanje komunalnih djelatnosti iz djelokruga poslova Vlastitog pogona Grada Kaštela za koje isti nema potrebnu opremu</li>
<li>Prijedlozi odluka o dodjeli javnih priznanja Grada Kaštela za 2015. g.</li>
<li>Prijedlog odluke o dodjeli i visini novčane nagrade dobitnicima javnih priznanja za 2015. g.<br />
 &ndash; Izvjestitelj t. 8. i t. 9.: Denis Ivanović, predsjednik Komisije za dodjelu javnih priznanja</li>
</ol>
<p>&nbsp;</p>
<p style="text-align: right;"><strong>Predsjednik Gradskog vijeća</strong></p>
<p style="text-align: right;">Denis Ivanović, dipl.ing.,v.r.</p>
<p style="text-align: left;"><strong>&nbsp; &nbsp; &nbsp; &nbsp; &nbsp; &nbsp; &nbsp; &nbsp; &nbsp; &nbsp; &nbsp; &nbsp; &nbsp; &nbsp; &nbsp; &nbsp; &nbsp; &nbsp; &nbsp; &nbsp; &nbsp; &nbsp; &nbsp; &nbsp; &nbsp; &nbsp; &nbsp;</strong></p>
<hr />
</div>
