{"id":8340,"date":"2015-12-22T09:40:00","date_gmt":"2015-12-22T08:40:00","guid":{"rendered":"https:\/\/kastela.hr\/en\/gradsko-vijece\/19-sjednica-gradskog-vijeca-grada-kastela\/"},"modified":"2024-11-28T14:53:16","modified_gmt":"2024-11-28T13:53:16","slug":"19-sjednica-gradskog-vijeca-grada-kastela","status":"publish","type":"gradsko-vijece","link":"https:\/\/kastela.hr\/en\/gradsko-vijece\/mandatno-razdoblje-2013-2017\/19-sjednica-gradskog-vijeca-grada-kastela\/","title":{"rendered":"19. Sjednica Gradskog vije\u0107a Grada Ka\u0161tela"},"content":{"rendered":"<div class=\"article\">\n<h1>&nbsp;<\/h1>\n<p>&nbsp;<\/p>\n<p><strong>&nbsp; &nbsp; &nbsp; &nbsp; &nbsp; &nbsp; REPUBLIKA HRVATSKA <\/strong><br \/>\n<strong>&nbsp; &nbsp;SPLITSKO-DALMATINSKA \u017dUPANIJA <\/strong><br \/>\n<strong>&nbsp; &nbsp; &nbsp; &nbsp; &nbsp; &nbsp; &nbsp; &nbsp; &nbsp; &nbsp;GRAD KA\u0160TELA <\/strong><br \/>\n<strong>&nbsp; &nbsp; &nbsp; &nbsp; &nbsp; G R A D S K O &nbsp; V I J E \u0106 E<\/strong><\/p>\n<p>KLASA: 021-05\/15-01\/0008<br \/>\nURBROJ: 2134\/01-01\/3-15-1<br \/>\nKa\u0161tel Su\u0107urac, 17. prosinca 2015. g.<\/p>\n<p>Na temelju \u010dlanka 74. stavak 1. Poslovnika Gradskog vije\u0107a Grada Ka\u0161tela (&ldquo;Slu\u017ebeni glasnik Grada Ka\u0161tela&rdquo;, broj 9\/09, 7\/10, 6\/13 i 13\/14) sazivam<\/p>\n<p>&nbsp;<\/p>\n<p><strong>&nbsp; &nbsp; &nbsp; &nbsp; &nbsp; &nbsp; &nbsp; &nbsp; &nbsp; &nbsp; &nbsp; &nbsp; &nbsp; &nbsp; &nbsp;19. sjednicu Gradskog vije\u0107a Grada Ka\u0161tela<br \/>\nza dan 22. prosinca (utorak) 2015. g. u 11, 30 sati u Gradskoj vije\u0107nici<\/strong><\/p>\n<p>&nbsp;<\/p>\n<p>Za sjednicu predla\u017eem sljede\u0107i<\/p>\n<p>&nbsp;<\/p>\n<p style=\"text-align: center;\"><strong>D n e v n i &nbsp; r e d:<\/strong><\/p>\n<ol>\n<li>Usvajanje Zapisnika sa 18. sjednice Gradskog vije\u0107a<\/li>\n<li>Prijedlog Akcijskog plana energetske u\u010dinkovitosti na podru\u010dju Grada Ka\u0161tela za razdoblje 2016. &ndash; 2018. godine<br \/>\n &ndash;&nbsp;Akcijski plan energetske u\u010dinkovitosti Grada Ka\u0161tela 2016 &ndash; 2018<br \/>\n &ndash; Izvjestitelj: Marko Matosovi\u0107, predstavnik izra\u0111iva\u010da plana, Energetski institut Hrvoje Po\u017ear<\/li>\n<li>Prijedlog odluke o dono\u0161enju Urbanisti\u010dkog plana ure\u0111enja Ka\u0161tel Novi &ndash; Ka\u0161tel Stari (UPU br.5)<\/li>\n<li>Prijedlog odluke o dono\u0161enju Urbanisti\u010dkog plana ure\u0111enja Ka\u0161tel Luk\u0161i\u0107 &ndash; Ka\u0161tel Kambelovac 2 (UPU br.10)<\/li>\n<li>Prijedlog odluke o dono\u0161enju Urbanisti\u010dkog plana ure\u0111enja Ka\u0161tel Kambelovac &ndash; sjever (UPU br.11)<\/li>\n<li>Prijedlog odluke o dono\u0161enju Urbanisti\u010dkog plana ure\u0111enja Ka\u0161tel Kambelovac Centar (UPU br.12)<\/li>\n<li>Prijedlog odluke o dono\u0161enju Urbanisti\u010dkog plana ure\u0111enja Ka\u0161tel Kambelovac Centar 2 (UPU br.13)<\/li>\n<li>Prijedlog odluke o dono\u0161enju Urbanisti\u010dkog plana ure\u0111enja Ka\u0161tel Gomilica sjever (UPU br.15)<br \/>\n &ndash; Izvjestitelj t.3. do t. 8.: predstavnik izra\u0111iva\u010da plana, &ldquo;3E PROJEKTI&rdquo; d.o.o. Zagreb<\/li>\n<li>Vije\u0107ni\u010dka pitanja i prijedlozi<\/li>\n<li>Prijedlog Lokalnog programa za mlade Grada Ka\u0161tela za period 2016.g.-2018. g.<\/li>\n<li>Prijedlog odluke o planu raspodjele financijskih potpora za programe i projekte u socijalnoj skrbi i zdravstvenoj za\u0161titi Grada Ka\u0161tela u 2016. godini<\/li>\n<li>Prijedlog odluke o raspodjeli financijskih potpora za programe i projekte u tehni\u010dkoj kulturi Grada Ka\u0161tela u 2016. godini<\/li>\n<li>Prijedlog odluke o planu raspodjele financijskih potpora za projekte u kulturi Grada Ka\u0161tela za 2016. godinu<\/li>\n<li>Prijedlog odluke o Planu raspodjele financijskih potpora za programe i projekte udruga gra\u0111ana Grada Ka\u0161tela u 2016. godinu<br \/>\n &ndash; Izvjestiteljica t.10. do t. 14.: Sandra Zoki\u0107, pro\u010delnica Upravnog odjela za dru\u0161tvene djelatnosti i op\u0107e poslove<\/li>\n<li>Prijedlog odluke o raspore\u0111ivanju sredstava za financiranje politi\u010dkih stranaka i \u010dlanova izabranih s liste grupe bira\u010da za 2016. godinu<br \/>\n &ndash; Izvjestiteljica: Sanda Jakus, pro\u010delnica Upravnog odjela za poslove Gradona\u010delnika i Gradskog vije\u0107a<\/li>\n<li>Prijedlog odluke o izmjenama i dopuni Odluke o uvjetima i na\u010dinu dr\u017eanja ku\u0107nih ljubimaca, uvjetima i na\u010dinu dr\u017eanja vezanih pasa te postupanju s napu\u0161tenim i izgubljenim \u017eivotinjama<\/li>\n<li>Prijedlog odluke o izmjeni Odluke o komunalnom doprinosu<\/li>\n<li>Prijedlog odluke o ukidanju statusa javnog dobra u op\u0107oj uporabi na dijelu \u010dest. zem. 2493\/5, 2506\/6, 2506\/5 i \u010dest. zem. 2505\/1, 2509 k.o. Ka\u0161tel Su\u0107urac.<br \/>\n &ndash; Izvjestiteljica t. 16. do t. 18.: Marija Pelivan, pro\u010delnica Upravnog odjela za komunalno gospodarstvo i imovinsko&nbsp; pravne poslove<\/li>\n<\/ol>\n<\/div>\n","protected":false},"featured_media":0,"template":"","meta":{"_acf_changed":true},"kategorija-gradskog-vijeca":[62,59],"class_list":["post-8340","gradsko-vijece","type-gradsko-vijece","status-publish","hentry","kategorija-gradskog-vijeca-mandatno-razdoblje-2013-2017","kategorija-gradskog-vijeca-sjednice-gradskog-vijeca"],"acf":[],"_links":{"self":[{"href":"https:\/\/kastela.hr\/en\/wp-json\/wp\/v2\/gradsko-vijece\/8340","targetHints":{"allow":["GET"]}}],"collection":[{"href":"https:\/\/kastela.hr\/en\/wp-json\/wp\/v2\/gradsko-vijece"}],"about":[{"href":"https:\/\/kastela.hr\/en\/wp-json\/wp\/v2\/types\/gradsko-vijece"}],"wp:attachment":[{"href":"https:\/\/kastela.hr\/en\/wp-json\/wp\/v2\/media?parent=8340"}],"wp:term":[{"taxonomy":"kategorija-gradskog-vijeca","embeddable":true,"href":"https:\/\/kastela.hr\/en\/wp-json\/wp\/v2\/kategorija-gradskog-vijeca?post=8340"}],"curies":[{"name":"wp","href":"https:\/\/api.w.org\/{rel}","templated":true}]}}

19. Sjednica Gradskog vijeća Grada Kaštela

<div class="article">
<h1>&nbsp;</h1>
<p>&nbsp;</p>
<p><strong>&nbsp; &nbsp; &nbsp; &nbsp; &nbsp; &nbsp; REPUBLIKA HRVATSKA </strong><br />
<strong>&nbsp; &nbsp;SPLITSKO-DALMATINSKA ŽUPANIJA </strong><br />
<strong>&nbsp; &nbsp; &nbsp; &nbsp; &nbsp; &nbsp; &nbsp; &nbsp; &nbsp; &nbsp;GRAD KAŠTELA </strong><br />
<strong>&nbsp; &nbsp; &nbsp; &nbsp; &nbsp; G R A D S K O &nbsp; V I J E Ć E</strong></p>
<p>KLASA: 021-05/15-01/0008<br />
URBROJ: 2134/01-01/3-15-1<br />
Kaštel Sućurac, 17. prosinca 2015. g.</p>
<p>Na temelju članka 74. stavak 1. Poslovnika Gradskog vijeća Grada Kaštela (&ldquo;Službeni glasnik Grada Kaštela&rdquo;, broj 9/09, 7/10, 6/13 i 13/14) sazivam</p>
<p>&nbsp;</p>
<p><strong>&nbsp; &nbsp; &nbsp; &nbsp; &nbsp; &nbsp; &nbsp; &nbsp; &nbsp; &nbsp; &nbsp; &nbsp; &nbsp; &nbsp; &nbsp;19. sjednicu Gradskog vijeća Grada Kaštela<br />
za dan 22. prosinca (utorak) 2015. g. u 11, 30 sati u Gradskoj vijećnici</strong></p>
<p>&nbsp;</p>
<p>Za sjednicu predlažem sljedeći</p>
<p>&nbsp;</p>
<p style="text-align: center;"><strong>D n e v n i &nbsp; r e d:</strong></p>
<ol>
<li>Usvajanje Zapisnika sa 18. sjednice Gradskog vijeća</li>
<li>Prijedlog Akcijskog plana energetske učinkovitosti na području Grada Kaštela za razdoblje 2016. &ndash; 2018. godine<br />
 &ndash;&nbsp;Akcijski plan energetske učinkovitosti Grada Kaštela 2016 &ndash; 2018<br />
 &ndash; Izvjestitelj: Marko Matosović, predstavnik izrađivača plana, Energetski institut Hrvoje Požar</li>
<li>Prijedlog odluke o donošenju Urbanističkog plana uređenja Kaštel Novi &ndash; Kaštel Stari (UPU br.5)</li>
<li>Prijedlog odluke o donošenju Urbanističkog plana uređenja Kaštel Lukšić &ndash; Kaštel Kambelovac 2 (UPU br.10)</li>
<li>Prijedlog odluke o donošenju Urbanističkog plana uređenja Kaštel Kambelovac &ndash; sjever (UPU br.11)</li>
<li>Prijedlog odluke o donošenju Urbanističkog plana uređenja Kaštel Kambelovac Centar (UPU br.12)</li>
<li>Prijedlog odluke o donošenju Urbanističkog plana uređenja Kaštel Kambelovac Centar 2 (UPU br.13)</li>
<li>Prijedlog odluke o donošenju Urbanističkog plana uređenja Kaštel Gomilica sjever (UPU br.15)<br />
 &ndash; Izvjestitelj t.3. do t. 8.: predstavnik izrađivača plana, &ldquo;3E PROJEKTI&rdquo; d.o.o. Zagreb</li>
<li>Vijećnička pitanja i prijedlozi</li>
<li>Prijedlog Lokalnog programa za mlade Grada Kaštela za period 2016.g.-2018. g.</li>
<li>Prijedlog odluke o planu raspodjele financijskih potpora za programe i projekte u socijalnoj skrbi i zdravstvenoj zaštiti Grada Kaštela u 2016. godini</li>
<li>Prijedlog odluke o raspodjeli financijskih potpora za programe i projekte u tehničkoj kulturi Grada Kaštela u 2016. godini</li>
<li>Prijedlog odluke o planu raspodjele financijskih potpora za projekte u kulturi Grada Kaštela za 2016. godinu</li>
<li>Prijedlog odluke o Planu raspodjele financijskih potpora za programe i projekte udruga građana Grada Kaštela u 2016. godinu<br />
 &ndash; Izvjestiteljica t.10. do t. 14.: Sandra Zokić, pročelnica Upravnog odjela za društvene djelatnosti i opće poslove</li>
<li>Prijedlog odluke o raspoređivanju sredstava za financiranje političkih stranaka i članova izabranih s liste grupe birača za 2016. godinu<br />
 &ndash; Izvjestiteljica: Sanda Jakus, pročelnica Upravnog odjela za poslove Gradonačelnika i Gradskog vijeća</li>
<li>Prijedlog odluke o izmjenama i dopuni Odluke o uvjetima i načinu držanja kućnih ljubimaca, uvjetima i načinu držanja vezanih pasa te postupanju s napuštenim i izgubljenim životinjama</li>
<li>Prijedlog odluke o izmjeni Odluke o komunalnom doprinosu</li>
<li>Prijedlog odluke o ukidanju statusa javnog dobra u općoj uporabi na dijelu čest. zem. 2493/5, 2506/6, 2506/5 i čest. zem. 2505/1, 2509 k.o. Kaštel Sućurac.<br />
 &ndash; Izvjestiteljica t. 16. do t. 18.: Marija Pelivan, pročelnica Upravnog odjela za komunalno gospodarstvo i imovinsko&nbsp; pravne poslove</li>
</ol>
</div>
