{"id":8339,"date":"2015-11-26T09:43:00","date_gmt":"2015-11-26T08:43:00","guid":{"rendered":"https:\/\/kastela.hr\/en\/gradsko-vijece\/18-sjednica-gradskog-vijeca-grada-kastela\/"},"modified":"2024-11-28T15:04:33","modified_gmt":"2024-11-28T14:04:33","slug":"18-sjednica-gradskog-vijeca-grada-kastela","status":"publish","type":"gradsko-vijece","link":"https:\/\/kastela.hr\/en\/gradsko-vijece\/mandatno-razdoblje-2013-2017\/18-sjednica-gradskog-vijeca-grada-kastela\/","title":{"rendered":"18. Sjednica Gradskog vije\u0107a Grada Ka\u0161tela"},"content":{"rendered":"<div class=\"article\">\n<h1>&nbsp;<\/h1>\n<p><strong>&nbsp; &nbsp; &nbsp; &nbsp; &nbsp;<\/strong><\/p>\n<p><strong>&nbsp; &nbsp; &nbsp;<\/strong><strong>&nbsp; &nbsp; &nbsp; REPUBLIKA HRVATSKA<\/strong><br \/>\n<strong>SPLITSKO-DALMATINSKA \u017dUPANIJA<\/strong><br \/>\n<strong>&nbsp;&nbsp;&nbsp;&nbsp;&nbsp;&nbsp;&nbsp;&nbsp;&nbsp;&nbsp;&nbsp;&nbsp;&nbsp;&nbsp;&nbsp;&nbsp; GRAD KA\u0160TELA<\/strong><br \/>\n<strong>&nbsp; &nbsp; &nbsp; &nbsp; &nbsp; G R A D S K O&nbsp; V I J E \u0106 E<\/strong><\/p>\n<p>KLASA: 021-05\/15-01\/0007<br \/>\nURBROJ: 2134\/01-01\/3-14-1<br \/>\nKa\u0161tel Su\u0107urac, 20. studenog 2015. g.<\/p>\n<p>&nbsp;<\/p>\n<p><strong>&nbsp;&nbsp;&nbsp;&nbsp;&nbsp;&nbsp;&nbsp;&nbsp;&nbsp;&nbsp;&nbsp;&nbsp;&nbsp;&nbsp;&nbsp;&nbsp;&nbsp;&nbsp;&nbsp;&nbsp;&nbsp;&nbsp;&nbsp; <\/strong>Na temelju \u010dlanka 74. stavak 1. Poslovnika&nbsp; Gradskog vije\u0107a Grada Ka\u0161tela &nbsp; &nbsp; &nbsp; &nbsp; &nbsp; &nbsp; &nbsp; &nbsp; &nbsp; &nbsp; &nbsp; &nbsp; &nbsp; &nbsp; &nbsp; (&ldquo;Slu\u017ebeni&nbsp;glasnik Grada Ka\u0161tela&rdquo;, broj 9\/09, 7\/10, 6\/13 i 13\/14) sazivam<strong>&nbsp; &nbsp; &nbsp; &nbsp; &nbsp; &nbsp; &nbsp; &nbsp; &nbsp; &nbsp; &nbsp; &nbsp; &nbsp; &nbsp; &nbsp; &nbsp; &nbsp; &nbsp; &nbsp;<\/strong><\/p>\n<p><strong>&nbsp; &nbsp; &nbsp; &nbsp; &nbsp; &nbsp; &nbsp; &nbsp; &nbsp; &nbsp; &nbsp; &nbsp; &nbsp; &nbsp; &nbsp; &nbsp; &nbsp; &nbsp; &nbsp; &nbsp; &nbsp; &nbsp;18. sjednicu Gradskog vije\u0107a Grada Ka\u0161tela<\/strong><\/p>\n<p><strong>&nbsp; &nbsp; &nbsp; &nbsp; &nbsp; &nbsp; &nbsp;za dan 26. studenog (\u010detvrtak) 2015. g. u 12,00 sati u Gradskoj vije\u0107nici <\/strong><\/p>\n<p><strong>&nbsp;<\/strong><\/p>\n<p><strong>&nbsp;<\/strong>Za sjednicu predla\u017eem sljede\u0107i:<\/p>\n<p><strong>&nbsp; &nbsp; &nbsp; &nbsp; &nbsp; &nbsp; &nbsp; &nbsp; &nbsp; &nbsp; &nbsp; &nbsp; &nbsp; &nbsp; &nbsp; &nbsp; &nbsp; &nbsp; &nbsp; &nbsp; &nbsp; &nbsp; &nbsp; &nbsp; &nbsp; &nbsp; &nbsp; &nbsp; &nbsp; &nbsp; &nbsp; &nbsp; &nbsp; D n e v n i &nbsp;r e d:<\/strong><\/p>\n<p>&nbsp;<\/p>\n<ol>\n<li>Usvajanje Zapisnika sa 17. sjednice Gradskog vije\u0107a<\/li>\n<li>Vije\u0107ni\u010dka pitanja i prijedlozi<\/li>\n<li>Prijedlog II izmjena i dopuna Prora\u010duna Grada Ka\u0161tela za 2015. godinu&nbsp; i projekcija za 2016. i 2017. g.<br \/>\n &ndash; Izvjestiteljica: Matija Marija \u0110iki\u0107, pro\u010delnica Upravnog odjela za prora\u010dun, financije i javnu nabavu<\/li>\n<li>Prijedlog izmjena i dopuna Programa odr\u017eavanja komunalne infrastrukture u Gradu Ka\u0161tela za 2015. godinu<br \/>\n &ndash; Izvjestiteljica: Marija Pelivan, pro\u010delnica Upravnog odjela za komunalno gospodarstvo i imovinsko pravne poslove<\/li>\n<li>Prijedlog Prora\u010duna Grada Ka\u0161tela za 2016. g. i projekcije za 2017. i 2018. godinu<\/li>\n<li>Prijedlog odluke o izvr\u0161avanju Prora\u010duna Grada Ka\u0161tela za 2016. godinu<br \/>\n &ndash; Izvjestiteljica t. 5. i 6.: Matija Marija \u0110iki\u0107, pro\u010delnica Upravnog odjela za prora\u010dun, financije i javnu &nbsp;nabavu<\/li>\n<li>Prijedlog programa gradnje objekata i ure\u0111aja komunalne infrastrukture u Gradu Ka\u0161tela za 2016. godinu<\/li>\n<li>Prijedlog programa odr\u017eavanja komunalne infrastrukture u Gradu Ka\u0161tela za&nbsp; 2016. godinu&nbsp;<br \/>\n &nbsp; -Izvjestiteljica t. 7. i 8.: Marija Pelivan, pro\u010delnica Upravnog odjela za komunalno gospodarstvo i imovinsko&nbsp; pravne poslove<\/li>\n<li>Prijedlog programa javnih potreba u socijalnoj skrbi i zdravstvenoj za\u0161titi Grada Ka\u0161tela za 2016. godinu<\/li>\n<li>Prijedlog programa javnih potreba u pred\u0161kolskom odgoju Grada Ka\u0161tela za 2016. godinu<\/li>\n<li>Prijedlog programa javnih potreba u sportu Grada Ka\u0161tela za 2016. godinu<\/li>\n<li>Prijedlog programa javnih potreba u tehni\u010dkoj kulturi Grada Ka\u0161tela za 2016. godinu<\/li>\n<li>Prijedlog programa javnih potreba u kulturi Grada Ka\u0161tela za 2016. godinu<\/li>\n<li>Prijedlog programa financiranja javnih potreba udruga gra\u0111ana Grada Ka\u0161tela za 2016. godinu&nbsp;<br \/>\n &nbsp;&nbsp; &ndash; Izvjestiteljica t. 9. do t. 14.: Sandra Zoki\u0107, pro\u010delnica Upravnog odjela za dru\u0161tvene djelatnosti i op\u0107e poslove<\/li>\n<li>Izvje\u0161\u0107e Gradona\u010delnika o radu za razdoblje sije\u010danj-lipanj 2015. g.<br \/>\n &ndash; Izvjestitelj: Ivan Udovi\u010di\u0107, gradona\u010delnik<\/li>\n<li>Prijedlog odluke o izradi Urbanisti\u010dkog plana ure\u0111enja turisti\u010dke zone Ka\u0161tel Su\u0107urac &ndash; Sustipan (UPU-18)&nbsp;<br \/>\n Izvjestitelj: Boris \u0160kara, pro\u010delnik Upravnog odjela za prostorno ure\u0111enje, gradnju i za\u0161titu okoli\u0161a<\/li>\n<li>Prijedlog odluke o jednokratnoj nov\u010danoj pomo\u0107i za roditelje poginulih branitelja Domovinskog rata povodom Bo\u017ei\u0107a<\/li>\n<li>Prijedlog odluke o jednokratnoj nov\u010danoj pomo\u0107i za umirovljenike povodom Bo\u017ei\u0107a<br \/>\n &ndash; Izvjestiteljica t.17. i t.18.: Sandra Zoki\u0107, pro\u010delnica Upravnog odjela za dru\u0161tvene djelatnosti i op\u0107e poslove<\/li>\n<li>Prijedlog izmjena Plana gospodarenja otpadom Grada Ka\u0161tela<br \/>\n &ndash; Izvjestiteljica: Marija Pelivan, pro\u010delnica Upravnog odjela za komunalno gospodarstvo i imovinsko pravne poslove<\/li>\n<li>Prijedlog odluke o davanju odobrenja na Program rada Savjeta mladih sa financijskim planom za 2016.&nbsp;<br \/>\n Izvjestitelj: Ton\u0107i Bosan\u010di\u0107, \u010dlan Savjeta mladih<\/li>\n<li>Prijedlog odluke o izmjenama i dopunama Odluke o reklamiranju na podru\u010dju Grada Ka\u0161tela<\/li>\n<li>Prijedlog odluke o ukidanju statusa javnog dobra u op\u0107oj uporabi na dijelu \u010dest. zem. 1317 (1317\/1) o. K. Gomilica<br \/>\n &ndash; Izvjestiteljica t. 21. i t. 22:. Marija Pelivan, pro\u010delnica Upravnog odjela za komunalno gospodarstvo i imovinsko&nbsp; pravne poslove<\/li>\n<li>Prijedlog odluke o dopuni Odluke o koeficijentima za obra\u010dun pla\u0107e slu\u017ebenika i namje\u0161tenika<br \/>\n &ndash; Izvjestiteljica: Sanda Jakus, pro\u010delnica Upravnog odjela za poslove Gradona\u010delnika i Gradskog vije\u0107a<\/li>\n<li>Prijedlog odluke o izmjeni Odluke o osnivanju sto\u017eera za\u0161tite i spa\u0161avanja Grada Ka\u0161tela<br \/>\n &ndash; Izvjestiteljica: Sandra Zoki\u0107, pro\u010delnica Upravnog odjela za dru\u0161tvene djelatnosti i op\u0107e poslove<\/li>\n<\/ol>\n<p>&nbsp;<\/p>\n<p>Predsjednik Gradskog vije\u0107a<br \/>\nDenis Ivanovi\u0107, dipl. ing. v. r.<\/p>\n<\/div>\n","protected":false},"featured_media":0,"template":"","meta":{"_acf_changed":true},"kategorija-gradskog-vijeca":[62,59],"class_list":["post-8339","gradsko-vijece","type-gradsko-vijece","status-publish","hentry","kategorija-gradskog-vijeca-mandatno-razdoblje-2013-2017","kategorija-gradskog-vijeca-sjednice-gradskog-vijeca"],"acf":[],"_links":{"self":[{"href":"https:\/\/kastela.hr\/en\/wp-json\/wp\/v2\/gradsko-vijece\/8339","targetHints":{"allow":["GET"]}}],"collection":[{"href":"https:\/\/kastela.hr\/en\/wp-json\/wp\/v2\/gradsko-vijece"}],"about":[{"href":"https:\/\/kastela.hr\/en\/wp-json\/wp\/v2\/types\/gradsko-vijece"}],"wp:attachment":[{"href":"https:\/\/kastela.hr\/en\/wp-json\/wp\/v2\/media?parent=8339"}],"wp:term":[{"taxonomy":"kategorija-gradskog-vijeca","embeddable":true,"href":"https:\/\/kastela.hr\/en\/wp-json\/wp\/v2\/kategorija-gradskog-vijeca?post=8339"}],"curies":[{"name":"wp","href":"https:\/\/api.w.org\/{rel}","templated":true}]}}

18. Sjednica Gradskog vijeća Grada Kaštela

<div class="article">
<h1>&nbsp;</h1>
<p><strong>&nbsp; &nbsp; &nbsp; &nbsp; &nbsp;</strong></p>
<p><strong>&nbsp; &nbsp; &nbsp;</strong><strong>&nbsp; &nbsp; &nbsp; REPUBLIKA HRVATSKA</strong><br />
<strong>SPLITSKO-DALMATINSKA ŽUPANIJA</strong><br />
<strong>&nbsp;&nbsp;&nbsp;&nbsp;&nbsp;&nbsp;&nbsp;&nbsp;&nbsp;&nbsp;&nbsp;&nbsp;&nbsp;&nbsp;&nbsp;&nbsp; GRAD KAŠTELA</strong><br />
<strong>&nbsp; &nbsp; &nbsp; &nbsp; &nbsp; G R A D S K O&nbsp; V I J E Ć E</strong></p>
<p>KLASA: 021-05/15-01/0007<br />
URBROJ: 2134/01-01/3-14-1<br />
Kaštel Sućurac, 20. studenog 2015. g.</p>
<p>&nbsp;</p>
<p><strong>&nbsp;&nbsp;&nbsp;&nbsp;&nbsp;&nbsp;&nbsp;&nbsp;&nbsp;&nbsp;&nbsp;&nbsp;&nbsp;&nbsp;&nbsp;&nbsp;&nbsp;&nbsp;&nbsp;&nbsp;&nbsp;&nbsp;&nbsp; </strong>Na temelju članka 74. stavak 1. Poslovnika&nbsp; Gradskog vijeća Grada Kaštela &nbsp; &nbsp; &nbsp; &nbsp; &nbsp; &nbsp; &nbsp; &nbsp; &nbsp; &nbsp; &nbsp; &nbsp; &nbsp; &nbsp; &nbsp; (&ldquo;Službeni&nbsp;glasnik Grada Kaštela&rdquo;, broj 9/09, 7/10, 6/13 i 13/14) sazivam<strong>&nbsp; &nbsp; &nbsp; &nbsp; &nbsp; &nbsp; &nbsp; &nbsp; &nbsp; &nbsp; &nbsp; &nbsp; &nbsp; &nbsp; &nbsp; &nbsp; &nbsp; &nbsp; &nbsp;</strong></p>
<p><strong>&nbsp; &nbsp; &nbsp; &nbsp; &nbsp; &nbsp; &nbsp; &nbsp; &nbsp; &nbsp; &nbsp; &nbsp; &nbsp; &nbsp; &nbsp; &nbsp; &nbsp; &nbsp; &nbsp; &nbsp; &nbsp; &nbsp;18. sjednicu Gradskog vijeća Grada Kaštela</strong></p>
<p><strong>&nbsp; &nbsp; &nbsp; &nbsp; &nbsp; &nbsp; &nbsp;za dan 26. studenog (četvrtak) 2015. g. u 12,00 sati u Gradskoj vijećnici </strong></p>
<p><strong>&nbsp;</strong></p>
<p><strong>&nbsp;</strong>Za sjednicu predlažem sljedeći:</p>
<p><strong>&nbsp; &nbsp; &nbsp; &nbsp; &nbsp; &nbsp; &nbsp; &nbsp; &nbsp; &nbsp; &nbsp; &nbsp; &nbsp; &nbsp; &nbsp; &nbsp; &nbsp; &nbsp; &nbsp; &nbsp; &nbsp; &nbsp; &nbsp; &nbsp; &nbsp; &nbsp; &nbsp; &nbsp; &nbsp; &nbsp; &nbsp; &nbsp; &nbsp; D n e v n i &nbsp;r e d:</strong></p>
<p>&nbsp;</p>
<ol>
<li>Usvajanje Zapisnika sa 17. sjednice Gradskog vijeća</li>
<li>Vijećnička pitanja i prijedlozi</li>
<li>Prijedlog II izmjena i dopuna Proračuna Grada Kaštela za 2015. godinu&nbsp; i projekcija za 2016. i 2017. g.<br />
 &ndash; Izvjestiteljica: Matija Marija Đikić, pročelnica Upravnog odjela za proračun, financije i javnu nabavu</li>
<li>Prijedlog izmjena i dopuna Programa održavanja komunalne infrastrukture u Gradu Kaštela za 2015. godinu<br />
 &ndash; Izvjestiteljica: Marija Pelivan, pročelnica Upravnog odjela za komunalno gospodarstvo i imovinsko pravne poslove</li>
<li>Prijedlog Proračuna Grada Kaštela za 2016. g. i projekcije za 2017. i 2018. godinu</li>
<li>Prijedlog odluke o izvršavanju Proračuna Grada Kaštela za 2016. godinu<br />
 &ndash; Izvjestiteljica t. 5. i 6.: Matija Marija Đikić, pročelnica Upravnog odjela za proračun, financije i javnu &nbsp;nabavu</li>
<li>Prijedlog programa gradnje objekata i uređaja komunalne infrastrukture u Gradu Kaštela za 2016. godinu</li>
<li>Prijedlog programa održavanja komunalne infrastrukture u Gradu Kaštela za&nbsp; 2016. godinu&nbsp;<br />
 &nbsp; -Izvjestiteljica t. 7. i 8.: Marija Pelivan, pročelnica Upravnog odjela za komunalno gospodarstvo i imovinsko&nbsp; pravne poslove</li>
<li>Prijedlog programa javnih potreba u socijalnoj skrbi i zdravstvenoj zaštiti Grada Kaštela za 2016. godinu</li>
<li>Prijedlog programa javnih potreba u predškolskom odgoju Grada Kaštela za 2016. godinu</li>
<li>Prijedlog programa javnih potreba u sportu Grada Kaštela za 2016. godinu</li>
<li>Prijedlog programa javnih potreba u tehničkoj kulturi Grada Kaštela za 2016. godinu</li>
<li>Prijedlog programa javnih potreba u kulturi Grada Kaštela za 2016. godinu</li>
<li>Prijedlog programa financiranja javnih potreba udruga građana Grada Kaštela za 2016. godinu&nbsp;<br />
 &nbsp;&nbsp; &ndash; Izvjestiteljica t. 9. do t. 14.: Sandra Zokić, pročelnica Upravnog odjela za društvene djelatnosti i opće poslove</li>
<li>Izvješće Gradonačelnika o radu za razdoblje siječanj-lipanj 2015. g.<br />
 &ndash; Izvjestitelj: Ivan Udovičić, gradonačelnik</li>
<li>Prijedlog odluke o izradi Urbanističkog plana uređenja turističke zone Kaštel Sućurac &ndash; Sustipan (UPU-18)&nbsp;<br />
 Izvjestitelj: Boris Škara, pročelnik Upravnog odjela za prostorno uređenje, gradnju i zaštitu okoliša</li>
<li>Prijedlog odluke o jednokratnoj novčanoj pomoći za roditelje poginulih branitelja Domovinskog rata povodom Božića</li>
<li>Prijedlog odluke o jednokratnoj novčanoj pomoći za umirovljenike povodom Božića<br />
 &ndash; Izvjestiteljica t.17. i t.18.: Sandra Zokić, pročelnica Upravnog odjela za društvene djelatnosti i opće poslove</li>
<li>Prijedlog izmjena Plana gospodarenja otpadom Grada Kaštela<br />
 &ndash; Izvjestiteljica: Marija Pelivan, pročelnica Upravnog odjela za komunalno gospodarstvo i imovinsko pravne poslove</li>
<li>Prijedlog odluke o davanju odobrenja na Program rada Savjeta mladih sa financijskim planom za 2016.&nbsp;<br />
 Izvjestitelj: Tonći Bosančić, član Savjeta mladih</li>
<li>Prijedlog odluke o izmjenama i dopunama Odluke o reklamiranju na području Grada Kaštela</li>
<li>Prijedlog odluke o ukidanju statusa javnog dobra u općoj uporabi na dijelu čest. zem. 1317 (1317/1) o. K. Gomilica<br />
 &ndash; Izvjestiteljica t. 21. i t. 22:. Marija Pelivan, pročelnica Upravnog odjela za komunalno gospodarstvo i imovinsko&nbsp; pravne poslove</li>
<li>Prijedlog odluke o dopuni Odluke o koeficijentima za obračun plaće službenika i namještenika<br />
 &ndash; Izvjestiteljica: Sanda Jakus, pročelnica Upravnog odjela za poslove Gradonačelnika i Gradskog vijeća</li>
<li>Prijedlog odluke o izmjeni Odluke o osnivanju stožera zaštite i spašavanja Grada Kaštela<br />
 &ndash; Izvjestiteljica: Sandra Zokić, pročelnica Upravnog odjela za društvene djelatnosti i opće poslove</li>
</ol>
<p>&nbsp;</p>
<p>Predsjednik Gradskog vijeća<br />
Denis Ivanović, dipl. ing. v. r.</p>
</div>
