{"id":8338,"date":"2015-09-15T07:49:00","date_gmt":"2015-09-15T05:49:00","guid":{"rendered":"https:\/\/kastela.hr\/en\/gradsko-vijece\/17-sjednica-gradskog-vijeca-grada-kastela\/"},"modified":"2024-11-28T15:05:38","modified_gmt":"2024-11-28T14:05:38","slug":"17-sjednica-gradskog-vijeca-grada-kastela","status":"publish","type":"gradsko-vijece","link":"https:\/\/kastela.hr\/en\/gradsko-vijece\/mandatno-razdoblje-2013-2017\/17-sjednica-gradskog-vijeca-grada-kastela\/","title":{"rendered":"17. Sjednica Gradskog vije\u0107a Grada Ka\u0161tela"},"content":{"rendered":"<div class=\"article\">\n<h1>&nbsp;<\/h1>\n<p>&nbsp;<\/p>\n<p><strong>&nbsp; &nbsp; &nbsp; &nbsp; &nbsp; &nbsp;REPUBLIKA HRVATSKA<\/strong><br \/>\n<strong>SPLITSKO-DALMATINSKA \u017dUPANIJA<\/strong><br \/>\n<strong>&nbsp;&nbsp;&nbsp;&nbsp;&nbsp;&nbsp;&nbsp;&nbsp;&nbsp;&nbsp;&nbsp;&nbsp;&nbsp;&nbsp;&nbsp;&nbsp; GRAD KA\u0160TELA<\/strong><br \/>\n<strong>&nbsp;&nbsp;&nbsp;&nbsp;&nbsp;&nbsp;&nbsp;&nbsp;&nbsp;&nbsp; G R A D S K O&nbsp; V I J E \u0106E<\/strong><\/p>\n<p>KLASA: 021-05\/15-01\/0006<br \/>\nURBROJ: 2134\/01-01\/3-15-1<\/p>\n<p>Ka\u0161tel Su\u0107urac, 9. rujna 2015. g.<\/p>\n<p>&nbsp;<\/p>\n<p>Na temelju \u010dlanka 74. stavak 1. Poslovnika&nbsp; Gradskog vije\u0107a Grada Ka\u0161tela (&ldquo;Slu\u017ebeni&nbsp; glasnik Grada Ka\u0161tela&rdquo;, broj 9\/09, 7\/10, 6\/13 i 13\/14) sazivam<\/p>\n<p>&nbsp;<\/p>\n<p><strong>&nbsp; &nbsp; &nbsp; &nbsp; &nbsp; &nbsp; &nbsp; &nbsp; &nbsp; &nbsp; &nbsp; &nbsp; &nbsp; &nbsp; &nbsp; &nbsp; &nbsp; &nbsp; &nbsp; 17.<\/strong><strong>sjednicu Gradskog vije\u0107a Grada Ka\u0161tela<\/strong><\/p>\n<p><strong>&nbsp; &nbsp; &nbsp; &nbsp; &nbsp; &nbsp; &nbsp; &nbsp; za dan 15. rujna (utorak) 2015. g.&nbsp; u 13,00 sati u Gradskoj vije\u0107nici<\/strong><strong>&nbsp; &nbsp; &nbsp; &nbsp; &nbsp; &nbsp; &nbsp; &nbsp; &nbsp; &nbsp;&nbsp;<\/strong><\/p>\n<p>&nbsp;<\/p>\n<p>Za sjednicu predla\u017eem sljede\u0107i: &nbsp; &nbsp; &nbsp; &nbsp; &nbsp; &nbsp; &nbsp; &nbsp; &nbsp; &nbsp; &nbsp;<strong>&nbsp;&nbsp;&nbsp;&nbsp;&nbsp;&nbsp;&nbsp;&nbsp;&nbsp;<\/strong><\/p>\n<p><strong>&nbsp; &nbsp; &nbsp; &nbsp; &nbsp; &nbsp; &nbsp; &nbsp; &nbsp; &nbsp; &nbsp; &nbsp; &nbsp; &nbsp; &nbsp; &nbsp; &nbsp; &nbsp;D n e v n i &nbsp; r e d:<\/strong><\/p>\n<p>&nbsp;<\/p>\n<ol>\n<li>Usvajanje Zapisnika sa 16. sjednice Gradskog vije\u0107a<\/li>\n<li>Vije\u0107ni\u010dka pitanja i prijedlozi<\/li>\n<li>Prijedlog odluke o uvjetima i na\u010dinu dr\u017eanja ku\u0107nih ljubimaca, uvjetima i na\u010dinu dr\u017eanja vezanih pasa te postupanju s napu\u0161tenim i izgubljenim \u017eivotinjama<\/li>\n<li>Prijedlog Plana davanja koncesija na podru\u010dju Grada Ka\u0161tela za 2016. godinu<\/li>\n<li>Prijedlog izmjena Srednjoro\u010dnog (trogodi\u0161njeg) plana davanja koncesija na podru\u010dju Grada Ka\u0161tela za razdoblje od 2014. do 2016. godine<br \/>\n &ndash; Izvjestiteljica t. 3. do 5. Marija Pelivan, pro\u010delnica Upravnog odjela za komunalno &nbsp; &nbsp; &nbsp;gospodarstvo i imovinsko pravne poslove<\/li>\n<li>Prijedlog odluke o izmjenama Odluke o gradskim porezima<\/li>\n<li>Polugodi\u0161nji izvje\u0161taj o izvr\u0161enju Prora\u010duna Grada Ka\u0161tela za razdoblje sije\u010danj-lipanj 2015. godine<br \/>\n &ndash; Izvjestiteljica t. 6. i t. 7.: Marija Matija \u0110iki\u0107, pro\u010delnica Upravnog odjela za financije, prora\u010dun i javnu nabavu<\/li>\n<li>Prijedlog odluke o davanju suglasnosti za ulazak Grada Ka\u0161tela u sastav Urbane aglomeracije<br \/>\n &ndash; Izvjestiteljica: Marijana Mi\u0161erda Baji\u0107, savjetnica za EU fondove<\/li>\n<\/ol>\n<p>&nbsp;<\/p>\n<p>Predsjednik Gradskog vije\u0107a<\/p>\n<p>Denis Ivanovi\u0107, dipl. ing. v. r.<\/p>\n<p>&nbsp;<\/p>\n<p>&nbsp;<\/p>\n<\/div>\n","protected":false},"featured_media":0,"template":"","meta":{"_acf_changed":true},"kategorija-gradskog-vijeca":[62,59],"class_list":["post-8338","gradsko-vijece","type-gradsko-vijece","status-publish","hentry","kategorija-gradskog-vijeca-mandatno-razdoblje-2013-2017","kategorija-gradskog-vijeca-sjednice-gradskog-vijeca"],"acf":[],"_links":{"self":[{"href":"https:\/\/kastela.hr\/en\/wp-json\/wp\/v2\/gradsko-vijece\/8338","targetHints":{"allow":["GET"]}}],"collection":[{"href":"https:\/\/kastela.hr\/en\/wp-json\/wp\/v2\/gradsko-vijece"}],"about":[{"href":"https:\/\/kastela.hr\/en\/wp-json\/wp\/v2\/types\/gradsko-vijece"}],"wp:attachment":[{"href":"https:\/\/kastela.hr\/en\/wp-json\/wp\/v2\/media?parent=8338"}],"wp:term":[{"taxonomy":"kategorija-gradskog-vijeca","embeddable":true,"href":"https:\/\/kastela.hr\/en\/wp-json\/wp\/v2\/kategorija-gradskog-vijeca?post=8338"}],"curies":[{"name":"wp","href":"https:\/\/api.w.org\/{rel}","templated":true}]}}

17. Sjednica Gradskog vijeća Grada Kaštela

<div class="article">
<h1>&nbsp;</h1>
<p>&nbsp;</p>
<p><strong>&nbsp; &nbsp; &nbsp; &nbsp; &nbsp; &nbsp;REPUBLIKA HRVATSKA</strong><br />
<strong>SPLITSKO-DALMATINSKA ŽUPANIJA</strong><br />
<strong>&nbsp;&nbsp;&nbsp;&nbsp;&nbsp;&nbsp;&nbsp;&nbsp;&nbsp;&nbsp;&nbsp;&nbsp;&nbsp;&nbsp;&nbsp;&nbsp; GRAD KAŠTELA</strong><br />
<strong>&nbsp;&nbsp;&nbsp;&nbsp;&nbsp;&nbsp;&nbsp;&nbsp;&nbsp;&nbsp; G R A D S K O&nbsp; V I J E ĆE</strong></p>
<p>KLASA: 021-05/15-01/0006<br />
URBROJ: 2134/01-01/3-15-1</p>
<p>Kaštel Sućurac, 9. rujna 2015. g.</p>
<p>&nbsp;</p>
<p>Na temelju članka 74. stavak 1. Poslovnika&nbsp; Gradskog vijeća Grada Kaštela (&ldquo;Službeni&nbsp; glasnik Grada Kaštela&rdquo;, broj 9/09, 7/10, 6/13 i 13/14) sazivam</p>
<p>&nbsp;</p>
<p><strong>&nbsp; &nbsp; &nbsp; &nbsp; &nbsp; &nbsp; &nbsp; &nbsp; &nbsp; &nbsp; &nbsp; &nbsp; &nbsp; &nbsp; &nbsp; &nbsp; &nbsp; &nbsp; &nbsp; 17.</strong><strong>sjednicu Gradskog vijeća Grada Kaštela</strong></p>
<p><strong>&nbsp; &nbsp; &nbsp; &nbsp; &nbsp; &nbsp; &nbsp; &nbsp; za dan 15. rujna (utorak) 2015. g.&nbsp; u 13,00 sati u Gradskoj vijećnici</strong><strong>&nbsp; &nbsp; &nbsp; &nbsp; &nbsp; &nbsp; &nbsp; &nbsp; &nbsp; &nbsp;&nbsp;</strong></p>
<p>&nbsp;</p>
<p>Za sjednicu predlažem sljedeći: &nbsp; &nbsp; &nbsp; &nbsp; &nbsp; &nbsp; &nbsp; &nbsp; &nbsp; &nbsp; &nbsp;<strong>&nbsp;&nbsp;&nbsp;&nbsp;&nbsp;&nbsp;&nbsp;&nbsp;&nbsp;</strong></p>
<p><strong>&nbsp; &nbsp; &nbsp; &nbsp; &nbsp; &nbsp; &nbsp; &nbsp; &nbsp; &nbsp; &nbsp; &nbsp; &nbsp; &nbsp; &nbsp; &nbsp; &nbsp; &nbsp;D n e v n i &nbsp; r e d:</strong></p>
<p>&nbsp;</p>
<ol>
<li>Usvajanje Zapisnika sa 16. sjednice Gradskog vijeća</li>
<li>Vijećnička pitanja i prijedlozi</li>
<li>Prijedlog odluke o uvjetima i načinu držanja kućnih ljubimaca, uvjetima i načinu držanja vezanih pasa te postupanju s napuštenim i izgubljenim životinjama</li>
<li>Prijedlog Plana davanja koncesija na području Grada Kaštela za 2016. godinu</li>
<li>Prijedlog izmjena Srednjoročnog (trogodišnjeg) plana davanja koncesija na području Grada Kaštela za razdoblje od 2014. do 2016. godine<br />
 &ndash; Izvjestiteljica t. 3. do 5. Marija Pelivan, pročelnica Upravnog odjela za komunalno &nbsp; &nbsp; &nbsp;gospodarstvo i imovinsko pravne poslove</li>
<li>Prijedlog odluke o izmjenama Odluke o gradskim porezima</li>
<li>Polugodišnji izvještaj o izvršenju Proračuna Grada Kaštela za razdoblje siječanj-lipanj 2015. godine<br />
 &ndash; Izvjestiteljica t. 6. i t. 7.: Marija Matija Đikić, pročelnica Upravnog odjela za financije, proračun i javnu nabavu</li>
<li>Prijedlog odluke o davanju suglasnosti za ulazak Grada Kaštela u sastav Urbane aglomeracije<br />
 &ndash; Izvjestiteljica: Marijana Mišerda Bajić, savjetnica za EU fondove</li>
</ol>
<p>&nbsp;</p>
<p>Predsjednik Gradskog vijeća</p>
<p>Denis Ivanović, dipl. ing. v. r.</p>
<p>&nbsp;</p>
<p>&nbsp;</p>
</div>
