{"id":8334,"date":"2015-04-08T07:56:00","date_gmt":"2015-04-08T05:56:00","guid":{"rendered":"https:\/\/kastela.hr\/en\/gradsko-vijece\/14-sjednica-gradskog-vijeca-grada-kastela\/"},"modified":"2024-11-28T15:10:30","modified_gmt":"2024-11-28T14:10:30","slug":"14-sjednica-gradskog-vijeca-grada-kastela","status":"publish","type":"gradsko-vijece","link":"https:\/\/kastela.hr\/en\/gradsko-vijece\/mandatno-razdoblje-2013-2017\/14-sjednica-gradskog-vijeca-grada-kastela\/","title":{"rendered":"14. Sjednica Gradskog vije\u0107a Grada Ka\u0161tela"},"content":{"rendered":"<div class=\"article\">\n<h1>Poziv za 14. sjednicu<\/h1>\n<p><a class=\"fancybox\" href=\"https:\/\/kastela.hr\/en\/wp-content\/uploads\/2024\/08\/grbm.jpg\" rel=\"gallery\"><img loading=\"lazy\" decoding=\"async\" alt=\"grbm\" class=\"alignleft size-full wp-image-7273\" height=\"90\" src=\"https:\/\/kastela.hr\/en\/wp-content\/uploads\/2024\/08\/grbm.jpg\" width=\"70\" \/><\/a><\/p>\n<p>&nbsp;<\/p>\n<p>&nbsp;<\/p>\n<p>&nbsp;<\/p>\n<p><strong>&nbsp; &nbsp; &nbsp; &nbsp;&nbsp;<\/strong><\/p>\n<p><strong>&nbsp; &nbsp; &nbsp; &nbsp; &nbsp;REPUBLIKA HRVATSKA<\/strong><br \/>\n<strong>SPLITSKO-DALMATINSKA \u017dUPANIJA<\/strong><br \/>\n<strong>&nbsp; &nbsp; &nbsp; &nbsp; &nbsp; &nbsp; &nbsp; &nbsp; &nbsp; GRAD KA\u0160TELA<\/strong><br \/>\n<strong>&nbsp; &nbsp; &nbsp; &nbsp; &nbsp; &nbsp;G R A D S K O V I J E \u0106 E<\/strong><\/p>\n<p>KLASA: 021-05\/15-01\/0003<br \/>\nURBROJ: 2134\/01-01\/3-15-1<br \/>\nKa\u0161tel Su\u0107urac, 2. travnja&nbsp; 2015. g.<\/p>\n<p>Na temelju \u010dlanka 74. stavak 1. Poslovnika&nbsp; Gradskog vije\u0107a Grada Ka\u0161tela (&ldquo;Slu\u017ebeni glasnik Grada Ka\u0161tela&rdquo;, broj 9\/09, 7\/10, 6\/13 i 13\/14) sazivam<\/p>\n<p><strong>&nbsp; &nbsp; &nbsp; &nbsp; &nbsp; &nbsp; &nbsp; &nbsp; &nbsp; &nbsp; &nbsp; &nbsp; &nbsp; 14. sjednicu Gradskog vije\u0107a Grada Ka\u0161tela<\/strong><br \/>\n<strong>&nbsp; &nbsp; &nbsp;za dan 8. travnja (srijeda) 2015. g.&nbsp; u 12,00 sati u Gradskoj vije\u0107nici<\/strong><strong>&nbsp;<\/strong><\/p>\n<p>Za sjednicu predla\u017eem sljede\u0107i: &nbsp; &nbsp; &nbsp; &nbsp; &nbsp; &nbsp; &nbsp;&nbsp;<strong>&nbsp; &nbsp; &nbsp; &nbsp; &nbsp;<\/strong><\/p>\n<p>\n<strong>D n e v n i &nbsp;r e d:<\/strong><\/p>\n<ol>\n<li>Usvajanje Zapisnika sa 13. sjednice Gradskog vije\u0107a<\/li>\n<li>Vije\u0107ni\u010dka pitanja i prijedlozi<\/li>\n<li>Prijedlog odluke o uskla\u0111enju Procjene ugro\u017eenosti stanovni\u0161tva, materijalnih i kulturnih dobara i okoli\u0161a od katastrofa i velikih nesre\u0107a za Grad Ka\u0161tela- Uskla\u0111enje 1- 14.<br \/>\n &ndash;&nbsp;Procjena ugro\u017eenosti stanovni\u0161tva, materijalnih i kulturnih dobara i okoli\u0161a<br \/>\n &ndash; Prilog A<br \/>\n &ndash;&nbsp;Prilog B<\/li>\n<li>Prijedlog zaklju\u010dka o prihva\u0107anju Financijskog izvje\u0161\u0107a Zajednice \u0161portskih udruga Ka\u0161tela za 2014.godinu.<\/li>\n<li>Prijedlog zaklju\u010dka o usvajanju Detaljnog plana raspodjele financijskih sredstava unutar Programa javnih potreba u \u0161portu&nbsp; za 2015. godinu<\/li>\n<li>Prijedlog odluke o izmjeni Odluke o naknadama \u010dlanova upravnih vije\u0107a ustanova Grada Ka\u0161tela<\/li>\n<li>Prijedlog zaklju\u010dka o odricanju prava prvokupa kulturnog dobra, kat. \u010dest. zgr. 110\/3 ZU K. Gomilica<\/li>\n<li>Plan mre\u017ee dje\u010djih vrti\u0107a na podru\u010dju Grada Ka\u0161tela za pedago\u0161ku godinu za 2015. \/2016.<\/li>\n<li>Prijedlog odluke o izmjeni Odluke o osnivanju Zapovjedni\u0161tva civilne za\u0161tite Grada Ka\u0161tela<br \/>\n Izvjestiteljica t.3. &ndash; t. 9.: Sandra Zoki\u0107, pro\u010delnica Upravnog odjela za dru\u0161tvene djelatnosti i op\u0107e poslove podru\u010dju grada Ka\u0161tela<\/li>\n<li>Prijedlog odluke o povjeravanju komunalnih poslova opskrbe elektri\u010dnom energijom za javnu rasvjetu na podru\u010dju Grada Ka\u0161tela<\/li>\n<li>Prijedlog&nbsp;odluke o pristupanju u lokalnu akcijsku grupu&rdquo; Kamen i more&rdquo;<\/li>\n<li>Prijedlog odluke o stavljanju izvan snage Odluke o sudjelovanju u osnivanju lokalne akcijske grupe &ldquo;Jadro&rdquo;<br \/>\n Izvjestitelj t. 10. &ndash; t. 12.: Mili Novak, zamjenik gradona\u010delnika<\/li>\n<li>Izvje\u0161\u0107e o izvr\u0161enju programa gradnje objekata i ure\u0111aja komunalne infrastrukture u Gradu Ka\u0161tela za 2014.g.<\/li>\n<li>Izvje\u0161\u0107e o izvr\u0161enju Programa odr\u017eavanja komunalne infrastrukture Grada Ka\u0161tela za 2014. godinu<\/li>\n<li>Prijedlog izmjena i dopuna Programa gradnje objekata&nbsp; i ure\u0111aja komunalne infrastrukture u Gradu Ka\u0161tela za 2015. godinu<br \/>\n Izvjestitelj t.13. &ndash; t.15. : Antonio Bartulovi\u0107, privremeni pro\u010delnik Upravnog odjela za komunalno gospodarstvo i imovinsko &ndash; pravne poslove<\/li>\n<li>Godi\u0161nji izvje\u0161taj o izvr\u0161enju Prora\u010duna Grada Ka\u0161tela za 2014. godinu<br \/>\n Izvjestiteljica: Marija Matija \u0110iki\u0107, pro\u010delnica Upravnog odjela za financije, prora\u010dun i javnu nabavu<\/li>\n<li>Izvje\u0161\u0107e Gradona\u010delnika o radu za razdoblje srpanj-prosinac 2014. godine<br \/>\n Izvjestitelj: Ivan Udovi\u010di\u0107, Gradona\u010delnik<\/li>\n<li>Izvje\u0161\u0107e o radu Savjeta mladih Grada Ka\u0161tela za 2014.godinu<br \/>\n Izvjestitelj: Ivan \u010culi\u0107, \u010dlan Savjeta mladih<\/li>\n<\/ol>\n<p>Predsjednik Gradskog vije\u0107a<br \/>\nDenis Ivanovi\u0107, dipl. ing. v. r.<\/p>\n<\/div>\n","protected":false},"featured_media":8335,"template":"","meta":{"_acf_changed":true},"kategorija-gradskog-vijeca":[62,59],"class_list":["post-8334","gradsko-vijece","type-gradsko-vijece","status-publish","has-post-thumbnail","hentry","kategorija-gradskog-vijeca-mandatno-razdoblje-2013-2017","kategorija-gradskog-vijeca-sjednice-gradskog-vijeca"],"acf":[],"_links":{"self":[{"href":"https:\/\/kastela.hr\/en\/wp-json\/wp\/v2\/gradsko-vijece\/8334","targetHints":{"allow":["GET"]}}],"collection":[{"href":"https:\/\/kastela.hr\/en\/wp-json\/wp\/v2\/gradsko-vijece"}],"about":[{"href":"https:\/\/kastela.hr\/en\/wp-json\/wp\/v2\/types\/gradsko-vijece"}],"wp:featuredmedia":[{"embeddable":true,"href":"https:\/\/kastela.hr\/en\/wp-json\/wp\/v2\/media\/8335"}],"wp:attachment":[{"href":"https:\/\/kastela.hr\/en\/wp-json\/wp\/v2\/media?parent=8334"}],"wp:term":[{"taxonomy":"kategorija-gradskog-vijeca","embeddable":true,"href":"https:\/\/kastela.hr\/en\/wp-json\/wp\/v2\/kategorija-gradskog-vijeca?post=8334"}],"curies":[{"name":"wp","href":"https:\/\/api.w.org\/{rel}","templated":true}]}}

14. Sjednica Gradskog vijeća Grada Kaštela

<div class="article">
<h1>Poziv za 14. sjednicu</h1>
<p><a class="fancybox" href="https://kastela.hr/en/wp-content/uploads/2024/08/grbm.jpg" rel="gallery"><img loading="lazy" decoding="async" alt="grbm" class="alignleft size-full wp-image-7273" height="90" src="https://kastela.hr/en/wp-content/uploads/2024/08/grbm.jpg" width="70" /></a></p>
<p>&nbsp;</p>
<p>&nbsp;</p>
<p>&nbsp;</p>
<p><strong>&nbsp; &nbsp; &nbsp; &nbsp;&nbsp;</strong></p>
<p><strong>&nbsp; &nbsp; &nbsp; &nbsp; &nbsp;REPUBLIKA HRVATSKA</strong><br />
<strong>SPLITSKO-DALMATINSKA ŽUPANIJA</strong><br />
<strong>&nbsp; &nbsp; &nbsp; &nbsp; &nbsp; &nbsp; &nbsp; &nbsp; &nbsp; GRAD KAŠTELA</strong><br />
<strong>&nbsp; &nbsp; &nbsp; &nbsp; &nbsp; &nbsp;G R A D S K O V I J E Ć E</strong></p>
<p>KLASA: 021-05/15-01/0003<br />
URBROJ: 2134/01-01/3-15-1<br />
Kaštel Sućurac, 2. travnja&nbsp; 2015. g.</p>
<p>Na temelju članka 74. stavak 1. Poslovnika&nbsp; Gradskog vijeća Grada Kaštela (&ldquo;Službeni glasnik Grada Kaštela&rdquo;, broj 9/09, 7/10, 6/13 i 13/14) sazivam</p>
<p><strong>&nbsp; &nbsp; &nbsp; &nbsp; &nbsp; &nbsp; &nbsp; &nbsp; &nbsp; &nbsp; &nbsp; &nbsp; &nbsp; 14. sjednicu Gradskog vijeća Grada Kaštela</strong><br />
<strong>&nbsp; &nbsp; &nbsp;za dan 8. travnja (srijeda) 2015. g.&nbsp; u 12,00 sati u Gradskoj vijećnici</strong><strong>&nbsp;</strong></p>
<p>Za sjednicu predlažem sljedeći: &nbsp; &nbsp; &nbsp; &nbsp; &nbsp; &nbsp; &nbsp;&nbsp;<strong>&nbsp; &nbsp; &nbsp; &nbsp; &nbsp;</strong></p>
<p>
<strong>D n e v n i &nbsp;r e d:</strong></p>
<ol>
<li>Usvajanje Zapisnika sa 13. sjednice Gradskog vijeća</li>
<li>Vijećnička pitanja i prijedlozi</li>
<li>Prijedlog odluke o usklađenju Procjene ugroženosti stanovništva, materijalnih i kulturnih dobara i okoliša od katastrofa i velikih nesreća za Grad Kaštela- Usklađenje 1- 14.<br />
 &ndash;&nbsp;Procjena ugroženosti stanovništva, materijalnih i kulturnih dobara i okoliša<br />
 &ndash; Prilog A<br />
 &ndash;&nbsp;Prilog B</li>
<li>Prijedlog zaključka o prihvaćanju Financijskog izvješća Zajednice športskih udruga Kaštela za 2014.godinu.</li>
<li>Prijedlog zaključka o usvajanju Detaljnog plana raspodjele financijskih sredstava unutar Programa javnih potreba u športu&nbsp; za 2015. godinu</li>
<li>Prijedlog odluke o izmjeni Odluke o naknadama članova upravnih vijeća ustanova Grada Kaštela</li>
<li>Prijedlog zaključka o odricanju prava prvokupa kulturnog dobra, kat. čest. zgr. 110/3 ZU K. Gomilica</li>
<li>Plan mreže dječjih vrtića na području Grada Kaštela za pedagošku godinu za 2015. /2016.</li>
<li>Prijedlog odluke o izmjeni Odluke o osnivanju Zapovjedništva civilne zaštite Grada Kaštela<br />
 Izvjestiteljica t.3. &ndash; t. 9.: Sandra Zokić, pročelnica Upravnog odjela za društvene djelatnosti i opće poslove području grada Kaštela</li>
<li>Prijedlog odluke o povjeravanju komunalnih poslova opskrbe električnom energijom za javnu rasvjetu na području Grada Kaštela</li>
<li>Prijedlog&nbsp;odluke o pristupanju u lokalnu akcijsku grupu&rdquo; Kamen i more&rdquo;</li>
<li>Prijedlog odluke o stavljanju izvan snage Odluke o sudjelovanju u osnivanju lokalne akcijske grupe &ldquo;Jadro&rdquo;<br />
 Izvjestitelj t. 10. &ndash; t. 12.: Mili Novak, zamjenik gradonačelnika</li>
<li>Izvješće o izvršenju programa gradnje objekata i uređaja komunalne infrastrukture u Gradu Kaštela za 2014.g.</li>
<li>Izvješće o izvršenju Programa održavanja komunalne infrastrukture Grada Kaštela za 2014. godinu</li>
<li>Prijedlog izmjena i dopuna Programa gradnje objekata&nbsp; i uređaja komunalne infrastrukture u Gradu Kaštela za 2015. godinu<br />
 Izvjestitelj t.13. &ndash; t.15. : Antonio Bartulović, privremeni pročelnik Upravnog odjela za komunalno gospodarstvo i imovinsko &ndash; pravne poslove</li>
<li>Godišnji izvještaj o izvršenju Proračuna Grada Kaštela za 2014. godinu<br />
 Izvjestiteljica: Marija Matija Đikić, pročelnica Upravnog odjela za financije, proračun i javnu nabavu</li>
<li>Izvješće Gradonačelnika o radu za razdoblje srpanj-prosinac 2014. godine<br />
 Izvjestitelj: Ivan Udovičić, Gradonačelnik</li>
<li>Izvješće o radu Savjeta mladih Grada Kaštela za 2014.godinu<br />
 Izvjestitelj: Ivan Čulić, član Savjeta mladih</li>
</ol>
<p>Predsjednik Gradskog vijeća<br />
Denis Ivanović, dipl. ing. v. r.</p>
</div>
