{"id":8333,"date":"2015-02-25T11:04:00","date_gmt":"2015-02-25T10:04:00","guid":{"rendered":"https:\/\/kastela.hr\/en\/gradsko-vijece\/3-tematska-sjednica-gradskog-vijeca-grada-kastela\/"},"modified":"2024-08-28T18:47:55","modified_gmt":"2024-08-28T16:47:55","slug":"3-tematska-sjednica-gradskog-vijeca-grada-kastela","status":"publish","type":"gradsko-vijece","link":"https:\/\/kastela.hr\/en\/gradsko-vijece\/mandatno-razdoblje-2013-2017\/3-tematska-sjednica-gradskog-vijeca-grada-kastela\/","title":{"rendered":"3. Tematska sjednica Gradskog vije\u0107a Grada Ka\u0161tela"},"content":{"rendered":"<p><strong>&nbsp; &nbsp; &nbsp; REPUBLIKA HRVATSKA<\/strong><br \/>\n<b>SPLITSKO-DALMATINSKA \u017dUPANIJA<\/b><br \/>\n<b>&nbsp; &nbsp; &nbsp; &nbsp; &nbsp; &nbsp; &nbsp; GRAD KA\u0160TELA<\/b><br \/>\n<b>&nbsp; &nbsp; &nbsp; &nbsp; G R A D S K O&nbsp; V I J E \u0106E<\/b><\/p>\n<p>KLASA: 021-05\/15-01\/0002<br \/>\nURBROJ: 2134\/01-01\/3-15-1<\/p>\n<p>Ka\u0161tel Su\u0107urac, 18. velja\u010de 2015. g.<\/p>\n<p>Na temelju \u010dlanka 75.&nbsp; Poslovnika&nbsp; Gradskog vije\u0107a Grada Ka\u0161tela (&ldquo;Slu\u017ebeni glasnik Grada Ka\u0161tela&rdquo;, broj 9\/09, 7\/10, 6\/13 i 13\/14) sazivam<b>&nbsp;<\/b><\/p>\n<p align=\"center\"><b>&nbsp;<\/b><\/p>\n<p align=\"center\"><b>&nbsp; &nbsp;3. TEMATSKU SJEDNICU GRADSKOG VIJE\u0106A GRADA KA\u0160TELA<\/b><\/p>\n<p align=\"center\">&ndash; &nbsp; &nbsp; <strong>T<\/strong><b>ema: <\/b><b><i>Turizam u Ka\u0161telima<\/i><\/b><\/p>\n<p align=\"center\"><b>&nbsp;<\/b><b>&nbsp; &nbsp; &nbsp; &nbsp; &nbsp;za dan 25. velja\u010de 2015. g. (srijeda) u 12,00&nbsp; sati u Gradskoj vije\u0107nici<\/b><\/p>\n<p><b>&nbsp; &nbsp; &nbsp; &nbsp; &nbsp; &nbsp; &nbsp; &nbsp;&nbsp;<\/b><\/p>\n<p>Za sjednicu predla\u017eem sljede\u0107i&nbsp; &nbsp; &nbsp; &nbsp; &nbsp; &nbsp; &nbsp; &nbsp; &nbsp; &nbsp; &nbsp; &nbsp; &nbsp; &nbsp; &nbsp; &nbsp; &nbsp; &nbsp; &nbsp; &nbsp;<b>&nbsp; &nbsp; &nbsp; &nbsp; &nbsp;<\/b><\/p>\n<p><b>&nbsp; &nbsp; &nbsp; &nbsp; &nbsp; &nbsp; &nbsp; &nbsp; &nbsp; &nbsp; &nbsp; &nbsp; &nbsp; &nbsp; &nbsp; &nbsp; &nbsp; &nbsp; &nbsp; &nbsp; &nbsp; &nbsp; &nbsp; &nbsp; &nbsp; &nbsp; &nbsp; &nbsp; &nbsp; &nbsp; D n e v n i&nbsp;&nbsp;&nbsp; r e d<\/b><\/p>\n<p>1. Stanje i potencijali turizma u gradu Ka\u0161tela<\/p>\n<p>&ndash; Izvjestitelji: Jo\u0161ko Stella, direktor TZ Splitsko &ndash;&nbsp; dalmatinske \u017eupanije, Nada Mar\u0161i\u0107, direktorica TZ grada Ka\u0161tela i Ivan \u0160uta, ravnatelj Muzeja grada Ka\u0161tela<\/p>\n<p>Predsjednik Gradskog vije\u0107a<br \/>\nDenis Ivanovi\u0107, dipl. ing., v. r.<\/p>\n<p>&nbsp;<\/p>\n<p><i>&nbsp;<\/i><\/p>\n","protected":false},"featured_media":0,"template":"","meta":{"_acf_changed":false},"kategorija-gradskog-vijeca":[62,59],"class_list":["post-8333","gradsko-vijece","type-gradsko-vijece","status-publish","hentry","kategorija-gradskog-vijeca-mandatno-razdoblje-2013-2017","kategorija-gradskog-vijeca-sjednice-gradskog-vijeca"],"acf":[],"_links":{"self":[{"href":"https:\/\/kastela.hr\/en\/wp-json\/wp\/v2\/gradsko-vijece\/8333","targetHints":{"allow":["GET"]}}],"collection":[{"href":"https:\/\/kastela.hr\/en\/wp-json\/wp\/v2\/gradsko-vijece"}],"about":[{"href":"https:\/\/kastela.hr\/en\/wp-json\/wp\/v2\/types\/gradsko-vijece"}],"wp:attachment":[{"href":"https:\/\/kastela.hr\/en\/wp-json\/wp\/v2\/media?parent=8333"}],"wp:term":[{"taxonomy":"kategorija-gradskog-vijeca","embeddable":true,"href":"https:\/\/kastela.hr\/en\/wp-json\/wp\/v2\/kategorija-gradskog-vijeca?post=8333"}],"curies":[{"name":"wp","href":"https:\/\/api.w.org\/{rel}","templated":true}]}}

3. Tematska sjednica Gradskog vijeća Grada Kaštela

<p><strong>&nbsp; &nbsp; &nbsp; REPUBLIKA HRVATSKA</strong><br />
<b>SPLITSKO-DALMATINSKA ŽUPANIJA</b><br />
<b>&nbsp; &nbsp; &nbsp; &nbsp; &nbsp; &nbsp; &nbsp; GRAD KAŠTELA</b><br />
<b>&nbsp; &nbsp; &nbsp; &nbsp; G R A D S K O&nbsp; V I J E ĆE</b></p>
<p>KLASA: 021-05/15-01/0002<br />
URBROJ: 2134/01-01/3-15-1</p>
<p>Kaštel Sućurac, 18. veljače 2015. g.</p>
<p>Na temelju članka 75.&nbsp; Poslovnika&nbsp; Gradskog vijeća Grada Kaštela (&ldquo;Službeni glasnik Grada Kaštela&rdquo;, broj 9/09, 7/10, 6/13 i 13/14) sazivam<b>&nbsp;</b></p>
<p align="center"><b>&nbsp;</b></p>
<p align="center"><b>&nbsp; &nbsp;3. TEMATSKU SJEDNICU GRADSKOG VIJEĆA GRADA KAŠTELA</b></p>
<p align="center">&ndash; &nbsp; &nbsp; <strong>T</strong><b>ema: </b><b><i>Turizam u Kaštelima</i></b></p>
<p align="center"><b>&nbsp;</b><b>&nbsp; &nbsp; &nbsp; &nbsp; &nbsp;za dan 25. veljače 2015. g. (srijeda) u 12,00&nbsp; sati u Gradskoj vijećnici</b></p>
<p><b>&nbsp; &nbsp; &nbsp; &nbsp; &nbsp; &nbsp; &nbsp; &nbsp;&nbsp;</b></p>
<p>Za sjednicu predlažem sljedeći&nbsp; &nbsp; &nbsp; &nbsp; &nbsp; &nbsp; &nbsp; &nbsp; &nbsp; &nbsp; &nbsp; &nbsp; &nbsp; &nbsp; &nbsp; &nbsp; &nbsp; &nbsp; &nbsp; &nbsp;<b>&nbsp; &nbsp; &nbsp; &nbsp; &nbsp;</b></p>
<p><b>&nbsp; &nbsp; &nbsp; &nbsp; &nbsp; &nbsp; &nbsp; &nbsp; &nbsp; &nbsp; &nbsp; &nbsp; &nbsp; &nbsp; &nbsp; &nbsp; &nbsp; &nbsp; &nbsp; &nbsp; &nbsp; &nbsp; &nbsp; &nbsp; &nbsp; &nbsp; &nbsp; &nbsp; &nbsp; &nbsp; D n e v n i&nbsp;&nbsp;&nbsp; r e d</b></p>
<p>1. Stanje i potencijali turizma u gradu Kaštela</p>
<p>&ndash; Izvjestitelji: Joško Stella, direktor TZ Splitsko &ndash;&nbsp; dalmatinske županije, Nada Maršić, direktorica TZ grada Kaštela i Ivan Šuta, ravnatelj Muzeja grada Kaštela</p>
<p>Predsjednik Gradskog vijeća<br />
Denis Ivanović, dipl. ing., v. r.</p>
<p>&nbsp;</p>
<p><i>&nbsp;</i></p>
